000
CXUS54 KOUN 010910
CF6GOK
PRELIMINARY LOCAL CLIMATOLOGICAL DATA (WS FORM: F-6)
STATION: GUTHRIE MUNICIPAL
MONTH: FEBRUARY
YEAR: 2024
LATITUDE: 35 50 N
LONGITUDE: 97 25 W
TEMPERATURE IN F: :PCPN: SNOW: WIND :SUNSHINE: SKY :PK WND
================================================================================
1 2 3 4 5 6A 6B 7 8 9 10 11 12 13 14 15 16 17 18
12Z AVG MX 2MIN
DY MAX MIN AVG DEP HDD CDD WTR SNW DPTH SPD SPD DIR MIN PSBL S-S WX SPD DR
================================================================================
1 74 51 63 23 2 0 T M M 13.3 24 190 M M 1 34 200
2 68 52 60 20 5 0 0.01 M M 12.4 21 170 M M 4 13 29 160
3 61 49 55 15 10 0 0.06 M M 10.5 23 80 M M 5 13 34 170
4 51 43 47 7 18 0 0.32 M M 7.5 15 20 M M 10 1 25 40
5 52 33 43 3 22 0 0.00 0.0 M 5.0 13 30 M M 2 18 21 40
6 62 27 45 5 20 0 0.00 0.0 M 4.4 12 170 M M 2 12 17 170
7 65 46 56 15 9 0 0.00 0.0 M 13.8 24 170 M M 1 36 190
8 68 52 60 19 5 0 0.00 M M 15.0 26 180 M M 0 37 190
9 61 46 54 13 11 0 0.00 M M 9.5 21 210 M M 0 30 210
10 49 37 43 2 22 0 0.00 M M 6.2 15 70 M M 3 22 20
11 39 33 36 -5 29 0 0.34 M M 9.1 17 40 M M 9 1 28 30
12 52 29 41 -1 24 0 0.20 M M 4.8 15 290 M M 3 1 23 300
13 60 30 45 3 20 0 0.00 M M 8.7 17 190 M M 0 26 200
14 68 43 56 14 9 0 0.00 M M 14.8 29 190 M M 0 44 180
15 57 36 47 5 18 0 0.00 M M 6.1 14 10 M M 0 27 10
16 45 30 38 -5 27 0 0.00 M M 11.3 22 20 M M 5 37 10
17 33 20 27 -16 38 0 0.00 M M 7.0 16 30 M M 4 27 20
18 53 18 36 -7 29 0 0.00 M M 6.9 15 240 M M 0 22 200
19 61 35 48 5 17 0 0.00 M M 9.0 21 190 M M 0 28 200
20 44 1 23 -21 42 0 0.00 M M 6.6 22 170 M M 0 31 170
21 M M M M M M M M M 10.1 26 190 M M 0 40 190
22 71 51 61 17 4 0 0.00 M M 8.6 23 200 M M 0 35 210
23 70 34 52 8 13 0 0.00 M M 5.4 20 310 M M 0 32 300
24 75 33 54 9 11 0 0.00 M M 8.1 21 200 M M 0 8 29 190
25 80 51 66 21 0 1 0.00 M M 7.2 20 200 M M 0 29 200
26 89 49 69 24 0 4 0.00 M M 9.4 22 260 M M 0 29 240
27 84 35 60 14 5 0 0.00 0.0 0 14.2 29 250 M M 1 8 46 360
28 47 24 36 -10 29 0 0.00 M M 6.8 21 360 M M 1 35 360
29 53 27 40 -6 25 0 0.19 M M 8.2 22 200 M M 4 1 31 200
================================================================================
SM 1692 1015 464 5 1.12 0.0 259.9 M 55
================================================================================
AV 60.4 36.3 9.0 FASTST M M 2 MAX(MPH)
MISC ----> # 29 190 46 360
================================================================================
NOTES:
# LAST OF SEVERAL OCCURRENCES
COLUMN 17 PEAK WIND IN M.P.H.
PRELIMINARY LOCAL CLIMATOLOGICAL DATA (WS FORM: F-6) , PAGE 2
STATION: GUTHRIE MUNICIPAL
MONTH: FEBRUARY
YEAR: 2024
LATITUDE: 35 50 N
LONGITUDE: 97 25 W
[TEMPERATURE DATA] [PRECIPITATION DATA] SYMBOLS USED IN COLUMN 16
AVERAGE MONTHLY: 48.3 TOTAL FOR MONTH: 1.12 1 = FOG OR MIST
DPTR FM NORMAL: 5.8 DPTR FM NORMAL: -0.13 2 = FOG REDUCING VISIBILITY
HIGHEST: 89 ON 26 GRTST 24HR 0.54 ON 11-12 TO 1/4 MILE OR LESS
LOWEST: 1 ON 20 3 = THUNDER
SNOW, ICE PELLETS, HAIL 4 = ICE PELLETS
TOTAL MONTH: 0.0 INCH 5 = HAIL
GRTST 24HR 0.0 6 = FREEZING RAIN OR DRIZZLE
GRTST DEPTH: 0 7 = DUSTSTORM OR SANDSTORM:
VSBY 1/2 MILE OR LESS
8 = SMOKE OR HAZE
[NO. OF DAYS WITH] [WEATHER - DAYS WITH] 9 = BLOWING SNOW
X = TORNADO
MAX 32 OR BELOW: 0 0.01 INCH OR MORE: 6
MAX 90 OR ABOVE: 0 0.10 INCH OR MORE: 4
MIN 32 OR BELOW: 9 0.50 INCH OR MORE: 0
MIN 0 OR BELOW: 0 1.00 INCH OR MORE: 0
[HDD (BASE 65) ]
TOTAL THIS MO. 464 CLEAR (SCALE 0-3) 21
DPTR FM NORMAL -169 PTCLDY (SCALE 4-7) 6
TOTAL FM JUL 1 2662 CLOUDY (SCALE 8-10) 2
DPTR FM NORMAL -253
[CDD (BASE 65) ]
TOTAL THIS MO. 5
DPTR FM NORMAL 4 [PRESSURE DATA]
TOTAL FM JAN 1 5 HIGHEST SLP 30.54 ON 17
DPTR FM NORMAL 4 LOWEST SLP 29.35 ON 27
[REMARKS]
#FINAL-02-24#