000
CXUS53 KGRB 131431
CF6GRB
PRELIMINARY LOCAL CLIMATOLOGICAL DATA (WS FORM: F-6)
STATION: GREEN BAY WI
MONTH: JANUARY
YEAR: 2024
LATITUDE: 44 28 N
LONGITUDE: 88 8 W
TEMPERATURE IN F: :PCPN: SNOW: WIND :SUNSHINE: SKY :PK WND
================================================================================
1 2 3 4 5 6A 6B 7 8 9 10 11 12 13 14 15 16 17 18
12Z AVG MX 2MIN
DY MAX MIN AVG DEP HDD CDD WTR SNW DPTH SPD SPD DIR MIN PSBL S-S WX SPD DR
================================================================================
1 27 24 26 6 39 0 0.00 0.0 T 9.2 17 260 M M 10 25 230
2 31 24 28 8 37 0 0.00 0.0 T 10.1 18 250 M M 8 27 230
3 35 26 31 11 34 0 T T T 8.0 20 10 M M 10 26 360
4 26 17 22 2 43 0 0.00 0.0 0 5.8 14 260 M M 10 19 330
5 32 25 29 10 36 0 0.00 0.0 0 5.5 15 260 M M 9 19 260
6 34 30 32 13 33 0 0.22 3.1 3 4.0 8 120 M M 10 1 11 120
7 35 28 32 13 33 0 T 0.1 3 4.9 14 270 M M 9 18 18 280
8 34 29 32 13 33 0 T 0.0 3 4.4 12 170 M M 10 1 16 180
9 34 32 33 14 32 0 0.32 3.3 5 18.0 32 20 M M 10 12 42 20
10 33 30 32 13 33 0 T T 5 6.6 16 330 M M 10 26 360
11 32 18 25 7 40 0 0.11 2.6 6 4.6 14 360 M M 10 1 19 350
12 32 24 28 10 37 0 0.57 11.8 6 20.0 43 30 M M 10 12 54 30
13 25 14 20 2 45 0 0.10 1.7 17 15.0 29 10 M M 9 18 38 10
14 14 -2 6 -12 59 0 T T 17 13.4 22 270 M M 5 8 31 270
15 4 -6 -1 -19 66 0 0.00 0.0 17 10.0 16 250 M M 2 22 270
16 2 -9 -3 -21 68 0 0.00 0.0 16 9.3 18 240 M M 1 26 230
17 11 -3 4 -14 61 0 0.00 0.0 14 8.1 14 240 M M 4 21 220
18 12 -3 5 -13 60 0 0.00 0.0 13 5.7 10 300 M M 2 15 350
19 17 6 12 -6 53 0 0.00 0.0 13 10.6 17 320 M M 8 24 330
20 20 2 11 -7 54 0 0.00 0.0 13 9.5 15 270 M M 1 23 300
21 20 0 10 -8 55 0 0.00 0.0 13 10.6 20 210 M M 4 28 190
22 31 20 26 8 39 0 0.00 0.0 10 8.1 16 200 M M 7 26 200
23 33 29 31 13 34 0 0.00 0.0 9 9.4 17 40 M M 10 18 22 40
24 37 32 35 17 30 0 0.00 0.0 7 2.1 8 40 M M 10 128 9 40
25 38 33 36 18 29 0 0.02 0.0 5 3.8 10 30 M M 10 128 14 20
26 36 34 35 17 30 0 0.22 0.0 2 5.9 15 40 M M 10 1 19 30
27 42 33 38 20 27 0 T 0.0 2 3.7 10 350 M M 10 1 13 340
28 36 29 33 15 32 0 0.02 T 2 7.7 15 340 M M 7 1 21 40
29 35 30 33 15 32 0 T 0.0 2 8.4 15 210 M M 9 1 21 250
30 39 34 37 19 28 0 T 0.0 2 6.1 14 360 M M 10 18 16 330
31 42 34 38 20 27 0 0.00 0.0 2 9.1 16 210 M M 5 25 240
================================================================================
SM 879 614 1259 0 1.58 22.6 257.6 M 240
================================================================================
AV 28.4 19.8 8.3 FASTST M M 8 MAX(MPH)
MISC ----> 43 30 54 30
================================================================================
NOTES:
# LAST OF SEVERAL OCCURRENCES
COLUMN 17 PEAK WIND IN M.P.H.
PRELIMINARY LOCAL CLIMATOLOGICAL DATA (WS FORM: F-6) , PAGE 2
STATION: GREEN BAY WI
MONTH: JANUARY
YEAR: 2024
LATITUDE: 44 28 N
LONGITUDE: 88 8 W
[TEMPERATURE DATA] [PRECIPITATION DATA] SYMBOLS USED IN COLUMN 16
AVERAGE MONTHLY: 24.1 TOTAL FOR MONTH: 1.58 1 = FOG OR MIST
DPTR FM NORMAL: 5.8 DPTR FM NORMAL: 0.19 2 = FOG REDUCING VISIBILITY
HIGHEST: 42 ON 31,27 GRTST 24HR 0.57 ON 12-12 TO 1/4 MILE OR LESS
LOWEST: -9 ON 16 3 = THUNDER
SNOW, ICE PELLETS, HAIL 4 = ICE PELLETS
TOTAL MONTH: 23.0 INCHES 5 = HAIL
GRTST 24HR 11.8 ON 12-12 6 = FREEZING RAIN OR DRIZZLE
GRTST DEPTH: 17 ON 15,14 7 = DUSTSTORM OR SANDSTORM:
VSBY 1/2 MILE OR LESS
8 = SMOKE OR HAZE
[NO. OF DAYS WITH] [WEATHER - DAYS WITH] 9 = BLOWING SNOW
X = TORNADO
MAX 32 OR BELOW: 16 0.01 INCH OR MORE: 8
MAX 90 OR ABOVE: 0 0.10 INCH OR MORE: 6
MIN 32 OR BELOW: 26 0.50 INCH OR MORE: 1
MIN 0 OR BELOW: 6 1.00 INCH OR MORE: 0
[HDD (BASE 65) ]
TOTAL THIS MO. 1259 CLEAR (SCALE 0-3) 4
DPTR FM NORMAL -189 PTCLDY (SCALE 4-7) 7
TOTAL FM JUL 1 3566 CLOUDY (SCALE 8-10) 20
DPTR FM NORMAL -715
[CDD (BASE 65) ]
TOTAL THIS MO. 0
DPTR FM NORMAL 0 [PRESSURE DATA]
TOTAL FM JAN 1 0 HIGHEST SLP 30.57 ON 21
DPTR FM NORMAL 0 LOWEST SLP 29.16 ON 9
[REMARKS]
#FINAL-01-24#