000
CXUS53 KGRB 181210
CF6GRB
PRELIMINARY LOCAL CLIMATOLOGICAL DATA (WS FORM: F-6)
STATION: GREEN BAY WI
MONTH: JULY
YEAR: 2020
LATITUDE: 44 28 N
LONGITUDE: 88 8 W
TEMPERATURE IN F: :PCPN: SNOW: WIND :SUNSHINE: SKY :PK WND
================================================================================
1 2 3 4 5 6A 6B 7 8 9 10 11 12 13 14 15 16 17 18
12Z AVG MX 2MIN
DY MAX MIN AVG DEP HDD CDD WTR SNW DPTH SPD SPD DIR MIN PSBL S-S WX SPD DR
================================================================================
1 87 65 76 8 0 11 0.00 0.0 0 3.9 15 50 M M 1 24 50
2 89 62 76 7 0 11 0.00 0.0 0 3.8 13 320 M M 0 1 17 330
3 90 67 79 10 0 14 0.00 0.0 0 4.3 16 50 M M 0 23 40
4 90 67 79 10 0 14 0.00 0.0 0 3.1 12 40 M M 0 18 16 50
5 91 69 80 11 0 15 0.03 0.0 0 3.2 16 360 M M 1 23 260
6 92 69 81 12 0 16 0.74 0.0 0 5.2 26 240 M M 1 138 38 240
7 90 68 79 10 0 14 0.17 0.0 0 3.2 20 230 M M 2 13 30 220
8 89 65 77 8 0 12 0.00 0.0 0 5.3 18 150 M M 0 1 24 160
9 86 68 77 8 0 12 0.54 0.0 0 5.7 28 350 M M 3 138 37 350
10 84 67 76 7 0 11 0.55 0.0 0 8.2 16 330 M M 4 1 23 340
11 85 65 75 6 0 10 0.00 0.0 0 8.2 20 30 M M 2 26 30
12 79 61 70 1 0 5 0.00 0.0 0 6.5 18 40 M M 3 8 24 50
13 82 58 70 1 0 5 0.00 0.0 0 3.3 15 130 M M 0 19 130
14 83 64 74 5 0 9 0.23 0.0 0 8.5 20 150 M M 3 13 28 180
15 73 62 68 -1 0 3 0.46 0.0 0 6.7 20 10 M M 9 13 25 20
16 81 58 70 1 0 5 0.00 0.0 0 3.2 9 210 M M 3 15 250
17 86 64 75 6 0 10 0.00 0.0 0 6.2 13 190 M M 1 18 190
18 87 72 80 11 0 15 0.06 0.0 0 10.7 21 210 M M 3 13 31 200
19 83 68 76 7 0 11 0.02 0.0 0 11.9 22 270 M M 2 3 36 300
20 77 60 69 0 0 4 0.00 0.0 0 6.6 13 110 M M 2 17 120
21 77 57 67 -2 0 2 0.01 0.0 0 6.4 15 130 M M 4 20 150
22 78 67 73 4 0 8 0.00 0.0 0 7.0 16 320 M M 5 1 21 330
23 77 60 69 0 0 4 0.01 0.0 0 6.7 13 360 M M 6 1 17 70
24 83 57 70 1 0 5 0.00 0.0 0 3.9 10 210 M M 1 15 220
25 88 66 77 8 0 12 T 0.0 0 7.9 17 210 M M 0 1 26 200
26 87 74 81 12 0 16 0.07 0.0 0 7.5 16 220 M M 4 38 27 210
27 83 63 73 4 0 8 0.00 0.0 0 8.4 18 290 M M 2 27 280
28 83 61 72 3 0 7 0.28 0.0 0 6.2 16 270 M M 3 1 25 220
29 83 61 72 3 0 7 0.00 0.0 0 2.3 9 320 M M 2 12 15 290
30 79 60 70 1 0 5 0.00 0.0 0 7.3 15 50 M M 3 20 30
31 79 57 68 -1 0 3 0.00 0.0 0 5.5 14 50 M M 0 19 50
================================================================================
SM 2601 1982 0 284 3.17 0.0 186.8 M 70
================================================================================
AV 83.9 63.9 6.0 FASTST M M 2 MAX(MPH)
MISC ----> # 28 350 # 38 240
================================================================================
NOTES:
# LAST OF SEVERAL OCCURRENCES
COLUMN 17 PEAK WIND IN M.P.H.
PRELIMINARY LOCAL CLIMATOLOGICAL DATA (WS FORM: F-6) , PAGE 2
STATION: GREEN BAY WI
MONTH: JULY
YEAR: 2020
LATITUDE: 44 28 N
LONGITUDE: 88 8 W
[TEMPERATURE DATA] [PRECIPITATION DATA] SYMBOLS USED IN COLUMN 16
AVERAGE MONTHLY: 73.9 TOTAL FOR MONTH: 3.17 1 = FOG OR MIST
DPTR FM NORMAL: 4.8 DPTR FM NORMAL: -0.33 2 = FOG REDUCING VISIBILITY
HIGHEST: 92 ON 6 GRTST 24HR 0.74 ON 6- 6 TO 1/4 MILE OR LESS
LOWEST: 57 ON 31,24 3 = THUNDER
SNOW, ICE PELLETS, HAIL 4 = ICE PELLETS
TOTAL MONTH: 0.0 INCH 5 = HAIL
GRTST 24HR 0.0 6 = FREEZING RAIN OR DRIZZLE
GRTST DEPTH: 0 7 = DUSTSTORM OR SANDSTORM:
VSBY 1/2 MILE OR LESS
8 = SMOKE OR HAZE
[NO. OF DAYS WITH] [WEATHER - DAYS WITH] 9 = BLOWING SNOW
X = TORNADO
MAX 32 OR BELOW: 0 0.01 INCH OR MORE: 13
MAX 90 OR ABOVE: 5 0.10 INCH OR MORE: 7
MIN 32 OR BELOW: 0 0.50 INCH OR MORE: 3
MIN 0 OR BELOW: 0 1.00 INCH OR MORE: 0
[HDD (BASE 65) ]
TOTAL THIS MO. 0 CLEAR (SCALE 0-3) 23
DPTR FM NORMAL -23 PTCLDY (SCALE 4-7) 7
TOTAL FM JUL 1 0 CLOUDY (SCALE 8-10) 1
DPTR FM NORMAL -23
[CDD (BASE 65) ]
TOTAL THIS MO. 284
DPTR FM NORMAL 134 [PRESSURE DATA]
TOTAL FM JAN 1 469 HIGHEST SLP 30.20 ON 24
DPTR FM NORMAL 218 LOWEST SLP 29.59 ON 19
[REMARKS]
#FINAL-07-20#