000
CXUS53 KGID 010830
CF6GRI
PRELIMINARY LOCAL CLIMATOLOGICAL DATA (WS FORM: F-6)
STATION: GRAND ISLAND NE
MONTH: SEPTEMBER
YEAR: 2022
LATITUDE: 40 58 N
LONGITUDE: 98 19 W
TEMPERATURE IN F: :PCPN: SNOW: WIND :SUNSHINE: SKY :PK WND
================================================================================
1 2 3 4 5 6A 6B 7 8 9 10 11 12 13 14 15 16 17 18
12Z AVG MX 2MIN
DY MAX MIN AVG DEP HDD CDD WTR SNW DPTH SPD SPD DIR MIN PSBL S-S WX SPD DR
================================================================================
1 93 66 80 8 0 15 0.00 0.0 0 7.4 17 170 M M 0 23 200
2 95 65 80 9 0 15 0.00 0.0 0 7.8 17 180 M M 0 22 10
3 84 55 70 -1 0 5 0.00 0.0 0 8.7 17 40 M M 0 25 30
4 82 47 65 -6 0 0 0.00 0.0 0 3.6 12 130 M M 0 21 110
5 87 62 75 5 0 10 0.00 0.0 0 9.7 16 170 M M 2 128 25 170
6 94 64 79 9 0 14 0.00 0.0 0 7.5 16 200 M M 0 24 190
7 91 61 76 6 0 11 0.00 0.0 0 9.3 17 140 M M 0 23 150
8 96 67 82 12 0 17 0.00 0.0 0 15.7 26 190 M M 0 35 190
9 76 54 65 -4 0 0 0.74 0.0 0 14.7 26 360 M M 5 13 36 360
10 69 51 60 -9 5 0 0.41 0.0 0 7.1 15 350 M M 5 13 20 350
11 79 47 63 -5 2 0 0.00 0.0 0 5.3 12 240 M M 0 17 270
12 87 49 68 0 0 3 0.00 0.0 0 5.3 12 240 M M 0 18 220
13 92 55 74 6 0 9 0.00 0.0 0 8.1 17 170 M M 0 23 160
14 88 64 76 8 0 11 0.00 0.0 0 13.2 22 160 M M 0 29 170
15 91 66 79 12 0 14 T 0.0 0 14.0 24 170 M M 2 3 35 210
16 86 63 75 8 0 10 0.07 0.0 0 8.3 20 290 M M 1 27 280
17 86 63 75 9 0 10 0.02 0.0 0 7.9 30 110 M M 3 3 45 110
18 84 60 72 6 0 7 0.01 0.0 0 7.9 17 30 M M 4 128 22 10
19 98 57 78 12 0 13 0.00 0.0 0 8.4 21 180 M M 2 12 27 200
20 100 69 85 20 0 20 0.00 0.0 0 8.9 18 230 M M 0 24 230
21 71 54 63 -2 2 0 0.03 0.0 0 12.1 25 20 M M 4 3 36 40
22 58 51 55 -9 10 0 0.01 0.0 0 6.3 15 150 M M 6 21 160
23 78 53 66 2 0 1 0.00 0.0 0 11.2 18 240 M M 5 26 180
24 90 48 69 6 0 4 0.00 0.0 0 8.0 21 320 M M 0 27 330
25 81 47 64 1 1 0 0.00 0.0 0 11.1 28 330 M M 1 36 340
26 80 41 61 -1 4 0 0.00 0.0 0 4.6 12 260 M M 0 18 250
27 82 48 65 3 0 0 0.00 0.0 0 7.7 17 40 M M 0 25 30
28 76 41 59 -3 6 0 0.00 0.0 0 8.9 16 150 M M 0 24 140
29 81 48 65 4 0 0 0.00 0.0 0 14.0 22 170 M M 0 31 170
30 85 55 70 9 0 5 0.00 0.0 0 15.4 25 150 M M 0 36 150
================================================================================
SM 2540 1671 30 194 1.29 0.0 278.1 M 40
================================================================================
AV 84.7 55.7 9.3 FASTST M M 1 MAX(MPH)
MISC ----> 30 110 45 110
================================================================================
NOTES:
# LAST OF SEVERAL OCCURRENCES
COLUMN 17 PEAK WIND IN M.P.H.
PRELIMINARY LOCAL CLIMATOLOGICAL DATA (WS FORM: F-6) , PAGE 2
STATION: GRAND ISLAND NE
MONTH: SEPTEMBER
YEAR: 2022
LATITUDE: 40 58 N
LONGITUDE: 98 19 W
[TEMPERATURE DATA] [PRECIPITATION DATA] SYMBOLS USED IN COLUMN 16
AVERAGE MONTHLY: 70.2 TOTAL FOR MONTH: 1.29 1 = FOG OR MIST
DPTR FM NORMAL: 3.6 DPTR FM NORMAL: -0.71 2 = FOG REDUCING VISIBILITY
HIGHEST: 100 ON 20 GRTST 24HR 0.74 ON 9- 9 TO 1/4 MILE OR LESS
LOWEST: 41 ON 28,26 3 = THUNDER
SNOW, ICE PELLETS, HAIL 4 = ICE PELLETS
TOTAL MONTH: 0.0 INCH 5 = HAIL
GRTST 24HR 0.0 6 = FREEZING RAIN OR DRIZZLE
GRTST DEPTH: 0 7 = DUSTSTORM OR SANDSTORM:
VSBY 1/2 MILE OR LESS
8 = SMOKE OR HAZE
[NO. OF DAYS WITH] [WEATHER - DAYS WITH] 9 = BLOWING SNOW
X = TORNADO
MAX 32 OR BELOW: 0 0.01 INCH OR MORE: 7
MAX 90 OR ABOVE: 10 0.10 INCH OR MORE: 2
MIN 32 OR BELOW: 0 0.50 INCH OR MORE: 1
MIN 0 OR BELOW: 0 1.00 INCH OR MORE: 0
[HDD (BASE 65) ]
TOTAL THIS MO. 30 CLEAR (SCALE 0-3) 24
DPTR FM NORMAL -53 PTCLDY (SCALE 4-7) 6
TOTAL FM JUL 1 31 CLOUDY (SCALE 8-10) 0
DPTR FM NORMAL -58
[CDD (BASE 65) ]
TOTAL THIS MO. 194
DPTR FM NORMAL 63 [PRESSURE DATA]
TOTAL FM JAN 1 1406 HIGHEST SLP 30.45 ON 28
DPTR FM NORMAL 267 LOWEST SLP 29.67 ON 8
[REMARKS]
#FINAL-09-22#