000
CXUS53 KGID 020256
CLMGRI
CLIMATE REPORT
NATIONAL WEATHER SERVICE HASTINGS NE
856 PM CST FRI MAR 01 2024
...................................
...THE GRAND ISLAND NE CLIMATE SUMMARY FOR THE MONTH OF FEBRUARY 2024...
CLIMATE NORMAL PERIOD 1991 TO 2020
CLIMATE RECORD PERIOD 1895 TO 2024
WEATHER OBSERVED NORMAL DEPART LAST YEAR`S
VALUE DATE(S) VALUE FROM VALUE DATE(S)
NORMAL
................................................................
TEMPERATURE (F)
RECORD
HIGH 80 02/25/1995
LOW -34 02/12/1899
HIGHEST 78 02/26 65 13 59 02/13
LOWEST 6 02/28 -4 10 -2 02/23
AVG. MAXIMUM 53.6 40.4 13.2 43.2
AVG. MINIMUM 26.4 19.1 7.3 19.3
MEAN 40.0 29.7 10.3 31.3
DAYS MAX >= 90 0 0.0 0.0 0
DAYS MAX <= 32 1 9.8 -8.8 5
DAYS MIN <= 32 25 25.7 -0.7 27
DAYS MIN <= 0 0 2.4 -2.4 2
PRECIPITATION (INCHES)
RECORD
MAXIMUM 4.39 1903
MINIMUM 0.01 2022
TOTALS 0.86 0.74 0.12 0.88
DAILY AVG. 0.03 NAN NAN 0.03
DAYS >= .01 4 5.6 -1.6 7
DAYS >= .10 2 2.2 -0.2 4
DAYS >= .50 1 0.3 0.7 0
DAYS >= 1.00 0 0.0 0.0 0
GREATEST
24 HR. TOTAL 0.83 02/03 TO 02/04
SNOWFALL (INCHES)
RECORDS
TOTAL 29.7 1915
TOTALS 0.3 7.3 -7.0 5.0
SINCE 7/1 22.8 22.3 0.5 MM
DAYS >= 1.0 0 2.2 -2.2 2
GREATEST
SNOW DEPTH MM 4
24 HR TOTAL 0.2 02/16 TO 02/16
DEGREE DAYS
HEATING TOTAL 717 987 -270 937
SINCE 7/1 4057 4616 -559 MM
COOLING TOTAL 0 0 0 0
SINCE 1/1 0 0 0 MM
................................................................
WIND (MPH)
AVERAGE WIND SPEED 11.1
HIGHEST WIND SPEED/DIRECTION 40/340 DATE 02/27
HIGHEST GUST SPEED/DIRECTION 52/350 DATE 02/27
SKY COVER
POSSIBLE SUNSHINE (PERCENT) MM
AVERAGE SKY COVER 0.28
NUMBER OF DAYS FAIR 19
NUMBER OF DAYS PC 7
NUMBER OF DAYS CLOUDY 3
AVERAGE RH (PERCENT) 61
WEATHER CONDITIONS. NUMBER OF DAYS WITH
THUNDERSTORM 0 MIXED PRECIP 0
HEAVY RAIN 0 RAIN 2
LIGHT RAIN 4 FREEZING RAIN 0
LT FREEZING RAIN 0 HAIL 0
HEAVY SNOW 0 SNOW 0
LIGHT SNOW 2 SLEET 0
FOG 7 FOG W/VIS <= 1/4 MILE 4
HAZE 3
- INDICATES NEGATIVE NUMBERS.
R INDICATES RECORD WAS SET OR TIED.
MM INDICATES DATA IS MISSING.
T INDICATES TRACE AMOUNT.
$$