000
CXUS53 KGRR 021124
CF6GRR
PRELIMINARY LOCAL CLIMATOLOGICAL DATA (WS FORM: F-6)

                                          STATION:   GRAND RAPIDS MI
                                          MONTH:     SEPTEMBER
                                          YEAR:      2015
                                          LATITUDE:   42 52 N
                                          LONGITUDE:  85 31 W

  TEMPERATURE IN F:       :PCPN:    SNOW:  WIND      :SUNSHINE: SKY     :PK WND
================================================================================
1   2   3   4   5  6A  6B    7    8   9   10  11  12  13   14  15   16   17  18
                                     12Z  AVG MX 2MIN
DY MAX MIN AVG DEP HDD CDD  WTR  SNW DPTH SPD SPD DIR MIN PSBL S-S WX    SPD DR
================================================================================

 1  88  63  76   8   0  11 0.00  0.0    0  5.4 14 200 573   73   2 18     18 200
 2  89  72  81  13   0  16 0.00  0.0    0  7.6 16 260 632   80   5 18     23 260
 3  83  68  76   8   0  11 0.61  0.0    0  7.7 20 260 318   41   7 138    24 170
 4  80  68  74   7   0   9 0.00  0.0    0  4.9 10 260 168   21   8 18     12 260
 5  83  64  74   7   0   9 0.26  0.0    0  5.0 17 260 377   48   6 1238   20 270
 6  89  66  78  11   0  13 0.00  0.0    0  6.6 15 220 706   91   4 18     21 120
 7  85  72  79  13   0  14    T  0.0    0  7.7 15 260 344   44   6 1      18 260
 8  84  68  76  10   0  11 0.85  0.0    0  9.6 30 270 109   14   9 138    41 270
 9  75  57  66   0   0   1 0.00  0.0    0  4.8 10 320 357   46   6        13 320
10  74  53  64  -1   1   0 0.00  0.0    0  6.5 16 250 263   34   5        20 280
11  69  52  61  -4   4   0 0.01  0.0    0  6.9 17 330 139   18   6        22 330
12  64  46  55  -9  10   0 0.00  0.0    0  7.8 18  10 401   53   6        25  40
13  70  44  57  -7   8   0 0.00  0.0    0  6.2 16 290 606   80   3        21 320
14  78  48  63  -1   2   0 0.00  0.0    0  9.2 20 210 754  100   1        25 210
15  83  58  71   8   0   6 0.00  0.0    0  8.2 15 200 739   98   3        19 200
16  82  56  69   6   0   4 0.00  0.0    0  8.4 17 220 710   95   2        24 190
17  83  56  70   8   0   5    T  0.0    0  9.9 21 190 683   92   4        26 200
18  80  66  73  11   0   8 0.46  0.0    0  6.1 18 170  67    9   9 138    22 190
19  70  50  60  -2   5   0 0.07  0.0    0 11.7 31 140 484   65   6 13     39 140
20  70  47  59  -2   6   0 0.00  0.0    0  2.2  8 150 640   87   6 1      10 150
21  73  46  60  -1   5   0 0.00  0.0    0  4.5 12 180 734  100   1        17 150
22  78  49  64   4   1   0 0.00  0.0    0  3.3  9 190 729  100   1        13 170
23  80  51  66   6   0   1 0.00  0.0    0  3.2 10  50 706   97   3        14  40
24  79  53  66   7   0   1 0.00  0.0    0  6.9 13  90 648   89   6        16  60
25  78  58  68   9   0   3 0.00  0.0    0  9.1 16  80 459   64   6 18     22  70
26  76  57  67   8   0   2 0.00  0.0    0  9.6 18 100 410   57   6 18     21 120
27  73  62  68  10   0   3 0.00  0.0    0  6.7 16 160 160   22   8        21 160
28  78  65  72  14   0   7 0.00  0.0    0  6.9 12 180 113   16   9        14 180
29  69  48  59   2   6   0    T  0.0    0  8.6 22  40  42    6   8 1      27  20
30  63  43  53  -4  12   0 0.00  0.0    0 11.8 22  50 666   94   2        33  30
================================================================================
SM 2326 1706        60 135  2.26     0.0 213.0        13737    154
================================================================================
AV 77.5 56.9                               7.1 FASTST  458  61   5    MAX(MPH)
                                 MISC ---->  # 31 140               # 41  270
================================================================================
NOTES:
# LAST OF SEVERAL OCCURRENCES

COLUMN 17 PEAK WIND IN M.P.H.

PRELIMINARY LOCAL CLIMATOLOGICAL DATA (WS FORM: F-6) , PAGE 2

                                          STATION:  GRAND RAPIDS MI
                                          MONTH:    SEPTEMBER
                                          YEAR:     2015
                                          LATITUDE:   42 52 N
                                          LONGITUDE:  85 31 W

[TEMPERATURE DATA]      [PRECIPITATION DATA]       SYMBOLS USED IN COLUMN 16

AVERAGE MONTHLY: 67.2   TOTAL FOR MONTH:   2.26    1 = FOG OR MIST
DPTR FM NORMAL:   4.4   DPTR FM NORMAL:   -2.02    2 = FOG REDUCING VISIBILITY
HIGHEST:    89 ON  6, 2 GRTST 24HR  0.85 ON  8- 8      TO 1/4 MILE OR LESS
LOWEST:     43 ON 30                               3 = THUNDER
                        SNOW, ICE PELLETS, HAIL    4 = ICE PELLETS
                        TOTAL MONTH:   0.0 INCH    5 = HAIL
                        GRTST 24HR     0.0         6 = FREEZING RAIN OR DRIZZLE
                        GRTST DEPTH:   0           7 = DUSTSTORM OR SANDSTORM:
                                                       VSBY 1/2 MILE OR LESS
                                                   8 = SMOKE OR HAZE
[NO. OF DAYS WITH]      [WEATHER - DAYS WITH]      9 = BLOWING SNOW
                                                   X = TORNADO
MAX 32 OR BELOW:   0    0.01 INCH OR MORE:   6
MAX 90 OR ABOVE:   0    0.10 INCH OR MORE:   4
MIN 32 OR BELOW:   0    0.50 INCH OR MORE:   2
MIN  0 OR BELOW:   0    1.00 INCH OR MORE:   0

[HDD (BASE 65) ]
TOTAL THIS MO.    60    CLEAR  (SCALE 0-3)   9
DPTR FM NORMAL   -72    PTCLDY (SCALE 4-7)  16
TOTAL FM JUL 1    89    CLOUDY (SCALE 8-10)  5
DPTR FM NORMAL   -63

[CDD (BASE 65) ]
TOTAL THIS MO.   135
DPTR FM NORMAL    68    [PRESSURE DATA]
TOTAL FM JAN 1   642    HIGHEST SLP 30.35 ON 26
DPTR FM NORMAL   -50    LOWEST  SLP 29.55 ON 19

[REMARKS]
#FINAL-09-15#
