000
CXUS53 KGRR 011301
CF6GRR
PRELIMINARY LOCAL CLIMATOLOGICAL DATA (WS FORM: F-6)

                                          STATION:   GRAND RAPIDS MI
                                          MONTH:     MARCH
                                          YEAR:      2013
                                          LATITUDE:   42 52 N
                                          LONGITUDE:  85 31 W

  TEMPERATURE IN F:       :PCPN:    SNOW:  WIND      :SUNSHINE: SKY     :PK WND
================================================================================
1   2   3   4   5  6A  6B    7    8   9   10  11  12  13   14  15   16   17  18
                                     12Z  AVG MX 2MIN
DY MAX MIN AVG DEP HDD CDD  WTR  SNW DPTH SPD SPD DIR MIN PSBL S-S WX    SPD DR
================================================================================

 1  31  23  27  -3  38   0    T    T    4  8.5 16  50  94   14   9 6      20  20
 2  29  16  23  -8  42   0    T    T    3  5.8 12 360 317   47   7        14 360
 3  32  17  25  -6  40   0    T    T    3  7.2 16 290 492   72   4        21 290
 4  33  11  22  -9  43   0 0.00  0.0    3  3.1 10 110 620   91   5        12 110
 5  33  19  26  -6  39   0 0.00  0.0    3 14.3 26  40 289   42   7        30  50
 6  40  28  34   2  31   0 0.00  0.0    3  9.4 18  30   0    0  10        24  30
 7  37  27  32   0  33   0    T    T    3  6.7 15 320 222   32   8        17 320
 8  42  19  31  -2  34   0 0.00  0.0    2  3.3  9 210 691   99   0         9 210
 9  42  25  34   1  31   0    T  0.0    2  8.4 20 150  30    4   7        22 160
10  52  41  47  14  18   0 0.28  0.0    0  8.9 18 170   1    0   9 1      22 160
11  53  35  44  10  21   0 0.08    T    0 12.8 29 250  13    2  10 1      35 260
12  36  29  33  -1  32   0 0.04  1.0    T 12.7 18 250  71   10  10 1      24 280
13  33  23  28  -6  37   0    T  0.1    1 13.5 24 320 311   44   5 18     32 310
14  40  20  30  -5  35   0 0.00  0.0    0  6.9 20 250 703   99   4        24 250
15  40  31  36   1  29   0 0.11  0.4    0  9.3 20 250   9    1  10 18     30 250
16  35  26  31  -5  34   0 0.11  1.2    2  9.4 20  50  41    6   8 18     26  40
17  30  23  27  -9  38   0    T    T    0 11.1 20 110 675   94   6        24 110
18  34  21  28  -8  37   0 0.14  0.4    T 13.4 36 260   0    0   8 146    43 250
19  29  21  25 -12  40   0 0.07  2.9    2 18.7 31 250  10    1   9 19     38 250
20  26  11  19 -18  46   0 0.02  0.9    3 11.8 23 270  64    9   7 2      28 270
21  30  13  22 -15  43   0 0.02  0.6    2 11.5 21 280  36    5   9 18     25 270
22  37  26  32  -6  33   0 0.00  0.0    1  9.3 20 250 489   66   7        25 250
23  37  24  31  -7  34   0 0.00  0.0    0  3.7  9  10   8    1   7        12 360
24  37  24  31  -8  34   0 0.00  0.0    0 13.3 28  60  44    6   8        35  70
25  39  31  35  -4  30   0    T    T    0 13.8 23  40   0    0  10        29  50
26  42  31  37  -3  28   0 0.03  0.1    0  8.8 20 290  48    6   9 18     26 350
27  45  30  38  -2  27   0 0.00  0.0    0 11.4 22 270 679   91   4        28 260
28  51  29  40   0  25   0 0.00  0.0    0  8.5 17 260 753  100   2        22 280
29  52  23  38  -3  27   0 0.00  0.0    0  5.7 17 280 753  100   1        23 260
30  56  24  40  -1  25   0 0.00  0.0    0  6.5 15 190 672   89   4 1      20 190
31  49  33  41  -1  24   0 0.04  0.1    0 13.3 30 330  37    5  10 18     36 330
================================================================================
SM 1202  754      1028   0  0.94     7.7 301.0         8172    214
================================================================================
AV 38.8 24.3                               9.7 FASTST  264  37   7    MAX(MPH)
                                 MISC ---->  # 36 260               # 43  250
================================================================================
NOTES:
# LAST OF SEVERAL OCCURRENCES

COLUMN 17 PEAK WIND IN M.P.H.

PRELIMINARY LOCAL CLIMATOLOGICAL DATA (WS FORM: F-6) , PAGE 2

                                          STATION:  GRAND RAPIDS MI
                                          MONTH:    MARCH
                                          YEAR:     2013
                                          LATITUDE:   42 52 N
                                          LONGITUDE:  85 31 W

[TEMPERATURE DATA]      [PRECIPITATION DATA]       SYMBOLS USED IN COLUMN 16

AVERAGE MONTHLY: 31.5   TOTAL FOR MONTH:   0.94    1 = FOG OR MIST
DPTR FM NORMAL:  -4.1   DPTR FM NORMAL:   -1.43    2 = FOG REDUCING VISIBILITY
HIGHEST:    56 ON 30    GRTST 24HR  0.28 ON 10-10      TO 1/4 MILE OR LESS
LOWEST:     11 ON 20, 4                            3 = THUNDER
                        SNOW, ICE PELLETS, HAIL    4 = ICE PELLETS
                        TOTAL MONTH:   7.7 INCHES  5 = HAIL
                        GRTST 24HR   2.9 ON   M    6 = FREEZING RAIN OR DRIZZLE
                        GRTST DEPTH:   4 ON  1     7 = DUSTSTORM OR SANDSTORM:
                                                       VSBY 1/2 MILE OR LESS
                                                   8 = SMOKE OR HAZE
[NO. OF DAYS WITH]      [WEATHER - DAYS WITH]      9 = BLOWING SNOW
                                                   X = TORNADO
MAX 32 OR BELOW:   7    0.01 INCH OR MORE:  11
MAX 90 OR ABOVE:   0    0.10 INCH OR MORE:   4
MIN 32 OR BELOW:  28    0.50 INCH OR MORE:   0
MIN  0 OR BELOW:   0    1.00 INCH OR MORE:   0

[HDD (BASE 65) ]
TOTAL THIS MO.  1028    CLEAR  (SCALE 0-3)   3
DPTR FM NORMAL   118    PTCLDY (SCALE 4-7)  17
TOTAL FM JUL 1  5513    CLOUDY (SCALE 8-10) 11
DPTR FM NORMAL  -174

[CDD (BASE 65) ]
TOTAL THIS MO.     0
DPTR FM NORMAL    -1    [PRESSURE DATA]
TOTAL FM JAN 1     0    HIGHEST SLP 30.53 ON  8
DPTR FM NORMAL    -1    LOWEST  SLP 29.47 ON 11

[REMARKS]
#FINAL-03-13#
