000
CXUS53 KGRR 011017
CF6GRR
PRELIMINARY LOCAL CLIMATOLOGICAL DATA (WS FORM: F-6)

                                          STATION:   GRAND RAPIDS MI
                                          MONTH:     MARCH
                                          YEAR:      2014
                                          LATITUDE:   42 52 N
                                          LONGITUDE:  85 31 W

  TEMPERATURE IN F:       :PCPN:    SNOW:  WIND      :SUNSHINE: SKY     :PK WND
================================================================================
1   2   3   4   5  6A  6B    7    8   9   10  11  12  13   14  15   16   17  18
                                     12Z  AVG MX 2MIN
DY MAX MIN AVG DEP HDD CDD  WTR  SNW DPTH SPD SPD DIR MIN PSBL S-S WX    SPD DR
================================================================================

 1  24  13  19 -11  46   0 0.22  2.4   18  7.6 16 320   0    0  10 18     19 310
 2  17   2  10 -21  55   0 0.03  0.2   20  6.9 16 340 135   20   8 18     20 330
 3  15  -8   4 -27  61   0 0.00  0.0   19  4.4 12  70 680  100   2        13  70
 4  21   8  15 -16  50   0 0.01  0.3   19  6.3 14 190   5    1  10 8      17 190
 5  22  11  17 -15  48   0 0.00  0.0   19 10.2 18  50 372   54   8         M  M
 6  26   4  15 -17  50   0 0.00  0.0   19  9.9 18 110 689  100   2        23 110
 7  46  11  29  -3  36   0 0.00  0.0   19  6.9 17 270 388   56   3 8      21 270
 8  38  20  29  -4  36   0    T    T   17  9.4 17  20  39    6   8 8      24 350
 9  37  11  24  -9  41   0 0.00  0.0   16 11.0 22 220  74   11   5 18     27 220
10  48  34  41   8  24   0 0.00  0.0   16 14.2 26 250 582   83   6 8      31 250
11  46  36  41   7  24   0 0.02    T   13  6.7 18  10   0    0   8 18     23  10
12  36  12  24 -10  41   0 0.21  1.9   11 14.0 23 360 430   61   5 19     31 360
13  28   3  16 -18  49   0 0.00  0.0   11  8.5 18 200 260   37   5        23 200
14  51  25  38   3  27   0    T  0.0   10 17.5 36 240 464   65   5        45 240
15  38  22  30  -5  35   0 0.00  0.0    8 13.2 22 320 587   82   8 8      27 320
16  22   9  16 -20  49   0 0.00  0.0    7 12.4 21  50 718  100   4        27  90
17  31   7  19 -17  46   0 0.00  0.0    7 10.2 17 100 676   94   5        20 100
18  43  21  32  -4  33   0 0.00  0.0    6  9.8 20 110 597   82   5        24 110
19  44  32  38   1  27   0 0.23  0.2    4 12.5 23 270   0    0  10 128    32 260
20  37  25  31  -6  34   0 0.01  0.1    4 12.4 24 280  41   24   8 8      31 280
21  43  21  32  -5  33   0 0.26  0.0    3  8.6 22 130 619   84   4 18     26 110
22  40  23  32  -6  33   0    T    T    2 12.2 22 320 246   33   8 18     27 320
23  26  14  20 -18  45   0    T    T    1  8.0 18  30 506   68   4        23 270
24  28  13  21 -18  44   0    T    T    T  9.4 23 250 598   81   5        29 250
25  28  13  21 -18  44   0 0.05  1.2    1 11.7 26 320 274   37   6 1289   33 310
26  33   7  20 -20  45   0 0.00  0.0    T  6.5 15 150 731   98   5 18     22 190
27  44  33  39  -1  26   0 0.19  0.1    T 13.0 21 170   0    0  10 16     27 170
28  48  31  40   0  25   0 0.31    T    T 12.7 30 240  42    6   9 18     39 240
29  41  28  35  -6  30   0 0.00  0.0    T  9.2 18  50 223   29   8        22  30
30  50  24  37  -4  28   0 0.00  0.0    T  3.0  9 200 751   99   1 18     14 210
31  63  31  47   5  18   0    T  0.0    T 11.5 24 150 597   78   6        33 150
================================================================================
SM 1114  536      1183   0  1.54     6.4 309.8        11324    191
================================================================================
AV 35.9 17.3                              10.0 FASTST  365  51   6    MAX(MPH)
                                 MISC ---->  # 36 240               # 45  240
================================================================================
NOTES:
# LAST OF SEVERAL OCCURRENCES

COLUMN 17 PEAK WIND IN M.P.H.

PRELIMINARY LOCAL CLIMATOLOGICAL DATA (WS FORM: F-6) , PAGE 2

                                          STATION:  GRAND RAPIDS MI
                                          MONTH:    MARCH
                                          YEAR:     2014
                                          LATITUDE:   42 52 N
                                          LONGITUDE:  85 31 W

[TEMPERATURE DATA]      [PRECIPITATION DATA]       SYMBOLS USED IN COLUMN 16

AVERAGE MONTHLY: 26.6   TOTAL FOR MONTH:   1.54    1 = FOG OR MIST
DPTR FM NORMAL:  -9.0   DPTR FM NORMAL:   -0.83    2 = FOG REDUCING VISIBILITY
HIGHEST:    63 ON 31    GRTST 24HR  0.31 ON 28-28      TO 1/4 MILE OR LESS
LOWEST:     -8 ON  3                               3 = THUNDER
                        SNOW, ICE PELLETS, HAIL    4 = ICE PELLETS
                        TOTAL MONTH:   6.4 INCHES  5 = HAIL
                        GRTST 24HR   2.4 ON   M    6 = FREEZING RAIN OR DRIZZLE
                        GRTST DEPTH:  20 ON  2     7 = DUSTSTORM OR SANDSTORM:
                                                       VSBY 1/2 MILE OR LESS
                                                   8 = SMOKE OR HAZE
[NO. OF DAYS WITH]      [WEATHER - DAYS WITH]      9 = BLOWING SNOW
                                                   X = TORNADO
MAX 32 OR BELOW:  12    0.01 INCH OR MORE:  11
MAX 90 OR ABOVE:   0    0.10 INCH OR MORE:   6
MIN 32 OR BELOW:  28    0.50 INCH OR MORE:   0
MIN  0 OR BELOW:   1    1.00 INCH OR MORE:   0

[HDD (BASE 65) ]
TOTAL THIS MO.  1183    CLEAR  (SCALE 0-3)   3
DPTR FM NORMAL   273    PTCLDY (SCALE 4-7)  21
TOTAL FM JUL 1  6464    CLOUDY (SCALE 8-10)  7
DPTR FM NORMAL   777

[CDD (BASE 65) ]
TOTAL THIS MO.     0
DPTR FM NORMAL    -1    [PRESSURE DATA]
TOTAL FM JAN 1     0    HIGHEST SLP 30.54 ON  5
DPTR FM NORMAL    -1    LOWEST  SLP 29.46 ON 28

[REMARKS]
#FINAL-03-14#
