000
CXUS53 KGRR 011017
CF6GRR
PRELIMINARY LOCAL CLIMATOLOGICAL DATA (WS FORM: F-6)

                                          STATION:   GRAND RAPIDS
                                          MONTH:     AUGUST
                                          YEAR:      2017
                                          LATITUDE:   42 52 N
                                          LONGITUDE:  85 31 W

  TEMPERATURE IN F:       :PCPN:    SNOW:  WIND      :SUNSHINE: SKY     :PK WND
================================================================================
1   2   3   4   5  6A  6B    7    8   9   10  11  12  13   14  15   16   17  18
                                     12Z  AVG MX 2MIN
DY MAX MIN AVG DEP HDD CDD  WTR  SNW DPTH SPD SPD DIR MIN PSBL S-S WX    SPD DR
================================================================================

 1  86  58  72   0   0   7 0.00  0.0    0  6.8 16 250 775   89   3 1      23 250
 2  87  63  75   3   0  10    T  0.0    0  7.0 21 250 691   80   5 1      26 250
 3  81  64  73   1   0   8 0.36  0.0    0  6.6 22 240 243   28   7 123    28 240
 4  68  57  63  -9   2   0 0.19  0.0    0 15.0 28 270  35    4   9 1      33 320
 5  77  54  66  -6   0   1 0.00  0.0    0  7.7 18 260 716   83   5        23 270
 6  78  56  67  -5   0   2 0.00  0.0    0  5.9 16 240 486   57   6        21 200
 7  78  60  69  -3   0   4 0.15  0.0    0  3.7 21 270 413   48   5 1      24 280
 8  83  52  68  -4   0   3 0.00  0.0    0  6.8 20 270 846   99   2        22 280
 9  83  57  70  -2   0   5 0.00  0.0    0  5.2 16 240 776   91   4        24 260
10  83  59  71  -1   0   6 0.01  0.0    0  7.6 18 350 551   65   6 3      22 240
11  81  63  72   0   0   7 0.08  0.0    0 10.4 21 260 405   48   7 13     27 270
12  80  61  71  -1   0   6    T  0.0    0  8.7 16 320 637   76   6        24 340
13  80  55  68  -3   0   3 0.00  0.0    0  2.9 12 280 705   84   6        13 270
14  83  63  73   2   0   8    T  0.0    0  5.4 14 220 434   52   6        21 230
15  84  64  74   3   0   9 0.02  0.0    0  3.7 12 360 631   76   7 1      14 350
16  88  61  75   4   0  10 0.00  0.0    0  6.7 14 130 673   81   5 8      19 130
17  83  68  76   5   0  11 0.67  0.0    0 12.3 26 240 230   28   8 13     31 230
18  73  64  69  -2   0   4    T  0.0    0 13.3 23 280  65    8   9 1      27 270
19  81  60  71   0   0   6 0.00  0.0    0  5.8 16 240 808   98   3 1      19 240
20  84  57  71   0   0   6 0.00  0.0    0  4.8 14 190 657   80   5        18 190
21  85  67  76   6   0  11 0.01  0.0    0  6.8 17 200 538   66   8        24 200
22  78  61  70   0   0   5 0.18  0.0    0 13.9 26 300 392   48   6 13     33 270
23  75  56  66  -4   0   1 0.00  0.0    0  9.4 20 280 765   94   3        25 270
24  69  51  60 -10   5   0    T  0.0    0  3.3 13  20 350   43   6        17  20
25  74  47  61  -9   4   0 0.00  0.0    0  3.7  9 120 711   88   2 1      14  30
26  75  48  62  -8   3   0 0.00  0.0    0  4.3 12 100 637   79   4        13 110
27  75  57  66  -3   0   1 0.01  0.0    0  5.9 14 170 344   43   9        18 150
28  70  58  64  -5   1   0 0.04  0.0    0  5.1 14  80 205   26   7 1      15  70
29  79  57  68  -1   0   3 0.00  0.0    0  4.3  9 350 410   51   6 12     14 320
30  81  55  68  -1   0   3 0.00  0.0    0  5.7 14 290 679   85   3 18     17 300
31  74  53  64  -4   1   0 0.00  0.0    0 10.5 18  40 684   86   6        30  10
================================================================================
SM 2456 1806        16 140  1.72     0.0 219.2        16492    174
================================================================================
AV 79.2 58.3                               7.1 FASTST  532  64   6    MAX(MPH)
                                 MISC ---->  # 28 270               # 33  320
================================================================================
NOTES:
# LAST OF SEVERAL OCCURRENCES

COLUMN 17 PEAK WIND IN M.P.H.

PRELIMINARY LOCAL CLIMATOLOGICAL DATA (WS FORM: F-6) , PAGE 2

                                          STATION:  GRAND RAPIDS
                                          MONTH:    AUGUST
                                          YEAR:     2017
                                          LATITUDE:   42 52 N
                                          LONGITUDE:  85 31 W

[TEMPERATURE DATA]      [PRECIPITATION DATA]       SYMBOLS USED IN COLUMN 16

AVERAGE MONTHLY: 68.7   TOTAL FOR MONTH:   1.72    1 = FOG OR MIST
DPTR FM NORMAL:  -2.1   DPTR FM NORMAL:   -1.87    2 = FOG REDUCING VISIBILITY
HIGHEST:    88 ON 16    GRTST 24HR  0.67 ON 17-17      TO 1/4 MILE OR LESS
LOWEST:     47 ON 25                               3 = THUNDER
                        SNOW, ICE PELLETS, HAIL    4 = ICE PELLETS
                        TOTAL MONTH:   0.0 INCH    5 = HAIL
                        GRTST 24HR     0.0         6 = FREEZING RAIN OR DRIZZLE
                        GRTST DEPTH:   0           7 = DUSTSTORM OR SANDSTORM:
                                                       VSBY 1/2 MILE OR LESS
                                                   8 = SMOKE OR HAZE
[NO. OF DAYS WITH]      [WEATHER - DAYS WITH]      9 = BLOWING SNOW
                                                   X = TORNADO
MAX 32 OR BELOW:   0    0.01 INCH OR MORE:  11
MAX 90 OR ABOVE:   0    0.10 INCH OR MORE:   5
MIN 32 OR BELOW:   0    0.50 INCH OR MORE:   1
MIN  0 OR BELOW:   0    1.00 INCH OR MORE:   0

[HDD (BASE 65) ]
TOTAL THIS MO.    16    CLEAR  (SCALE 0-3)   6
DPTR FM NORMAL     2    PTCLDY (SCALE 4-7)  21
TOTAL FM JUL 1    16    CLOUDY (SCALE 8-10)  4
DPTR FM NORMAL    -4

[CDD (BASE 65) ]
TOTAL THIS MO.   140
DPTR FM NORMAL   -54    [PRESSURE DATA]
TOTAL FM JAN 1   572    HIGHEST SLP 30.34 ON 26
DPTR FM NORMAL   -53    LOWEST  SLP 29.67 ON 18

[REMARKS]
#FINAL-08-17#
