000
CXUS53 KGRR 010910
CF6GRR
PRELIMINARY LOCAL CLIMATOLOGICAL DATA (WS FORM: F-6)
STATION: GRAND RAPIDS
MONTH: AUGUST
YEAR: 2022
LATITUDE: 42 52 N
LONGITUDE: 85 31 W
TEMPERATURE IN F: :PCPN: SNOW: WIND :SUNSHINE: SKY :PK WND
================================================================================
1 2 3 4 5 6A 6B 7 8 9 10 11 12 13 14 15 16 17 18
12Z AVG MX 2MIN
DY MAX MIN AVG DEP HDD CDD WTR SNW DPTH SPD SPD DIR MIN PSBL S-S WX SPD DR
================================================================================
1 83 68 76 4 0 11 T 0.0 0 11.5 26 250 M M 7 1 32 270
2 84 62 73 1 0 8 0.00 0.0 0 5.1 13 220 M M 2 1 18 230
3 87 71 79 7 0 14 0.70 0.0 0 10.4 23 250 M M 7 13 33 220
4 86 70 78 6 0 13 T 0.0 0 6.8 14 250 M M 7 1 17 260
5 85 70 78 6 0 13 0.00 0.0 0 6.8 14 100 M M 7 1 16 130
6 89 70 80 8 0 15 0.00 0.0 0 6.8 16 230 M M 4 1 23 220
7 86 74 80 8 0 15 0.01 0.0 0 10.2 20 240 M M 8 1 23 240
8 80 66 73 1 0 8 0.07 0.0 0 10.7 24 250 M M 10 1 32 260
9 78 58 68 -4 0 3 0.00 0.0 0 5.5 12 30 M M 4 19 20
10 83 57 70 -2 0 5 T 0.0 0 5.0 15 270 M M 2 1 21 300
11 80 60 70 -2 0 5 T 0.0 0 8.5 20 30 M M 5 28 30
12 80 52 66 -6 0 1 0.00 0.0 0 4.6 14 260 M M 4 17 290
13 62 56 59 -13 6 0 1.85 0.0 0 6.8 21 180 M M 8 13 26 170
14 72 56 64 -8 1 0 0.06 0.0 0 9.0 16 60 M M 10 1 21 90
15 80 59 70 -1 0 5 0.00 0.0 0 6.2 14 70 M M 5 18 70
16 82 55 69 -2 0 4 0.00 0.0 0 6.8 15 30 M M 3 22 360
17 82 58 70 -1 0 5 0.00 0.0 0 4.6 12 50 M M 2 1 16 50
18 81 59 70 -1 0 5 0.00 0.0 0 5.1 15 260 M M 3 1 21 230
19 83 58 71 0 0 6 T 0.0 0 6.5 16 220 M M 4 22 210
20 79 63 71 0 0 6 0.35 0.0 0 5.2 29 250 M M 7 13 41 250
21 81 63 72 1 0 7 T 0.0 0 5.0 15 320 M M 6 123 19 320
22 80 63 72 2 0 7 0.00 0.0 0 7.1 16 280 M M 3 20 270
23 82 57 70 0 0 5 0.00 0.0 0 4.6 12 290 M M 3 1 15 280
24 85 60 73 3 0 8 0.00 0.0 0 4.6 14 250 M M 3 1 19 240
25 76 63 70 0 0 5 T 0.0 0 5.9 16 230 M M 7 1 20 190
26 78 63 71 1 0 6 0.03 0.0 0 6.0 15 360 M M 6 1 20 360
27 80 57 69 -1 0 4 0.00 0.0 0 6.0 14 150 M M 4 1 19 170
28 86 59 73 4 0 8 0.97 0.0 0 10.5 28 260 M M 6 13 40 260
29 84 67 76 7 0 11 0.94 0.0 0 9.1 39 290 M M 7 13 58 290
30 76 63 70 1 0 5 0.00 0.0 0 12.8 23 290 M M 5 3 31 300
31 80 61 71 2 0 6 0.00 0.0 0 10.9 22 260 M M 2 33 250
================================================================================
SM 2510 1918 7 214 4.98 0.0 224.6 M 161
================================================================================
AV 81.0 61.9 7.2 FASTST M M 5 MAX(MPH)
MISC ----> 39 290 58 290
================================================================================
NOTES:
# LAST OF SEVERAL OCCURRENCES
COLUMN 17 PEAK WIND IN M.P.H.
PRELIMINARY LOCAL CLIMATOLOGICAL DATA (WS FORM: F-6) , PAGE 2
STATION: GRAND RAPIDS
MONTH: AUGUST
YEAR: 2022
LATITUDE: 42 52 N
LONGITUDE: 85 31 W
[TEMPERATURE DATA] [PRECIPITATION DATA] SYMBOLS USED IN COLUMN 16
AVERAGE MONTHLY: 71.4 TOTAL FOR MONTH: 4.98 1 = FOG OR MIST
DPTR FM NORMAL: 0.3 DPTR FM NORMAL: 1.43 2 = FOG REDUCING VISIBILITY
HIGHEST: 89 ON 6 GRTST 24HR 1.91 ON 28-29 TO 1/4 MILE OR LESS
LOWEST: 52 ON 12 3 = THUNDER
SNOW, ICE PELLETS, HAIL 4 = ICE PELLETS
TOTAL MONTH: 0.0 INCH 5 = HAIL
GRTST 24HR 0.0 6 = FREEZING RAIN OR DRIZZLE
GRTST DEPTH: 0 7 = DUSTSTORM OR SANDSTORM:
VSBY 1/2 MILE OR LESS
8 = SMOKE OR HAZE
[NO. OF DAYS WITH] [WEATHER - DAYS WITH] 9 = BLOWING SNOW
X = TORNADO
MAX 32 OR BELOW: 0 0.01 INCH OR MORE: 9
MAX 90 OR ABOVE: 0 0.10 INCH OR MORE: 5
MIN 32 OR BELOW: 0 0.50 INCH OR MORE: 4
MIN 0 OR BELOW: 0 1.00 INCH OR MORE: 1
[HDD (BASE 65) ]
TOTAL THIS MO. 7 CLEAR (SCALE 0-3) 7
DPTR FM NORMAL -5 PTCLDY (SCALE 4-7) 21
TOTAL FM JUL 1 7 CLOUDY (SCALE 8-10) 3
DPTR FM NORMAL -4
[CDD (BASE 65) ]
TOTAL THIS MO. 214
DPTR FM NORMAL 14 [PRESSURE DATA]
TOTAL FM JAN 1 713 HIGHEST SLP 30.28 ON 12
DPTR FM NORMAL 61 LOWEST SLP 29.75 ON 29
[REMARKS]
#FINAL-08-22#