000
CXUS53 KGRR 011046
CF6GRR
PRELIMINARY LOCAL CLIMATOLOGICAL DATA (WS FORM: F-6)

                                          STATION:   GRAND RAPIDS MI
                                          MONTH:     JUNE
                                          YEAR:      2012
                                          LATITUDE:   42 52 N
                                          LONGITUDE:  85 31 W

  TEMPERATURE IN F:       :PCPN:    SNOW:  WIND      :SUNSHINE: SKY     :PK WND
================================================================================
1   2   3   4   5  6A  6B    7    8   9   10  11  12  13   14  15   16   17  18
                                     12Z  AVG MX 2MIN
DY MAX MIN AVG DEP HDD CDD  WTR  SNW DPTH SPD SPD DIR MIN PSBL S-S WX    SPD DR
================================================================================

 1  54  46  50 -14  15   0 0.81  0.0    0 12.5 18 310   0    0  10 1      23 340
 2  74  48  61  -3   4   0 0.05  0.0    0 14.7 32 250 525   58   9        40 250
 3  78  54  66   1   0   1 0.00  0.0    0 11.4 24 270 778   85   4        31 300
 4  78  53  66   1   0   1 0.00  0.0    0  6.7 14  70 766   84   5        18 350
 5  71  51  61  -4   4   0 0.00  0.0    0  7.5 16  60 730   80   5        26  80
 6  79  49  64  -2   1   0    T  0.0    0  2.8 16  60 849   93   3        21  50
 7  82  52  67   1   0   2 0.00  0.0    0  6.9  M 330 887   97   2         M 330
 8  84  51  68   2   0   3 0.00  0.0    0  9.2 21 270 867   95   3        26 280
 9  87  64  76   9   0  11 0.00  0.0    0 11.8 23 240 867   95   2        28 240
10  91  61  76   9   0  11 0.00  0.0    0  7.4 15 160 814   89   3        22 190
11  85  67  76   9   0  11 0.00  0.0    0  8.6 20 200 639   70   6        25 170
12  75  54  65  -3   0   0 0.00  0.0    0 12.9 23 280 865   94   2        31 270
13  74  47  61  -7   4   0 0.00  0.0    0  5.8 14  50 787   86   5        18  40
14  83  50  67  -1   0   2 0.00  0.0    0  7.8 16 110 771   83   5        28  70
15  90  57  74   6   0   9 0.00  0.0    0  6.8 14 130 829   90   2        22 180
16  92  65  79  10   0  14 0.02  0.0    0  8.7 22 160 571   62   6 3      26 160
17  82  63  73   4   0   8 0.08  0.0    0  9.4 29 240 457   50   7 18     38 240
18  92  61  77   8   0  12 1.14  0.0    0 12.7 33 340 449   49   6 138    45 330
19  93  77  85  15   0  20 0.00  0.0    0 12.5 21 240 819   89   4        25 250
20  93  73  83  13   0  18 0.00  0.0    0 12.0 23 230 921  100   3        31 230
21  84  64  74   4   0   9 0.07  0.0    0 11.0 26 270 502   55   5 18     33 260
22  83  60  72   2   0   7 0.00  0.0    0  5.7 16 290 635   69   3 18     26 200
23  84  56  70  -1   0   5 0.00  0.0    0  2.3 10 270 710   77   4        20 320
24  86  64  75   4   0  10 0.00  0.0    0  7.7 20 250 594   66   6        25 270
25  77  53  65  -6   0   0 0.00  0.0    0  9.1 20  30 920  100   2        23  50
26  83  53  68  -3   0   3 0.00  0.0    0  3.3 15 280 919  100   1        21 210
27  90  55  73   2   0   8 0.00  0.0    0  7.4 17 200 919  100   3        22 200
28  97  67  82  10   0  17 0.00  0.0    0  8.6 20 300 786   85   3        26 300
29  89  67  78   6   0  13 0.00  0.0    0  6.3 25 250 849   92   4 18     30 250
30  89  67  78   6   0  13 0.00  0.0    0  8.9 17 260 762   83   3        24 300
================================================================================
SM 2499 1749        28 208  2.17     0.0 258.4        21787    126
================================================================================
AV 83.3 58.3                               8.6 FASTST  726  79   4    MAX(MPH)
                                 MISC ---->  # 33 340               # 45  330
================================================================================
NOTES:
# LAST OF SEVERAL OCCURRENCES

COLUMN 17 PEAK WIND IN M.P.H.

PRELIMINARY LOCAL CLIMATOLOGICAL DATA (WS FORM: F-6) , PAGE 2

                                          STATION:  GRAND RAPIDS MI
                                          MONTH:    JUNE
                                          YEAR:     2012
                                          LATITUDE:   42 52 N
                                          LONGITUDE:  85 31 W

[TEMPERATURE DATA]      [PRECIPITATION DATA]       SYMBOLS USED IN COLUMN 16

AVERAGE MONTHLY: 70.8   TOTAL FOR MONTH:   2.17    1 = FOG OR MIST
DPTR FM NORMAL:   2.4   DPTR FM NORMAL:   -1.60    2 = FOG REDUCING VISIBILITY
HIGHEST:    97 ON 28    GRTST 24HR  1.14 ON 18-18      TO 1/4 MILE OR LESS
LOWEST:     46 ON  1                               3 = THUNDER
                        SNOW, ICE PELLETS, HAIL    4 = ICE PELLETS
                        TOTAL MONTH:   0.0 INCH    5 = HAIL
                        GRTST 24HR     0.0         6 = FREEZING RAIN OR DRIZZLE
                        GRTST DEPTH:   0           7 = DUSTSTORM OR SANDSTORM:
                                                       VSBY 1/2 MILE OR LESS
                                                   8 = SMOKE OR HAZE
[NO. OF DAYS WITH]      [WEATHER - DAYS WITH]      9 = BLOWING SNOW
                                                   X = TORNADO
MAX 32 OR BELOW:   0    0.01 INCH OR MORE:   6
MAX 90 OR ABOVE:   8    0.10 INCH OR MORE:   2
MIN 32 OR BELOW:   0    0.50 INCH OR MORE:   2
MIN  0 OR BELOW:   0    1.00 INCH OR MORE:   1

[HDD (BASE 65) ]
TOTAL THIS MO.    28    CLEAR  (SCALE 0-3)  12
DPTR FM NORMAL   -17    PTCLDY (SCALE 4-7)  16
TOTAL FM JUL 1  5253    CLOUDY (SCALE 8-10)  2
DPTR FM NORMAL -1232

[CDD (BASE 65) ]
TOTAL THIS MO.   208
DPTR FM NORMAL    63    [PRESSURE DATA]
TOTAL FM JAN 1   316    HIGHEST SLP 30.25 ON 13
DPTR FM NORMAL   124    LOWEST  SLP 29.64 ON  2

[REMARKS]
#FINAL-06-12#
