000
CXUS53 KGRR 011017
CF6GRR
PRELIMINARY LOCAL CLIMATOLOGICAL DATA (WS FORM: F-6)

                                          STATION:   GRAND RAPIDS MI
                                          MONTH:     MAY
                                          YEAR:      2014
                                          LATITUDE:   42 52 N
                                          LONGITUDE:  85 31 W

  TEMPERATURE IN F:       :PCPN:    SNOW:  WIND      :SUNSHINE: SKY     :PK WND
================================================================================
1   2   3   4   5  6A  6B    7    8   9   10  11  12  13   14  15   16   17  18
                                     12Z  AVG MX 2MIN
DY MAX MIN AVG DEP HDD CDD  WTR  SNW DPTH SPD SPD DIR MIN PSBL S-S WX    SPD DR
================================================================================

 1  48  39  44 -10  21   0 0.23  0.0    0 11.8 22 250   0    0   9 1      30 230
 2  50  44  47  -7  18   0 0.06  0.0    0 12.4 22 240   0    0   8 18     26 240
 3  59  46  53  -1  12   0 0.09  0.0    0 12.5 30 280 555   65   8 18     38 270
 4  57  45  51  -4  14   0    T  0.0    0 11.2 25 300 825   96   5        34 310
 5  57  41  49  -6  16   0    T  0.0    0  5.6 13  90 488   57   6        16 100
 6  64  40  52  -3  13   0 0.00  0.0    0 11.8 20  80 853   99   5        25  80
 7  63  42  53  -3  12   0 1.24  0.0    0 15.9 29 100 235   27   8 1358   35 110
 8  87  50  69  13   0   4    T  0.0    0  8.6 17 170 682   79   7        23 210
 9  76  54  65   9   0   0 0.15  0.0    0 15.4 31 250 332   38   7 13     39 200
10  67  46  57   0   8   0 0.00  0.0    0  9.2 22 260 869  100   4        28 260
11  84  44  64   7   1   0    T  0.0    0  7.6 18 200 673   77   6        29 190
12  81  59  70  13   0   5 0.40  0.0    0  7.5 24 270 171   20   8 13     30 270
13  76  54  65   7   0   0 0.04  0.0    0 13.0 24 250 163   19   8 1      31 200
14  59  46  53  -5  12   0 0.28  0.0    0  7.4 24  60 117   13   9 1      29  60
15  47  37  42 -16  23   0 0.42  0.0    0 13.9 23  20  21    2   9 18     29  40
16  50  32  41 -18  24   0 0.00  0.0    0  7.6 14 240 391   44   7        17 290
17  58  36  47 -12  18   0    T  0.0    0  9.4 23 250 511   58   7        37 240
18  67  40  54  -5  11   0 0.00  0.0    0 11.5 24 240 857   97   2        29 260
19  72  46  59  -1   6   0 0.14  0.0    0  9.7 18 160 662   75   6        26 160
20  80  54  67   7   0   2 0.12  0.0    0 10.4 18 180 496   56   8        24 140
21  83  62  73  13   0   8 0.14  0.0    0  7.4 18 300 589   66   6 138    24 280
22  69  55  62   1   3   0 0.00  0.0    0 10.2 20 320 820   92   3        26 270
23  71  50  61   0   4   0 0.00  0.0    0  9.2 18 330 869   97   2        25 350
24  78  47  63   2   2   0 0.00  0.0    0  3.4 17 270 874   98   3        22 270
25  82  51  67   5   0   2 0.00  0.0    0  5.0 15 270 874   97   2        20 240
26  84  57  71   9   0   6 0.00  0.0    0  8.7 17 260 671   75   6 3      23 220
27  82  68  75  13   0  10    T  0.0    0  9.6 20 270 522   58   8 18     28 240
28  71  57  64   1   1   0    T  0.0    0  7.8 15  60 343   38   8 18     22  80
29  78  51  65   2   0   0 0.00  0.0    0  6.7 14  60 904  100   3        18  80
30  85  54  70   7   0   5 0.00  0.0    0  3.4 10  40 905  100   2        13  50
31  88  59  74  10   0   9 0.00  0.0    0  6.0 15 140 907  100   1        21 140
================================================================================
SM 2173 1506       219  51  3.31     0.0 289.8        17179    181
================================================================================
AV 70.1 48.6                               9.3 FASTST  554  63   6    MAX(MPH)
                                 MISC ---->  # 31 250               # 39  200
================================================================================
NOTES:
# LAST OF SEVERAL OCCURRENCES

COLUMN 17 PEAK WIND IN M.P.H.

PRELIMINARY LOCAL CLIMATOLOGICAL DATA (WS FORM: F-6) , PAGE 2

                                          STATION:  GRAND RAPIDS MI
                                          MONTH:    MAY
                                          YEAR:     2014
                                          LATITUDE:   42 52 N
                                          LONGITUDE:  85 31 W

[TEMPERATURE DATA]      [PRECIPITATION DATA]       SYMBOLS USED IN COLUMN 16

AVERAGE MONTHLY: 59.3   TOTAL FOR MONTH:   3.31    1 = FOG OR MIST
DPTR FM NORMAL:   0.6   DPTR FM NORMAL:   -0.67    2 = FOG REDUCING VISIBILITY
HIGHEST:    88 ON 31    GRTST 24HR  1.24 ON  7- 7      TO 1/4 MILE OR LESS
LOWEST:     32 ON 16                               3 = THUNDER
                        SNOW, ICE PELLETS, HAIL    4 = ICE PELLETS
                        TOTAL MONTH:   0.0 INCH    5 = HAIL
                        GRTST 24HR     0.0         6 = FREEZING RAIN OR DRIZZLE
                        GRTST DEPTH:   0           7 = DUSTSTORM OR SANDSTORM:
                                                       VSBY 1/2 MILE OR LESS
                                                   8 = SMOKE OR HAZE
[NO. OF DAYS WITH]      [WEATHER - DAYS WITH]      9 = BLOWING SNOW
                                                   X = TORNADO
MAX 32 OR BELOW:   0    0.01 INCH OR MORE:  12
MAX 90 OR ABOVE:   0    0.10 INCH OR MORE:   9
MIN 32 OR BELOW:   1    0.50 INCH OR MORE:   1
MIN  0 OR BELOW:   0    1.00 INCH OR MORE:   1

[HDD (BASE 65) ]
TOTAL THIS MO.   219    CLEAR  (SCALE 0-3)   7
DPTR FM NORMAL   -16    PTCLDY (SCALE 4-7)  16
TOTAL FM JUL 1  7200    CLOUDY (SCALE 8-10)  8
DPTR FM NORMAL   760

[CDD (BASE 65) ]
TOTAL THIS MO.    51
DPTR FM NORMAL    12    [PRESSURE DATA]
TOTAL FM JAN 1    53    HIGHEST SLP 30.29 ON 19
DPTR FM NORMAL     6    LOWEST  SLP 29.61 ON  3

[REMARKS]
#FINAL-05-14#
