000
CXUS53 KGRR 011017
CF6GRR
PRELIMINARY LOCAL CLIMATOLOGICAL DATA (WS FORM: F-6)

                                          STATION:   GRAND RAPIDS
                                          MONTH:     OCTOBER
                                          YEAR:      2016
                                          LATITUDE:   42 52 N
                                          LONGITUDE:  85 31 W

  TEMPERATURE IN F:       :PCPN:    SNOW:  WIND      :SUNSHINE: SKY     :PK WND
================================================================================
1   2   3   4   5  6A  6B    7    8   9   10  11  12  13   14  15   16   17  18
                                     12Z  AVG MX 2MIN
DY MAX MIN AVG DEP HDD CDD  WTR  SNW DPTH SPD SPD DIR MIN PSBL S-S WX    SPD DR
================================================================================

 1  67  53  60   4   5   0 1.31  0.0    0  8.1 20 140  88   13   9 138    24 140
 2  68  52  60   4   5   0 0.01  0.0    0  1.8  9 290 293   42   7 128    13 280
 3  67  53  60   4   5   0 0.00  0.0    0  3.7  8 100  52    7   7 12     10 110
 4  74  51  63   8   2   0 0.00  0.0    0  8.1 17 140 405   58   6 18     19 140
 5  79  58  69  14   0   4 0.19  0.0    0 10.5 35 180 490   71   5 1238   42 190
 6  71  55  63   9   2   0 1.58  0.0    0  5.3 25 270  76   11  10 1238   32 260
 7  78  50  64  10   1   0    T  0.0    0 11.2 31 260 300   44   5 1      37 270
 8  56  41  49  -5  16   0 0.00  0.0    0  9.9 24 270 682  100   1        30 280
 9  62  40  51  -2  14   0    T  0.0    0  2.6  9  30 449   66   5        12 340
10  65  39  52  -1  13   0 0.00  0.0    0  6.2 14 170 653   97   2        18 160
11  72  52  62   9   3   0 0.00  0.0    0  8.2 15 200 330   49   5        19 200
12  72  49  61   9   4   0 0.26  0.0    0 12.2 28 300 142   21   7 13     38 300
13  57  37  47  -5  18   0    T  0.0    0  6.8 16 260 470   71   5        21 320
14  62  36  49  -3  16   0 0.00  0.0    0  7.0 15 180 646   97   3        24 170
15  71  43  57   6   8   0    T  0.0    0 10.1 21 200  39    6   7 1      25 200
16  68  63  66  15   0   1 1.78  0.0    0  8.0 17 150   0    0   9 13     20 210
17  76  63  70  19   0   5 0.00  0.0    0 13.3 28 210 135   21   8 1      37 220
18  75  52  64  14   1   0 0.00  0.0    0 14.7 29 250 309   47   5        38 240
19  69  47  58   8   7   0 0.02  0.0    0  4.9 14 330 169   26   7 12     16 330
20  57  48  53   3  12   0 0.00  0.0    0  8.1 18 360   0    0  10        23 360
21  54  40  47  -2  18   0    T  0.0    0  9.0 17  20  61    9   7        21 360
22  55  38  47  -2  18   0 0.00  0.0    0  6.8 17 270 329   51   6        22 280
23  68  37  53   4  12   0 0.00  0.0    0  7.1 24 250 535   84   3 1      32 250
24  55  37  46  -2  19   0 0.00  0.0    0 10.0 20 320 406   64   5        24 310
25  56  33  45  -3  20   0 0.00  0.0    0  2.1 13 340 345   55   5        17 360
26  40  37  39  -9  26   0 0.89  0.0    0 14.2 29  90   0    0   8 1      33 100
27  47  38  43  -4  22   0 0.07  0.0    0  7.1 16  90   0    0   8 1      20  80
28  59  43  51   4  14   0 0.00  0.0    0 10.7 20 190 211   34   8        25 180
29  68  52  60  13   5   0 0.00  0.0    0 13.0 28 230  34    5   9 1      38 230
30  53  43  48   2  17   0 0.04  0.0    0  7.2 14  30  17    3   9        18  30
31  54  34  44  -2  21   0 0.00  0.0    0  8.4 17 150   6    1   6        24 150
================================================================================
SM 1975 1414       324  10  6.15     0.0 256.3         7672    197
================================================================================
AV 63.7 45.6                               8.3 FASTST  247  37   6    MAX(MPH)
                                 MISC ---->  # 35 180               # 42  190
================================================================================
NOTES:
# LAST OF SEVERAL OCCURRENCES

COLUMN 17 PEAK WIND IN M.P.H.

PRELIMINARY LOCAL CLIMATOLOGICAL DATA (WS FORM: F-6) , PAGE 2

                                          STATION:  GRAND RAPIDS
                                          MONTH:    OCTOBER
                                          YEAR:     2016
                                          LATITUDE:   42 52 N
                                          LONGITUDE:  85 31 W

[TEMPERATURE DATA]      [PRECIPITATION DATA]       SYMBOLS USED IN COLUMN 16

AVERAGE MONTHLY: 54.7   TOTAL FOR MONTH:   6.15    1 = FOG OR MIST
DPTR FM NORMAL:   3.7   DPTR FM NORMAL:    2.89    2 = FOG REDUCING VISIBILITY
HIGHEST:    79 ON  5    GRTST 24HR  1.78 ON 16-16      TO 1/4 MILE OR LESS
LOWEST:     33 ON 25                               3 = THUNDER
                        SNOW, ICE PELLETS, HAIL    4 = ICE PELLETS
                        TOTAL MONTH:   0.0 INCH    5 = HAIL
                        GRTST 24HR     0.0         6 = FREEZING RAIN OR DRIZZLE
                        GRTST DEPTH:   0           7 = DUSTSTORM OR SANDSTORM:
                                                       VSBY 1/2 MILE OR LESS
                                                   8 = SMOKE OR HAZE
[NO. OF DAYS WITH]      [WEATHER - DAYS WITH]      9 = BLOWING SNOW
                                                   X = TORNADO
MAX 32 OR BELOW:   0    0.01 INCH OR MORE:  10
MAX 90 OR ABOVE:   0    0.10 INCH OR MORE:   6
MIN 32 OR BELOW:   0    0.50 INCH OR MORE:   4
MIN  0 OR BELOW:   0    1.00 INCH OR MORE:   3

[HDD (BASE 65) ]
TOTAL THIS MO.   324    CLEAR  (SCALE 0-3)   4
DPTR FM NORMAL  -116    PTCLDY (SCALE 4-7)  20
TOTAL FM JUL 1   368    CLOUDY (SCALE 8-10)  7
DPTR FM NORMAL  -224

[CDD (BASE 65) ]
TOTAL THIS MO.    10
DPTR FM NORMAL     3    [PRESSURE DATA]
TOTAL FM JAN 1   936    HIGHEST SLP 30.49 ON 25
DPTR FM NORMAL   237    LOWEST  SLP 29.49 ON 17

[REMARKS]
#FINAL-10-16#
