000
CXUS53 KGRR 011514
CF6GRR
PRELIMINARY LOCAL CLIMATOLOGICAL DATA (WS FORM: F-6)

                                          STATION:   GRAND RAPIDS MI
                                          MONTH:     JUNE
                                          YEAR:      2011
                                          LATITUDE:   42 52 N
                                          LONGITUDE:  85 31 W

  TEMPERATURE IN F:       :PCPN:    SNOW:  WIND      :SUNSHINE: SKY     :PK WND
================================================================================
1   2   3   4   5  6A  6B    7    8   9   10  11  12  13   14  15   16   17  18
                                     12Z  AVG MX 2MIN
DY MAX MIN AVG DEP HDD CDD  WTR  SNW DPTH SPD SPD DIR MIN PSBL S-S WX    SPD DR
================================================================================

 1  76  63  70   6   0   5 0.00  0.0    0 17.6 33 260 907  100   1        41 250
 2  73  50  62  -2   3   0 0.00  0.0    0  4.5 15  20 909  100   4        20  20
 3  80  56  68   3   0   3 0.00  0.0    0  9.5 17 160 731   80   5        22 150
 4  91  70  81  16   0  16 0.00  0.0    0 10.2 21 270 810   89   3 8      25 280
 5  86  59  73   8   0   8 0.00  0.0    0  5.1 15 260 765   84   2        18 250
 6  86  56  71   5   0   6 0.00  0.0    0  6.8 16 190 851   93   3        21 200
 7  94  74  84  18   0  19 0.00  0.0    0  9.1 18 240 855   94   2 8      25 250
 8  93  75  84  18   0  19 0.00  0.0    0 13.7 37 270 702   77   5        48 280
 9  77  59  68   1   0   3    T  0.0    0  9.2 21 190 341   37   7 8      25 190
10  60  54  57 -10   8   0 0.34  0.0    0 10.4 25 100   0    0  10 1      31  90
11  70  54  62  -5   3   0    T  0.0    0  8.0 15 340 451   49   9 128    18 350
12  69  49  59  -9   6   0 0.00  0.0    0  8.0 16 320 692   75   6        21 320
13  80  52  66  -2   0   1 0.00  0.0    0  6.5 14 250 768   84   3        20 330
14  80  54  67  -1   0   2 0.00  0.0    0  9.1 22  70 846   92   5        28  90
15  70  55  63  -5   2   0 0.32  0.0    0 10.4 24 130 244   27   8 1      32 140
16  73  59  66  -3   0   1 0.36  0.0    0  7.8 18 250 417   45   7 18     23 250
17  79  56  68  -1   0   3 0.00  0.0    0  2.8 10  50 625   68   6 18     22 140
18  85  61  73   4   0   8 0.00  0.0    0  6.5 15  70 743   81   6 18     18  80
19  83  61  72   2   0   7 0.00  0.0    0  8.6 16 150 684   74   6        20 150
20  80  64  72   2   0   7 0.00  0.0    0  6.6 15 200 303   33   8 18     18 190
21  91  70  81  11   0  16 1.23  0.0    0  8.9 39 300 425   46   9 138    47 300
22  80  66  73   3   0   8 0.58  0.0    0 11.8 31 240 388   42   7 138    39 240
23  67  61  64  -7   1   0 0.24  0.0    0 10.4 23 240   0    0  10 18     28 260
24  65  60  63  -8   2   0 0.03  0.0    0 10.8 17 270  75    8   9 1      22 260
25  78  56  67  -4   0   2 0.00  0.0    0  7.8 16 300 756   82   5        23 280
26  81  55  68  -3   0   3 0.00  0.0    0  5.2 13 100 875   95   3        16 110
27  78  62  70  -1   0   5 0.14  0.0    0  8.7 17 130 265   29   7 1      21 140
28  73  61  67  -5   0   2 0.00  0.0    0 10.7 22 300 597   65   5        29 290
29  80  54  67  -5   0   2 0.00  0.0    0  6.4 15 280 857   93   2         M  M
30  84  55  70  -2   0   5 0.10  0.0    0  3.5 17  30 539   59   4 13     24 160
================================================================================
SM 2362 1781        25 151  3.34     0.0 254.6        17421    167
================================================================================
AV 78.7 59.4                               8.5 FASTST  581  63   6    MAX(MPH)
                                 MISC ---->  # 39 300               # 48  280
================================================================================
NOTES:
# LAST OF SEVERAL OCCURRENCES

COLUMN 17 PEAK WIND IN M.P.H.

PRELIMINARY LOCAL CLIMATOLOGICAL DATA (WS FORM: F-6) , PAGE 2

                                          STATION:  GRAND RAPIDS MI
                                          MONTH:    JUNE
                                          YEAR:     2011
                                          LATITUDE:   42 52 N
                                          LONGITUDE:  85 31 W

[TEMPERATURE DATA]      [PRECIPITATION DATA]       SYMBOLS USED IN COLUMN 16

AVERAGE MONTHLY: 69.0   TOTAL FOR MONTH:   3.34    1 = FOG OR MIST
DPTR FM NORMAL:   0.6   DPTR FM NORMAL:   -0.43    2 = FOG REDUCING VISIBILITY
HIGHEST:    94 ON  7    GRTST 24HR  2.90 ON 21-22      TO 1/4 MILE OR LESS
LOWEST:     49 ON 12                               3 = THUNDER
                        SNOW, ICE PELLETS, HAIL    4 = ICE PELLETS
                        TOTAL MONTH:   0.0 INCH    5 = HAIL
                        GRTST 24HR     0.0         6 = FREEZING RAIN OR DRIZZLE
                        GRTST DEPTH:   0           7 = DUSTSTORM OR SANDSTORM:
                                                       VSBY 1/2 MILE OR LESS
                                                   8 = SMOKE OR HAZE
[NO. OF DAYS WITH]      [WEATHER - DAYS WITH]      9 = BLOWING SNOW
                                                   X = TORNADO
MAX 32 OR BELOW:   0    0.01 INCH OR MORE:   9
MAX 90 OR ABOVE:   4    0.10 INCH OR MORE:   8
MIN 32 OR BELOW:   0    0.50 INCH OR MORE:   2
MIN  0 OR BELOW:   0    1.00 INCH OR MORE:   1

[HDD (BASE 65) ]
TOTAL THIS MO.    25    CLEAR  (SCALE 0-3)   7
DPTR FM NORMAL   -20    PTCLDY (SCALE 4-7)  18
TOTAL FM JUL 1  6493    CLOUDY (SCALE 8-10)  5
DPTR FM NORMAL     8

[CDD (BASE 65) ]
TOTAL THIS MO.   151
DPTR FM NORMAL     6    [PRESSURE DATA]
TOTAL FM JAN 1   215    HIGHEST SLP 30.30 ON  2
DPTR FM NORMAL    23    LOWEST  SLP 29.55 ON 23

[REMARKS]
#FINAL-06-11#
