000
CXUS53 KGRR 011017
CF6GRR
PRELIMINARY LOCAL CLIMATOLOGICAL DATA (WS FORM: F-6)
STATION: GRAND RAPIDS
MONTH: AUGUST
YEAR: 2020
LATITUDE: 42 52 N
LONGITUDE: 85 31 W
TEMPERATURE IN F: :PCPN: SNOW: WIND :SUNSHINE: SKY :PK WND
================================================================================
1 2 3 4 5 6A 6B 7 8 9 10 11 12 13 14 15 16 17 18
12Z AVG MX 2MIN
DY MAX MIN AVG DEP HDD CDD WTR SNW DPTH SPD SPD DIR MIN PSBL S-S WX SPD DR
================================================================================
1 77 62 70 -2 0 5 0.02 0.0 0 5.7 12 20 200 23 6 1 15 50
2 78 64 71 -1 0 6 0.89 0.0 0 6.7 21 350 176 20 9 1 25 360
3 78 60 69 -3 0 4 T 0.0 0 8.1 17 10 323 37 8 1 24 10
4 74 57 66 -6 0 1 0.04 0.0 0 8.9 16 300 546 63 7 1 22 270
5 76 52 64 -8 1 0 0.00 0.0 0 6.8 20 270 628 73 4 26 260
6 78 53 66 -6 0 1 0.00 0.0 0 2.8 9 110 838 98 3 1 16 120
7 80 55 68 -4 0 3 0.00 0.0 0 2.8 15 150 851 99 2 1 17 150
8 83 56 70 -2 0 5 0.00 0.0 0 7.4 16 180 741 87 3 24 170
9 89 69 79 7 0 14 0.00 0.0 0 9.2 16 200 697 82 5 23 190
10 89 68 79 7 0 14 0.36 0.0 0 8.3 35 220 446 53 6 13 45 220
11 82 61 72 0 0 7 0.00 0.0 0 6.8 16 270 846 100 5 23 300
12 86 55 71 -1 0 6 0.00 0.0 0 2.6 9 140 785 100 2 1 12 110
13 86 60 73 2 0 8 0.00 0.0 0 4.3 15 120 818 97 5 1 23 90
14 89 63 76 5 0 11 0.00 0.0 0 7.6 16 90 738 88 2 26 50
15 87 64 76 5 0 11 0.03 0.0 0 4.4 18 10 559 67 5 13 24 20
16 84 62 73 2 0 8 0.00 0.0 0 7.6 17 280 716 86 4 22 290
17 83 60 72 1 0 7 0.00 0.0 0 6.6 20 270 680 82 5 28 300
18 80 56 68 -3 0 3 0.00 0.0 0 9.0 20 320 763 92 3 23 320
19 79 52 66 -5 0 1 0.00 0.0 0 3.7 9 50 817 99 2 13 50
20 85 57 71 0 0 6 0.00 0.0 0 8.7 18 240 755 92 3 23 260
21 87 61 74 4 0 9 0.00 0.0 0 6.2 15 250 784 95 3 24 280
22 88 60 74 4 0 9 0.00 0.0 0 6.0 16 230 766 94 3 23 230
23 87 63 75 5 0 10 0.00 0.0 0 6.2 16 240 598 73 3 1 21 230
24 91 67 79 9 0 14 0.00 0.0 0 8.6 20 250 645 79 3 29 250
25 81 72 77 7 0 12 0.03 0.0 0 4.9 9 360 156 19 7 1 13 30
26 91 68 80 10 0 15 0.01 0.0 0 10.1 22 230 580 72 5 30 250
27 90 73 82 13 0 17 0.01 0.0 0 11.9 23 280 587 73 4 13 32 280
28 87 69 78 9 0 13 1.21 0.0 0 9.1 24 250 229 29 8 13 31 250
29 77 62 70 1 0 5 0.00 0.0 0 13.1 24 270 M M 5 33 280
30 75 53 64 -5 1 0 0.00 0.0 0 5.9 12 360 765 96 4 1 15 340
31 80 55 68 0 0 3 T 0.0 0 6.7 15 170 643 81 5 26 190
================================================================================
SM 2577 1889 2 228 2.60 0.0 216.7 18676 139
================================================================================
AV 83.1 60.9 7.0 FASTST 623 75 4 MAX(MPH)
MISC ----> # 35 220 # 45 220
================================================================================
NOTES:
# LAST OF SEVERAL OCCURRENCES
COLUMN 17 PEAK WIND IN M.P.H.
PRELIMINARY LOCAL CLIMATOLOGICAL DATA (WS FORM: F-6) , PAGE 2
STATION: GRAND RAPIDS
MONTH: AUGUST
YEAR: 2020
LATITUDE: 42 52 N
LONGITUDE: 85 31 W
[TEMPERATURE DATA] [PRECIPITATION DATA] SYMBOLS USED IN COLUMN 16
AVERAGE MONTHLY: 72.0 TOTAL FOR MONTH: 2.60 1 = FOG OR MIST
DPTR FM NORMAL: 1.2 DPTR FM NORMAL: -0.99 2 = FOG REDUCING VISIBILITY
HIGHEST: 91 ON 26,24 GRTST 24HR 1.21 ON 28-28 TO 1/4 MILE OR LESS
LOWEST: 52 ON 19, 5 3 = THUNDER
SNOW, ICE PELLETS, HAIL 4 = ICE PELLETS
TOTAL MONTH: 0.0 INCH 5 = HAIL
GRTST 24HR 0.0 6 = FREEZING RAIN OR DRIZZLE
GRTST DEPTH: 0 7 = DUSTSTORM OR SANDSTORM:
VSBY 1/2 MILE OR LESS
8 = SMOKE OR HAZE
[NO. OF DAYS WITH] [WEATHER - DAYS WITH] 9 = BLOWING SNOW
X = TORNADO
MAX 32 OR BELOW: 0 0.01 INCH OR MORE: 9
MAX 90 OR ABOVE: 3 0.10 INCH OR MORE: 3
MIN 32 OR BELOW: 0 0.50 INCH OR MORE: 2
MIN 0 OR BELOW: 0 1.00 INCH OR MORE: 1
[HDD (BASE 65) ]
TOTAL THIS MO. 2 CLEAR (SCALE 0-3) 8
DPTR FM NORMAL -12 PTCLDY (SCALE 4-7) 22
TOTAL FM JUL 1 2 CLOUDY (SCALE 8-10) 1
DPTR FM NORMAL -18
[CDD (BASE 65) ]
TOTAL THIS MO. 228
DPTR FM NORMAL 34 [PRESSURE DATA]
TOTAL FM JAN 1 793 HIGHEST SLP 30.20 ON 7
DPTR FM NORMAL 168 LOWEST SLP 29.57 ON 29
[REMARKS]
#FINAL-08-20#