000
CXUS53 KGRR 011308
CF6GRR
PRELIMINARY LOCAL CLIMATOLOGICAL DATA (WS FORM: F-6)

                                          STATION:   GRAND RAPIDS MI
                                          MONTH:     NOVEMBER
                                          YEAR:      2010
                                          LATITUDE:   42 52 N
                                          LONGITUDE:  85 31 W

  TEMPERATURE IN F:       :PCPN:    SNOW:  WIND      :SUNSHINE: SKY     :PK WND
================================================================================
1   2   3   4   5  6A  6B    7    8   9   10  11  12  13   14  15   16   17  18
                                     12Z  AVG MX 2MIN
DY MAX MIN AVG DEP HDD CDD  WTR  SNW DPTH SPD SPD DIR MIN PSBL S-S WX    SPD DR
================================================================================

 1  51  28  40  -4  25   0 0.00  0.0    0  2.6  9 130 586   95   2        12 110
 2  52  27  40  -3  25   0 0.00  0.0    0  2.8  9 110 616  100   1 8      13 120
 3  49  29  39  -4  26   0    T  0.0    0  7.3 18 200 127   21   5        23 200
 4  53  31  42  -1  23   0    T  0.0    0  9.3 22  10 134   22   7 18     29  10
 5  40  30  35  -7  30   0 0.01  0.1    0  9.3 20 340  61   10   8 1      26 340
 6  43  21  32 -10  33   0 0.00  0.0    0  4.6 13 240 421   69   4        16 240
 7  57  31  44   2  21   0 0.00  0.0    0  8.6 17 200 603  100   1        22 190
 8  64  32  48   7  17   0 0.00  0.0    0  4.1  9  90 542   90   3 8      12 120
 9  65  36  51  10  14   0 0.00  0.0    0  8.4 15 110 598  100   0 8      17 110
10  62  37  50   9  15   0 0.00  0.0    0  9.5 15 120 520   87   5 18     18 120
11  69  38  54  14  11   0 0.00  0.0    0  5.5 12 180 536   90   4 18     15 190
12  67  43  55  15  10   0 0.00  0.0    0  5.3 13  80 170   29   6 18     16  70
13  58  43  51  12  14   0 0.11  0.0    0 11.9 24 250  53    9   9 18     29 250
14  45  39  42   3  23   0 0.11  0.0    0 13.7 24 230  20    3  10 1      31 220
15  50  37  44   5  21   0 0.03  0.0    0  7.3 15 240 252   43   7 1      20 220
16  49  32  41   3  24   0    T  0.0    0  8.3 14  40 286   49   7 18     18  40
17  54  38  46   8  19   0 0.05  0.0    0  7.2 18 310 134   23   8 8      22 310
18  43  34  39   2  26   0    T    T    0  6.9 15 310   0    0   8        20 310
19  46  30  38   1  27   0 0.00  0.0    0 10.3 21 180 255   44   8 8      28 170
20  45  33  39   2  26   0 0.00  0.0    0  7.4 17  90 373   65   6        22  90
21  58  32  45   9  20   0    T  0.0    0 12.7 20 110   0    0   9 18     24 110
22  63  55  59  23   6   0 1.38  0.0    0 13.3 25 250   0    0  10 13     32 190
23  55  30  43   7  22   0    T    T    0 16.1 29 260  30    5   9        37 270
24  37  23  30  -5  35   0 0.14    T    0 11.9 24 100   0    0   9 14     30 110
25  43  28  36   1  29   0 0.26  0.0    0 11.9 26 290   0    0  10 1      33 290
26  33  26  30  -4  35   0    T    T    0 21.0 29 250   0    0  10        39 290
27  33  28  31  -3  34   0 0.00  0.0    0 10.4 24 300   0    0   9        35 280
28  42  24  33  -1  32   0 0.00  0.0    0  8.2 14 150 467   83   3        18 160
29  52  28  40   7  25   0 0.09  0.0    0 10.4 17 150 326   58   6        21 130
30  54  33  44  11  21   0 0.63    T    0 16.3 24 240   0    0  10 18     35 240
================================================================================
SM 1532  976       689   0  2.81     0.1 282.5         7110    194
================================================================================
AV 51.1 32.5                               9.4 FASTST  237  40   6    MAX(MPH)
                                 MISC ---->  # 29 260               # 39  290
================================================================================
NOTES:
# LAST OF SEVERAL OCCURRENCES

COLUMN 17 PEAK WIND IN M.P.H.

PRELIMINARY LOCAL CLIMATOLOGICAL DATA (WS FORM: F-6) , PAGE 2

                                          STATION:  GRAND RAPIDS MI
                                          MONTH:    NOVEMBER
                                          YEAR:     2010
                                          LATITUDE:   42 52 N
                                          LONGITUDE:  85 31 W

[TEMPERATURE DATA]      [PRECIPITATION DATA]       SYMBOLS USED IN COLUMN 16

AVERAGE MONTHLY: 41.8   TOTAL FOR MONTH:   2.81    1 = FOG OR MIST
DPTR FM NORMAL:   3.4   DPTR FM NORMAL:   -0.54    2 = FOG REDUCING VISIBILITY
HIGHEST:    69 ON 11    GRTST 24HR  1.38 ON 22-22      TO 1/4 MILE OR LESS
LOWEST:     21 ON  6                               3 = THUNDER
                        SNOW, ICE PELLETS, HAIL    4 = ICE PELLETS
                        TOTAL MONTH:   0.1 INCH    5 = HAIL
                        GRTST 24HR   0.1 ON   M    6 = FREEZING RAIN OR DRIZZLE
                        GRTST DEPTH:   0           7 = DUSTSTORM OR SANDSTORM:
                                                       VSBY 1/2 MILE OR LESS
                                                   8 = SMOKE OR HAZE
[NO. OF DAYS WITH]      [WEATHER - DAYS WITH]      9 = BLOWING SNOW
                                                   X = TORNADO
MAX 32 OR BELOW:   0    0.01 INCH OR MORE:  10
MAX 90 OR ABOVE:   0    0.10 INCH OR MORE:   6
MIN 32 OR BELOW:  18    0.50 INCH OR MORE:   2
MIN  0 OR BELOW:   0    1.00 INCH OR MORE:   1

[HDD (BASE 65) ]
TOTAL THIS MO.   689    CLEAR  (SCALE 0-3)   6
DPTR FM NORMAL  -104    PTCLDY (SCALE 4-7)  13
TOTAL FM JUL 1  1154    CLOUDY (SCALE 8-10) 11
DPTR FM NORMAL  -303

[CDD (BASE 65) ]
TOTAL THIS MO.     0
DPTR FM NORMAL     0    [PRESSURE DATA]
TOTAL FM JAN 1   964    HIGHEST SLP 30.54 ON  2
DPTR FM NORMAL   351    LOWEST  SLP 29.54 ON 30

[REMARKS]
#FINAL-11-10#
