000
CXUS53 KGRR 011017
CF6GRR
PRELIMINARY LOCAL CLIMATOLOGICAL DATA (WS FORM: F-6)
STATION: GRAND RAPIDS
MONTH: MARCH
YEAR: 2020
LATITUDE: 42 52 N
LONGITUDE: 85 31 W
TEMPERATURE IN F: :PCPN: SNOW: WIND :SUNSHINE: SKY :PK WND
================================================================================
1 2 3 4 5 6A 6B 7 8 9 10 11 12 13 14 15 16 17 18
12Z AVG MX 2MIN
DY MAX MIN AVG DEP HDD CDD WTR SNW DPTH SPD SPD DIR MIN PSBL S-S WX SPD DR
================================================================================
1 51 20 36 6 29 0 0.00 0.0 0 11.1 24 190 552 82 6 31 180
2 47 29 38 7 27 0 0.00 0.0 0 8.9 18 250 678 71 5 1 24 260
3 40 25 33 2 32 0 T T 0 10.8 29 260 175 26 8 18 39 250
4 43 24 34 3 31 0 0.00 0.0 0 12.4 23 270 622 91 3 31 270
5 49 22 36 4 29 0 0.06 0.0 0 11.5 28 240 384 56 6 38 240
6 37 24 31 -1 34 0 0.04 T 0 11.6 25 350 150 22 7 1 37 10
7 48 17 33 1 32 0 0.00 0.0 0 7.9 17 210 693 100 2 24 190
8 63 37 50 17 15 0 0.00 0.0 0 14.5 24 210 664 95 5 36 220
9 57 48 53 20 12 0 0.48 0.0 0 13.8 23 180 70 10 8 1 33 180
10 52 33 43 10 22 0 0.23 0.0 0 9.8 28 250 483 69 6 1 33 250
11 41 32 37 3 28 0 T T 0 5.1 13 240 90 13 9 18 16 250
12 53 38 46 12 19 0 0.07 0.0 0 9.5 26 290 374 53 10 18 39 280
13 44 34 39 5 26 0 T 0.0 0 17.7 30 240 695 98 6 42 290
14 37 29 33 -2 32 0 T T 0 5.4 14 30 10 1 7 17 30
15 44 24 34 -1 31 0 T T 0 8.9 15 80 716 100 3 22 60
16 43 23 33 -3 32 0 0.01 T 0 8.4 16 230 286 40 7 1 21 240
17 45 27 36 0 29 0 T 0.0 0 11.2 22 270 599 83 5 18 30 270
18 46 26 36 0 29 0 0.01 0.0 0 6.5 14 120 0 0 9 18 20 120
19 60 30 45 8 20 0 0.32 0.0 0 10.8 20 200 28 4 8 18 31 220
20 62 25 44 7 21 0 0.19 T 0 15.9 26 250 20 3 10 18 37 260
21 35 20 28 -9 37 0 T T 0 7.4 17 40 677 92 7 22 40
22 38 20 29 -9 36 0 0.05 0.7 0 9.6 20 150 496 67 5 18 25 150
23 39 29 34 -4 31 0 0.12 2.1 3 4.4 13 290 50 7 8 1 16 290
24 47 28 38 -1 27 0 0.00 0.0 0 5.5 15 100 463 62 8 1 21 100
25 58 27 43 4 22 0 0.00 0.0 0 4.8 13 260 652 88 4 18 17 210
26 53 42 48 8 17 0 0.01 0.0 0 6.7 16 260 0 0 9 8 22 260
27 51 36 44 4 21 0 0.19 0.0 0 10.9 17 100 508 68 8 1 21 110
28 49 40 45 5 20 0 1.33 0.0 0 13.5 25 90 0 0 10 138 33 100
29 55 40 48 7 17 0 0.15 0.0 0 19.1 40 220 80 11 8 18 57 230
30 42 37 40 -1 25 0 T 0.0 0 12.9 23 260 0 0 9 1 32 250
31 43 36 40 -2 25 0 0.01 0.0 0 7.6 13 20 7 1 10 1 18 50
================================================================================
SM 1472 922 808 0 3.27 2.8 314.1 10222 216
================================================================================
AV 47.5 29.7 10.1 FASTST 330 46 7 MAX(MPH)
MISC ----> # 40 220 # 57 230
================================================================================
NOTES:
# LAST OF SEVERAL OCCURRENCES
COLUMN 17 PEAK WIND IN M.P.H.
PRELIMINARY LOCAL CLIMATOLOGICAL DATA (WS FORM: F-6) , PAGE 2
STATION: GRAND RAPIDS
MONTH: MARCH
YEAR: 2020
LATITUDE: 42 52 N
LONGITUDE: 85 31 W
[TEMPERATURE DATA] [PRECIPITATION DATA] SYMBOLS USED IN COLUMN 16
AVERAGE MONTHLY: 38.6 TOTAL FOR MONTH: 3.27 1 = FOG OR MIST
DPTR FM NORMAL: 3.0 DPTR FM NORMAL: 0.90 2 = FOG REDUCING VISIBILITY
HIGHEST: 63 ON 8 GRTST 24HR 1.33 ON 28-28 TO 1/4 MILE OR LESS
LOWEST: 17 ON 7 3 = THUNDER
SNOW, ICE PELLETS, HAIL 4 = ICE PELLETS
TOTAL MONTH: 2.8 INCHES 5 = HAIL
GRTST 24HR 2.1 ON 23-23 6 = FREEZING RAIN OR DRIZZLE
GRTST DEPTH: 3 ON 23 7 = DUSTSTORM OR SANDSTORM:
VSBY 1/2 MILE OR LESS
8 = SMOKE OR HAZE
[NO. OF DAYS WITH] [WEATHER - DAYS WITH] 9 = BLOWING SNOW
X = TORNADO
MAX 32 OR BELOW: 0 0.01 INCH OR MORE: 16
MAX 90 OR ABOVE: 0 0.10 INCH OR MORE: 8
MIN 32 OR BELOW: 20 0.50 INCH OR MORE: 1
MIN 0 OR BELOW: 0 1.00 INCH OR MORE: 1
[HDD (BASE 65) ]
TOTAL THIS MO. 808 CLEAR (SCALE 0-3) 3
DPTR FM NORMAL -102 PTCLDY (SCALE 4-7) 18
TOTAL FM JUL 1 5325 CLOUDY (SCALE 8-10) 10
DPTR FM NORMAL -362
[CDD (BASE 65) ]
TOTAL THIS MO. 0
DPTR FM NORMAL -1 [PRESSURE DATA]
TOTAL FM JAN 1 0 HIGHEST SLP 30.69 ON 15
DPTR FM NORMAL -1 LOWEST SLP 29.43 ON 29
[REMARKS]
#FINAL-03-20#