000
CXUS53 KGRR 011017
CF6GRR
PRELIMINARY LOCAL CLIMATOLOGICAL DATA (WS FORM: F-6)

                                          STATION:   GRAND RAPIDS MI
                                          MONTH:     MARCH
                                          YEAR:      2010
                                          LATITUDE:   42 52 N
                                          LONGITUDE:  85 31 W

  TEMPERATURE IN F:       :PCPN:    SNOW:  WIND      :SUNSHINE: SKY     :PK WND
================================================================================
1   2   3   4   5  6A  6B    7    8   9   10  11  12  13   14  15   16   17  18
                                     12Z  AVG MX 2MIN
DY MAX MIN AVG DEP HDD CDD  WTR  SNW DPTH SPD SPD DIR MIN PSBL S-S WX    SPD DR
================================================================================

 1  41  28  35   6  30   0    T    T    6  5.9 12 330 492   73   7        14 340
 2  40  19  30   1  35   0 0.00  0.0    5  3.5 12  20 676   98   1        14  20
 3  42  22  32   2  33   0 0.00  0.0    4  5.8 15  20 679  100   3        17  10
 4  42  19  31   1  34   0 0.00  0.0    3  5.0 14  50 637   93   2        16  50
 5  41  19  30  -1  35   0 0.00  0.0    2  3.7 10  80 685  100   0 18     13  70
 6  43  17  30  -1  35   0 0.00  0.0    2  3.4 13 260 688  100   0 18     15 260
 7  46  21  34   3  31   0 0.00  0.0    1  3.5 10 260 660   96   2 8      13 260
 8  48  24  36   4  29   0 0.00  0.0    0  4.0 13 260 653   94   0 18     15 250
 9  53  27  40   8  25   0    T  0.0    0  6.1 14  80 472   68   6 18     16  80
10  53  41  47  15  18   0 0.04  0.0    T  9.9 14 120  95   14   8 18     21 100
11  57  40  49  16  16   0 0.80  0.0    0  9.7 22  90  86   12   8 128    33  90
12  55  47  51  18  14   0 0.02  0.0    0 10.3 20  60   0    0  10 128    24  50
13  48  41  45  12  20   0 0.01  0.0    0 18.2 26  60   0    0  10 18     35  40
14  45  39  42   8  23   0    T  0.0    0 13.9 24  20  20    3  10 18     29  20
15  56  38  47  13  18   0 0.00  0.0    0  7.9 17  30 185   26   8 18     22  40
16  64  30  47  12  18   0 0.00  0.0    0  2.0 13  30 704   98   4        17  20
17  65  31  48  13  17   0 0.00  0.0    0  4.0 17 270 720  100   1        22 280
18  58  35  47  12  18   0 0.00  0.0    0 11.8 25 260 707   98   4        31 270
19  61  45  53  17  12   0 0.00  0.0    0 11.4 22 260 516   71   6        26 260
20  45  31  38   2  27   0 0.30  2.0    T 10.1 20  30   0    0  10 18     25  30
21  47  32  40   4  25   0    T    T    1  8.1 14  50 340   46   7 8      17  40
22  55  33  44   7  21   0 0.00  0.0    0 15.9 30  40 735  100   2        37  40
23  57  35  46   9  19   0 0.00  0.0    0  7.5 18 280 676   92   3        23 240
24  60  30  45   7  20   0    T  0.0    0  2.6 10 200 522   70   7        13 190
25  48  25  37  -1  28   0    T  0.0    0 11.3  M   M 255   34  10 8       M 150
26  42  19  31  -7  34   0 0.00  0.0    0  7.5 16  20 747  100   1        22  30
27  53  27  40   1  25   0 0.00  0.0    0  8.5 16 130 464   62   7        20 140
28  54  35  45   6  20   0 0.00  0.0    0  9.2 18  80 175   23   6        23  40
29  48  30  39  -1  26   0 0.00  0.0    0  5.6 14 360 550   73   4        17 360
30  61  26  44   4  21   0 0.00  0.0    0  5.4 14 170 720   95   3 18     18 180
31  78  42  60  20   5   0 0.00  0.0    0 12.1 24 170 653   86   6        31 190
================================================================================
SM 1606  948       732   0  1.17     2.0 243.8        14512    156
================================================================================
AV 51.8 30.6                               7.9 FASTST  468  65   5    MAX(MPH)
                                 MISC ---->  # 30  40               # 37   40
================================================================================
NOTES:
# LAST OF SEVERAL OCCURRENCES

COLUMN 17 PEAK WIND IN M.P.H.

PRELIMINARY LOCAL CLIMATOLOGICAL DATA (WS FORM: F-6) , PAGE 2

                                          STATION:  GRAND RAPIDS MI
                                          MONTH:    MARCH
                                          YEAR:     2010
                                          LATITUDE:   42 52 N
                                          LONGITUDE:  85 31 W

[TEMPERATURE DATA]      [PRECIPITATION DATA]       SYMBOLS USED IN COLUMN 16

AVERAGE MONTHLY: 41.2   TOTAL FOR MONTH:   1.17    1 = FOG OR MIST
DPTR FM NORMAL:   6.6   DPTR FM NORMAL:   -1.42    2 = FOG REDUCING VISIBILITY
HIGHEST:    78 ON 31    GRTST 24HR  0.80 ON 11-11      TO 1/4 MILE OR LESS
LOWEST:     17 ON  6                               3 = THUNDER
                        SNOW, ICE PELLETS, HAIL    4 = ICE PELLETS
                        TOTAL MONTH:   2.0 INCHES  5 = HAIL
                        GRTST 24HR   2.0 ON 20-20  6 = FREEZING RAIN OR DRIZZLE
                        GRTST DEPTH:   6 ON  1     7 = DUSTSTORM OR SANDSTORM:
                                                       VSBY 1/2 MILE OR LESS
                                                   8 = SMOKE OR HAZE
[NO. OF DAYS WITH]      [WEATHER - DAYS WITH]      9 = BLOWING SNOW
                                                   X = TORNADO
MAX 32 OR BELOW:   0    0.01 INCH OR MORE:   5
MAX 90 OR ABOVE:   0    0.10 INCH OR MORE:   2
MIN 32 OR BELOW:  19    0.50 INCH OR MORE:   1
MIN  0 OR BELOW:   0    1.00 INCH OR MORE:   0

[HDD (BASE 65) ]
TOTAL THIS MO.   732    CLEAR  (SCALE 0-3)  11
DPTR FM NORMAL  -224    PTCLDY (SCALE 4-7)  14
TOTAL FM JUL 1  5424    CLOUDY (SCALE 8-10)  6
DPTR FM NORMAL  -588

[CDD (BASE 65) ]
TOTAL THIS MO.     0
DPTR FM NORMAL    -2    [PRESSURE DATA]
TOTAL FM JAN 1     0    HIGHEST SLP 30.46 ON  6
DPTR FM NORMAL    -2    LOWEST  SLP 29.55 ON 13

[REMARKS]
#FINAL-03-10#
