000
CXUS53 KGRR 011017
CF6GRR
PRELIMINARY LOCAL CLIMATOLOGICAL DATA (WS FORM: F-6)

                                          STATION:   GRAND RAPIDS MI
                                          MONTH:     JUNE
                                          YEAR:      2013
                                          LATITUDE:   42 52 N
                                          LONGITUDE:  85 31 W

  TEMPERATURE IN F:       :PCPN:    SNOW:  WIND      :SUNSHINE: SKY     :PK WND
================================================================================
1   2   3   4   5  6A  6B    7    8   9   10  11  12  13   14  15   16   17  18
                                     12Z  AVG MX 2MIN
DY MAX MIN AVG DEP HDD CDD  WTR  SNW DPTH SPD SPD DIR MIN PSBL S-S WX    SPD DR
================================================================================

 1  79  64  72   8   0   7 1.07  0.0    0 11.5 24 160 372   41   8 13     29 170
 2  64  44  54 -10  11   0 0.06  0.0    0 11.2 20 250 424   47   8 1      23 330
 3  67  41  54 -11  11   0 0.00  0.0    0  3.9 15 280 820   90   2        26 290
 4  74  47  61  -4   4   0 0.00  0.0    0  4.3 12 100 766   84   5        14  50
 5  71  57  64  -1   1   0 0.01  0.0    0  9.2 17 110 338   37   9        22 100
 6  66  55  61  -5   4   0 0.10  0.0    0  8.9 15  60 138   15   9        18  70
 7  73  50  62  -4   3   0 0.00  0.0    0  8.3 20  30 801   88   3        24  30
 8  75  51  63  -3   2   0 0.00  0.0    0  3.0  9 290 701   77   5        13 310
 9  81  57  69   2   0   4 0.00  0.0    0 10.1 21 110 444   48   7        25 110
10  75  63  69   2   0   4 0.19  0.0    0  8.0 16  90 255   28   8 18     20  90
11  81  59  70   3   0   5 0.00  0.0    0  7.0 18 260 544   59   5 18     22 250
12  77  62  70   2   0   5 0.87  0.0    0  5.9 21  60 138   15   7 138    28  70
13  78  61  70   2   0   5 0.26  0.0    0 10.2 23  20 864   94   6 1      31  40
14  80  55  68   0   0   3 0.00  0.0    0  4.7 14 270 897   98   2        17 290
15  75  55  65  -3   0   0 0.03  0.0    0  6.0 21 250 270   29   7        25 230
16  80  62  71   2   0   6 1.18  0.0    0 10.0 21 260 634   69   5 13     25 250
17  85  58  72   3   0   7 0.00  0.0    0  7.4 20  10 848   92   4 138    28  10
18  72  55  64  -5   1   0 0.00  0.0    0 10.9 21  40 833   91   6 18     26  40
19  76  47  62  -8   3   0 0.00  0.0    0  3.9  M   M 876   95   1         M  M
20  84  52  68  -2   0   3 0.00  0.0    0  2.9 10 300 877   95   2         M  M
21  84  63  74   4   0   9 0.00  0.0    0  7.8 22 170 542   59   5        28 170
22  87  69  78   8   0  13 0.00  0.0    0  6.2 15 170 648   70   8        30 200
23  89  70  80   9   0  15 0.00  0.0    0 10.2 20 220 784   85   5 18     24 220
24  87  69  78   7   0  13    T  0.0    0  9.6 21 270 845   92   5        45 150
25  81  67  74   3   0   9 0.67  0.0    0  7.6 25 290 243   26   7 13     36 300
26  84  66  75   4   0  10 0.00  0.0    0  5.8 18 190 571   62   6 1      22 180
27  87  68  78   7   0  13 0.00  0.0    0  5.8 20 260 771   84   6 18     24 260
28  82  65  74   2   0   9 0.08  0.0    0  6.7 18 270 639   70   5 18     23 260
29  74  62  68  -4   0   3    T  0.0    0  6.5 17  50 393   43   8 18     21  50
30  81  61  71  -1   0   6 0.00  0.0    0  8.2 16  60 800   87   7        21  60
================================================================================
SM 2349 1755        40 149  4.52     0.0 221.7        18076    171
================================================================================
AV 78.3 58.5                               7.4 FASTST  603  66   6    MAX(MPH)
                                 MISC ---->  # 25 290               # 45  150
================================================================================
NOTES:
# LAST OF SEVERAL OCCURRENCES

COLUMN 17 PEAK WIND IN M.P.H.

PRELIMINARY LOCAL CLIMATOLOGICAL DATA (WS FORM: F-6) , PAGE 2

                                          STATION:  GRAND RAPIDS MI
                                          MONTH:    JUNE
                                          YEAR:     2013
                                          LATITUDE:   42 52 N
                                          LONGITUDE:  85 31 W

[TEMPERATURE DATA]      [PRECIPITATION DATA]       SYMBOLS USED IN COLUMN 16

AVERAGE MONTHLY: 68.4   TOTAL FOR MONTH:   4.52    1 = FOG OR MIST
DPTR FM NORMAL:   0.0   DPTR FM NORMAL:    0.75    2 = FOG REDUCING VISIBILITY
HIGHEST:    89 ON 23    GRTST 24HR  1.18 ON 16-16      TO 1/4 MILE OR LESS
LOWEST:     41 ON  3                               3 = THUNDER
                        SNOW, ICE PELLETS, HAIL    4 = ICE PELLETS
                        TOTAL MONTH:   0.0 INCH    5 = HAIL
                        GRTST 24HR     0.0         6 = FREEZING RAIN OR DRIZZLE
                        GRTST DEPTH:   0           7 = DUSTSTORM OR SANDSTORM:
                                                       VSBY 1/2 MILE OR LESS
                                                   8 = SMOKE OR HAZE
[NO. OF DAYS WITH]      [WEATHER - DAYS WITH]      9 = BLOWING SNOW
                                                   X = TORNADO
MAX 32 OR BELOW:   0    0.01 INCH OR MORE:  11
MAX 90 OR ABOVE:   0    0.10 INCH OR MORE:   7
MIN 32 OR BELOW:   0    0.50 INCH OR MORE:   4
MIN  0 OR BELOW:   0    1.00 INCH OR MORE:   2

[HDD (BASE 65) ]
TOTAL THIS MO.    40    CLEAR  (SCALE 0-3)   5
DPTR FM NORMAL    -5    PTCLDY (SCALE 4-7)  21
TOTAL FM JUL 1  6311    CLOUDY (SCALE 8-10)  4
DPTR FM NORMAL  -174

[CDD (BASE 65) ]
TOTAL THIS MO.   149
DPTR FM NORMAL     4    [PRESSURE DATA]
TOTAL FM JAN 1   231    HIGHEST SLP 30.21 ON  4
DPTR FM NORMAL    39    LOWEST  SLP 29.55 ON 28

[REMARKS]
#FINAL-06-13#
