000
CXUS53 KGRR 011344
CF6GRR
PRELIMINARY LOCAL CLIMATOLOGICAL DATA (WS FORM: F-6)

                                          STATION:   GRAND RAPIDS MI
                                          MONTH:     JANUARY
                                          YEAR:      2013
                                          LATITUDE:   42 52 N
                                          LONGITUDE:  85 31 W

  TEMPERATURE IN F:       :PCPN:    SNOW:  WIND      :SUNSHINE: SKY     :PK WND
================================================================================
1   2   3   4   5  6A  6B    7    8   9   10  11  12  13   14  15   16   17  18
                                     12Z  AVG MX 2MIN
DY MAX MIN AVG DEP HDD CDD  WTR  SNW DPTH SPD SPD DIR MIN PSBL S-S WX    SPD DR
================================================================================

 1  27  19  23  -2  42   0    T  0.1    1  8.2 17 280  38    7   9        21 270
 2  27  17  22  -3  43   0    T    T    1  8.8 16 180   0    0   9 8      21 210
 3  30  17  24  -1  41   0 0.01  0.2    1 10.1 18 280   0    0  10 1      32 270
 4  34  26  30   5  35   0 0.00  0.0    1 18.4 31 250  66   12   7        37 250
 5  36  21  29   4  36   0 0.04  1.2    2  9.0 18 210 231   42   7 18     23 210
 6  36  31  34   9  31   0 0.10  0.4    2 10.3 18 320   0    0  10 18     24 310
 7  37  26  32   7  33   0 0.00  0.0    2 11.5 23 200 534   97   5 18     29 190
 8  38  25  32   7  33   0 0.00  0.0    1  8.7 14 180 168   30   5 18     17 170
 9  45  33  39  15  26   0    T    T    1 17.2 33 250 490   88   3        44 260
10  46  23  35  11  30   0 0.12  0.0    0  8.6 17 110 230   41   6 1      22 110
11  53  37  45  21  20   0 0.58  0.0    0 10.9 24 230   0    0  10 1      32 240
12  57  39  48  24  17   0 0.02  0.0    0 12.2 26 250 137   25   7        33 250
13  39  26  33   9  32   0 0.27    T    0  9.3 23 270   0    0  10 146    30 270
14  28  19  24   0  41   0    T  0.2    T 10.1 21 280  89   16   7        28 260
15  32  16  24   0  41   0    T    T    T  4.3  9 170 533   95   4        14 180
16  36  18  27   3  38   0    T    T    0 13.5 28 240 371   66   5 168    35 240
17  36  21  29   5  36   0    T    T    0 10.9 24 300 201   35   9        29 300
18  40  17  29   5  36   0    T    T    0 12.1 29 200 106   19   8 8      36 200
19  46  39  43  19  22   0    T    T    0 18.2 37 260  49    9   7        47 260
20  40  15  28   4  37   0    T  0.1    0 14.6 43 280  73   13   9 89     52 280
21  16   2   9 -15  56   0 0.14  3.1    1 12.7 24 290   0    0  10 1      30 300
22  10  -2   4 -20  61   0 0.02  0.5    2  6.9 16 320 244   42   9 18     24 310
23  18   4  11 -13  54   0 0.15  3.2    2  6.9 15 350   0    0  10 128    17 350
24  17   2  10 -14  55   0    T    T    4  4.2 10  10 483   83   5 1      14 320
25  23  13  18  -6  47   0 0.06  2.1    3  7.7 15 170  12    2  10 18     18 180
26  29  20  25   1  40   0    T  0.2    5  6.5 15 300 281   48   9 18     20 310
27  32  17  25   1  40   0 0.19  0.9    4  9.4 22 120   5    1   9 1246   24 130
28  44  32  38  14  27   0 0.20  0.0    3  9.3 20 250   0    0  10 126    26 270
29  58  34  46  22  19   0 1.25  0.0    T 11.6 22 170   0    0  10 123    29 170
30  54  26  40  16  25   0 0.67  0.2    0 11.0 28 290   0    0  10 12     38 290
31  26  16  21  -3  44   0 0.19  4.6    2 14.8 25 280   0    0  10 19     35 280
================================================================================
SM 1090  649      1138   0  4.01    17.0 327.9         4341    249
================================================================================
AV 35.2 20.9                              10.6 FASTST  140  25   8    MAX(MPH)
                                 MISC ---->  # 43 280               # 52  280
================================================================================
NOTES:
# LAST OF SEVERAL OCCURRENCES

COLUMN 17 PEAK WIND IN M.P.H.

PRELIMINARY LOCAL CLIMATOLOGICAL DATA (WS FORM: F-6) , PAGE 2

                                          STATION:  GRAND RAPIDS MI
                                          MONTH:    JANUARY
                                          YEAR:     2013
                                          LATITUDE:   42 52 N
                                          LONGITUDE:  85 31 W

[TEMPERATURE DATA]      [PRECIPITATION DATA]       SYMBOLS USED IN COLUMN 16

AVERAGE MONTHLY: 28.0   TOTAL FOR MONTH:   4.01    1 = FOG OR MIST
DPTR FM NORMAL:   3.6   DPTR FM NORMAL:    1.92    2 = FOG REDUCING VISIBILITY
HIGHEST:    58 ON 29    GRTST 24HR  1.48 ON 29-30      TO 1/4 MILE OR LESS
LOWEST:     -2 ON 22                               3 = THUNDER
                        SNOW, ICE PELLETS, HAIL    4 = ICE PELLETS
                        TOTAL MONTH:  17.0 INCHES  5 = HAIL
                        GRTST 24HR   4.6 ON   M    6 = FREEZING RAIN OR DRIZZLE
                        GRTST DEPTH:   5 ON 26     7 = DUSTSTORM OR SANDSTORM:
                                                       VSBY 1/2 MILE OR LESS
                                                   8 = SMOKE OR HAZE
[NO. OF DAYS WITH]      [WEATHER - DAYS WITH]      9 = BLOWING SNOW
                                                   X = TORNADO
MAX 32 OR BELOW:  13    0.01 INCH OR MORE:  16
MAX 90 OR ABOVE:   0    0.10 INCH OR MORE:  11
MIN 32 OR BELOW:  26    0.50 INCH OR MORE:   3
MIN  0 OR BELOW:   1    1.00 INCH OR MORE:   1

[HDD (BASE 65) ]
TOTAL THIS MO.  1138    CLEAR  (SCALE 0-3)   0
DPTR FM NORMAL  -120    PTCLDY (SCALE 4-7)  12
TOTAL FM JUL 1  3366    CLOUDY (SCALE 8-10) 19
DPTR FM NORMAL  -341

[CDD (BASE 65) ]
TOTAL THIS MO.     0
DPTR FM NORMAL     0    [PRESSURE DATA]
TOTAL FM JAN 1     0    HIGHEST SLP 30.65 ON 24
DPTR FM NORMAL     0    LOWEST  SLP 29.10 ON 30

[REMARKS]
#FINAL-01-13#
