000
CXUS53 KGRR 011017
CF6GRR
PRELIMINARY LOCAL CLIMATOLOGICAL DATA (WS FORM: F-6)

                                          STATION:   GRAND RAPIDS MI
                                          MONTH:     JULY
                                          YEAR:      2012
                                          LATITUDE:   42 52 N
                                          LONGITUDE:  85 31 W

  TEMPERATURE IN F:       :PCPN:    SNOW:  WIND      :SUNSHINE: SKY     :PK WND
================================================================================
1   2   3   4   5  6A  6B    7    8   9   10  11  12  13   14  15   16   17  18
                                     12Z  AVG MX 2MIN
DY MAX MIN AVG DEP HDD CDD  WTR  SNW DPTH SPD SPD DIR MIN PSBL S-S WX    SPD DR
================================================================================

 1  91  65  78   6   0  13    T  0.0    0  4.6 14 250 778   85   4        17 260
 2  96  63  80   8   0  15 0.00  0.0    0  3.0 14 250 868   95   3         M 190
 3  96  76  86  14   0  21 0.03  0.0    0 10.4 20 270 660   72   6 38     30 280
 4  99  78  89  17   0  24 0.00  0.0    0  9.3 20 260 802   88   3 8      26 270
 5 101  76  89  17   0  24 0.00  0.0    0  9.1 29  30 766   84   4        37  40
 6 104  74  89  17   0  24 0.00  0.0    0  4.7 14 270 856   94   2        20 290
 7  99  78  89  17   0  24 0.00  0.0    0  7.9 18  10 614   67   5        23  10
 8  87  70  79   6   0  14 0.00  0.0    0  7.3 17  20 871   96   6        22  30
 9  89  64  77   4   0  12 0.00  0.0    0  5.8 17 270 830   91   4        23 280
10  86  61  74   1   0   9 0.00  0.0    0  5.7 15  50 806   89   3        25  30
11  89  60  75   2   0  10 0.00  0.0    0  3.7 12 100 746   82   4        17  40
12  90  60  75   2   0  10 0.00  0.0    0  4.9 14  70 895   99   1        23  70
13  94  63  79   6   0  14    T  0.0    0  4.5 17 260 527   58   4        22 200
14  94  69  82   9   0  17    T  0.0    0  7.0 16 190 707   74   6        20 240
15  91  69  80   7   0  15 0.00  0.0    0  9.5 21 240 811   90   3 1      25 240
16  97  67  82   9   0  17 0.00  0.0    0  9.1 21 240 859   96   4 18     30 270
17  99  78  89  16   0  24 0.00  0.0    0 12.0 32 360 780   87   3        41  10
18  91  74  83  10   0  18 0.15  0.0    0  7.3 15  80 574   89   6        18  80
19  79  65  72  -1   0   7 0.70  0.0    0  8.9 22  60  68    7  10 138    26  50
20  84  62  73   0   0   8 0.00  0.0    0  8.1 18  50 844   95   4        24  50
21  87  60  74   1   0   9 0.00  0.0    0  6.6 20 250 731   82   5        24 260
22  91  67  79   6   0  14 0.00  0.0    0  8.7 22 250 799   90   5 18     25 250
23  94  74  84  11   0  19 0.07  0.0    0 13.2 24 210 576   65   3 3      30 230
24  87  65  76   4   0  11    T  0.0    0  6.6 17 360 762   86   5        23  10
25  93  64  79   7   0  14    T  0.0    0 12.2 22 180 718   81   5        28 170
26  87  71  79   7   0  14 0.37  0.0    0  8.8 20 270 343   39   5 13     25 320
27  82  67  75   3   0  10 0.78  0.0    0  5.4 15 330 288   33   7 1238   20 320
28  84  62  73   1   0   8 0.00  0.0    0  6.6 16  30 833   95   1        33 220
29  86  60  73   1   0   8 0.00  0.0    0  3.3  M 250 778   89   5         M 330
30  90  62  76   4   0  11 0.00  0.0    0  5.1 14 210 838   96   3        21 290
31  86  65  76   4   0  11 0.46  0.0    0  7.8 36  10 687   79   5 13     45 360
================================================================================
SM 2823 2089         0 449  2.56     0.0 227.1        22015    134
================================================================================
AV 91.1 67.4                               7.3 FASTST  710  80   4    MAX(MPH)
                                 MISC ---->  # 36  10               # 45  360
================================================================================
NOTES:
# LAST OF SEVERAL OCCURRENCES

COLUMN 17 PEAK WIND IN M.P.H.

PRELIMINARY LOCAL CLIMATOLOGICAL DATA (WS FORM: F-6) , PAGE 2

                                          STATION:  GRAND RAPIDS MI
                                          MONTH:    JULY
                                          YEAR:     2012
                                          LATITUDE:   42 52 N
                                          LONGITUDE:  85 31 W

[TEMPERATURE DATA]      [PRECIPITATION DATA]       SYMBOLS USED IN COLUMN 16

AVERAGE MONTHLY: 79.2   TOTAL FOR MONTH:   2.56    1 = FOG OR MIST
DPTR FM NORMAL:   6.7   DPTR FM NORMAL:   -1.22    2 = FOG REDUCING VISIBILITY
HIGHEST:   104 ON  6    GRTST 24HR  0.78 ON 26-27      TO 1/4 MILE OR LESS
LOWEST:     60 ON 29,21                            3 = THUNDER
                        SNOW, ICE PELLETS, HAIL    4 = ICE PELLETS
                        TOTAL MONTH:   0.0 INCH    5 = HAIL
                        GRTST 24HR     0.0         6 = FREEZING RAIN OR DRIZZLE
                        GRTST DEPTH:   0           7 = DUSTSTORM OR SANDSTORM:
                                                       VSBY 1/2 MILE OR LESS
                                                   8 = SMOKE OR HAZE
[NO. OF DAYS WITH]      [WEATHER - DAYS WITH]      9 = BLOWING SNOW
                                                   X = TORNADO
MAX 32 OR BELOW:   0    0.01 INCH OR MORE:   7
MAX 90 OR ABOVE:  18    0.10 INCH OR MORE:   5
MIN 32 OR BELOW:   0    0.50 INCH OR MORE:   2
MIN  0 OR BELOW:   0    1.00 INCH OR MORE:   0

[HDD (BASE 65) ]
TOTAL THIS MO.     0    CLEAR  (SCALE 0-3)  10
DPTR FM NORMAL    -6    PTCLDY (SCALE 4-7)  20
TOTAL FM JUL 1     0    CLOUDY (SCALE 8-10)  1
DPTR FM NORMAL    -6

[CDD (BASE 65) ]
TOTAL THIS MO.   449
DPTR FM NORMAL   210    [PRESSURE DATA]
TOTAL FM JAN 1   765    HIGHEST SLP 30.19 ON 11
DPTR FM NORMAL   334    LOWEST  SLP 29.55 ON 25

[REMARKS]
#FINAL-07-12#
