000
CXUS53 KGRR 011017
CF6GRR
PRELIMINARY LOCAL CLIMATOLOGICAL DATA (WS FORM: F-6)

                                          STATION:   GRAND RAPIDS MI
                                          MONTH:     SEPTEMBER
                                          YEAR:      2012
                                          LATITUDE:   42 52 N
                                          LONGITUDE:  85 31 W

  TEMPERATURE IN F:       :PCPN:    SNOW:  WIND      :SUNSHINE: SKY     :PK WND
================================================================================
1   2   3   4   5  6A  6B    7    8   9   10  11  12  13   14  15   16   17  18
                                     12Z  AVG MX 2MIN
DY MAX MIN AVG DEP HDD CDD  WTR  SNW DPTH SPD SPD DIR MIN PSBL S-S WX    SPD DR
================================================================================

 1  82  64  73   5   0   8 0.00  0.0    0  8.7 14  80 340   43   7        17  80
 2  85  66  76   8   0  11 0.00  0.0    0 10.8 17  90 575   73   4        22  80
 3  89  62  76   8   0  11 0.00  0.0    0  5.8 12 100 722   92   3        15  80
 4  83  69  76   9   0  11 1.11  0.0    0  4.7 22 260 456   58   5 138    28 270
 5  84  68  76   9   0  11 0.00  0.0    0  5.9 17 250 476   61   5 18     22 270
 6  84  62  73   6   0   8 0.00  0.0    0  5.7 16 280 690   89   4 1      20 280
 7  77  58  68   2   0   3 0.12  0.0    0  4.4 28 350  93   12   8 1      35 360
 8  71  52  62  -4   3   0    T  0.0    0  9.2 22 260 510   66   6        28 310
 9  73  53  63  -3   2   0    T  0.0    0  4.5 15 360 625   82   5 1      18 320
10  75  46  61  -4   4   0 0.00  0.0    0  3.9 13 260 763  100   3        21 220
11  81  53  67   2   0   2 0.00  0.0    0  9.8 22 240 757  100   3        28 250
12  84  58  71   7   0   6 0.00  0.0    0  8.7 20 230 679   90   3        24 230
13  77  54  66   2   0   1 0.22  0.0    0  8.3 18 340 247   33   8 1      22 340
14  73  49  61  -3   4   0 0.02  0.0    0  6.0 23 270 727   97   4        26 250
15  76  44  60  -3   5   0 0.00  0.0    0  2.9 10 260 732   98   1        13 290
16  78  50  64   1   1   0 0.00  0.0    0  6.5 14 250 674   90   4        17 210
17  78  53  66   4   0   1 0.02  0.0    0  9.1 18 240 469   63   5 13     24 200
18  62  45  54  -8  11   0 0.03  0.0    0 11.3 25 330 433   59   8        33 290
19  68  39  54  -8  11   0    T  0.0    0 10.9 24 170 672   91   5        30 160
20  69  52  61   0   4   0 0.11  0.0    0 11.0 22 250 536   73   7 3      26 280
21  67  46  57  -4   8   0 0.20  0.0    0  7.5 31 270 157   21   7 1      38 250
22  62  48  55  -5  10   0 0.14  0.0    0  8.1 20 330 381   52   7 1      25 320
23  57  40  49 -11  16   0    T  0.0    0  6.7 20 310 378   52   7        26 280
24  64  39  52  -7  13   0 0.00  0.0    0 13.3 28 250 723  100   5        33 250
25  74  47  61   2   4   0 0.00  0.0    0  8.4 17 200 698   97   3        22 210
26  72  49  61   2   4   0 0.00  0.0    0  5.5 13 290 644   90   5        15 320
27  68  49  59   1   6   0 0.00  0.0    0  9.3 16 100 439   61   7        21 100
28  71  49  60   2   5   0 0.00  0.0    0  3.5 12 290 635   89   5         M  M
29  75  43  59   2   6   0 0.00  0.0    0  5.1 15 320 600   85   3        20 310
30  68  45  57   0   8   0 0.00  0.0    0  7.4 18  40 690   98   2        25  50
================================================================================
SM 2227 1552       125  73  1.97     0.0 222.9        16521    149
================================================================================
AV 74.2 51.7                               7.4 FASTST  551  74   5    MAX(MPH)
                                 MISC ---->  # 31 270               # 38  250
================================================================================
NOTES:
# LAST OF SEVERAL OCCURRENCES

COLUMN 17 PEAK WIND IN M.P.H.

PRELIMINARY LOCAL CLIMATOLOGICAL DATA (WS FORM: F-6) , PAGE 2

                                          STATION:  GRAND RAPIDS MI
                                          MONTH:    SEPTEMBER
                                          YEAR:     2012
                                          LATITUDE:   42 52 N
                                          LONGITUDE:  85 31 W

[TEMPERATURE DATA]      [PRECIPITATION DATA]       SYMBOLS USED IN COLUMN 16

AVERAGE MONTHLY: 63.0   TOTAL FOR MONTH:   1.97    1 = FOG OR MIST
DPTR FM NORMAL:   0.2   DPTR FM NORMAL:   -2.31    2 = FOG REDUCING VISIBILITY
HIGHEST:    89 ON  3    GRTST 24HR  1.11 ON  4- 4      TO 1/4 MILE OR LESS
LOWEST:     39 ON 24,19                            3 = THUNDER
                        SNOW, ICE PELLETS, HAIL    4 = ICE PELLETS
                        TOTAL MONTH:   0.0 INCH    5 = HAIL
                        GRTST 24HR     0.0         6 = FREEZING RAIN OR DRIZZLE
                        GRTST DEPTH:   0           7 = DUSTSTORM OR SANDSTORM:
                                                       VSBY 1/2 MILE OR LESS
                                                   8 = SMOKE OR HAZE
[NO. OF DAYS WITH]      [WEATHER - DAYS WITH]      9 = BLOWING SNOW
                                                   X = TORNADO
MAX 32 OR BELOW:   0    0.01 INCH OR MORE:   9
MAX 90 OR ABOVE:   0    0.10 INCH OR MORE:   6
MIN 32 OR BELOW:   0    0.50 INCH OR MORE:   1
MIN  0 OR BELOW:   0    1.00 INCH OR MORE:   1

[HDD (BASE 65) ]
TOTAL THIS MO.   125    CLEAR  (SCALE 0-3)   5
DPTR FM NORMAL    -7    PTCLDY (SCALE 4-7)  25
TOTAL FM JUL 1   134    CLOUDY (SCALE 8-10)  0
DPTR FM NORMAL   -18

[CDD (BASE 65) ]
TOTAL THIS MO.    73
DPTR FM NORMAL     6    [PRESSURE DATA]
TOTAL FM JAN 1  1035    HIGHEST SLP 30.36 ON 15
DPTR FM NORMAL   343    LOWEST  SLP 29.70 ON 18

[REMARKS]
#FINAL-09-12#
