000
CXUS53 KGRR 011456
CF6GRR
PRELIMINARY LOCAL CLIMATOLOGICAL DATA (WS FORM: F-6)

                                          STATION:   GRAND RAPIDS MI
                                          MONTH:     FEBRUARY
                                          YEAR:      2012
                                          LATITUDE:   42 52 N
                                          LONGITUDE:  85 31 W

  TEMPERATURE IN F:       :PCPN:    SNOW:  WIND      :SUNSHINE: SKY     :PK WND
================================================================================
1   2   3   4   5  6A  6B    7    8   9   10  11  12  13   14  15   16   17  18
                                     12Z  AVG MX 2MIN
DY MAX MIN AVG DEP HDD CDD  WTR  SNW DPTH SPD SPD DIR MIN PSBL S-S WX    SPD DR
================================================================================

 1  50  36  43  19  22   0 0.00  0.0    0  7.9 23 270 112   19   6 18     29 260
 2  44  31  38  13  27   0 0.00  0.0    0  3.8 10 250 175   29   7 18     13 230
 3  38  33  36  11  29   0 0.00  0.0    0  4.7 10 230   0    0  10 18     13  40
 4  47  28  38  13  27   0 0.00  0.0    0  3.5 10 110 438   73   3        16 150
 5  43  23  33   8  32   0 0.00  0.0    0  4.6 14 260 607  100   1        16 250
 6  36  28  32   7  33   0 0.00  0.0    0 12.2 23 240   0    0   8 18     28 240
 7  35  27  31   6  34   0 0.00  0.0    0  6.9 14  10   0    0  10 18     28 340
 8  36  20  28   3  37   0 0.00  0.0    0  6.6 17 270 536   87   4        24 270
 9  37  23  30   4  35   0 0.00  0.0    0 12.6 23 250 605   98   1        30 250
10  33  11  22  -4  43   0 0.40  6.2    0 12.7 25 250   0    0  10 12     31 250
11  21   3  12 -14  53   0    T  0.1    6  7.6 21 290 198   32   7 18     26 290
12  29  20  25  -1  40   0    T    T    4 12.9 22 260 460   74   5        26 270
13  34  19  27   1  38   0    T    T    3  9.5 17 230 273   43   5        22 210
14  34  28  31   5  34   0 0.03  0.6    3  8.2 15 200   0    0  10 1      18 200
15  43  34  39  12  26   0 0.02  0.0    3  8.5 15 190 151   24   9 18     19 190
16  43  33  38  11  27   0 0.16  0.0    0  8.5 23 270 135   21   8 128    26 270
17  42  29  36   9  29   0 0.08  1.6    0  6.5 17 210 295   46   6 1      23 210
18  35  22  29   2  36   0    T    T    1 10.9 21 320 365   57   5 1      29 320
19  37  17  27  -1  38   0 0.00  0.0    0  2.2 13 100 588   91   2        15 100
20  42  17  30   2  35   0 0.00  0.0    0  5.4 14 130 609   94   3        17 130
21  39  32  36   8  29   0 0.02    T    0 12.3 30 240   0    0   8 1      37 240
22  45  33  39  11  26   0 0.11  0.5    0 11.6 22 250 387   59   6 1      29 250
23  37  25  31   2  34   0 0.01  0.2    0  5.6 14  50   0    0   9 12     18  50
24  36  30  33   4  32   0 0.44  5.5    2 13.5 24 300   0    0  10 128    30 300
25  32  28  30   1  35   0 0.05  1.0    5 12.2  M   M  41    6   9 128     M  M
26  40  17  29   0  36   0 0.00  0.0    5 11.6 24 150 602   91   4        31 160
27  41  28  35   5  30   0 0.00  0.0    2 14.2 29 260  42    6   8        38 270
28  39  25  32   2  33   0    T    T    2  7.4 21 100 141   21   9 18     28  90
29  47  34  41  11  24   0 0.68  0.5    0 15.5 29 100   4    1  10 168    35 100
================================================================================
SM 1115  734       954   0  2.00    16.2 259.6         6764    193
================================================================================
AV 38.4 25.3                               9.0 FASTST  233  37   7    MAX(MPH)
                                 MISC ---->  # 30 240               # 38  270
================================================================================
NOTES:
# LAST OF SEVERAL OCCURRENCES

COLUMN 17 PEAK WIND IN M.P.H.

PRELIMINARY LOCAL CLIMATOLOGICAL DATA (WS FORM: F-6) , PAGE 2

                                          STATION:  GRAND RAPIDS MI
                                          MONTH:    FEBRUARY
                                          YEAR:     2012
                                          LATITUDE:   42 52 N
                                          LONGITUDE:  85 31 W

[TEMPERATURE DATA]      [PRECIPITATION DATA]       SYMBOLS USED IN COLUMN 16

AVERAGE MONTHLY: 31.9   TOTAL FOR MONTH:   2.00    1 = FOG OR MIST
DPTR FM NORMAL:   5.1   DPTR FM NORMAL:    0.21    2 = FOG REDUCING VISIBILITY
HIGHEST:    50 ON  1    GRTST 24HR  0.70 ON 29-29      TO 1/4 MILE OR LESS
LOWEST:      3 ON 11                               3 = THUNDER
                        SNOW, ICE PELLETS, HAIL    4 = ICE PELLETS
                        TOTAL MONTH:  16.2 INCHES  5 = HAIL
                        GRTST 24HR   6.2 ON   M    6 = FREEZING RAIN OR DRIZZLE
                        GRTST DEPTH:   6 ON 11     7 = DUSTSTORM OR SANDSTORM:
                                                       VSBY 1/2 MILE OR LESS
                                                   8 = SMOKE OR HAZE
[NO. OF DAYS WITH]      [WEATHER - DAYS WITH]      9 = BLOWING SNOW
                                                   X = TORNADO
MAX 32 OR BELOW:   3    0.01 INCH OR MORE:  11
MAX 90 OR ABOVE:   0    0.10 INCH OR MORE:   5
MIN 32 OR BELOW:  23    0.50 INCH OR MORE:   1
MIN  0 OR BELOW:   0    1.00 INCH OR MORE:   0

[HDD (BASE 65) ]
TOTAL THIS MO.   954    CLEAR  (SCALE 0-3)   4
DPTR FM NORMAL  -116    PTCLDY (SCALE 4-7)  15
TOTAL FM JUL 1  4137    CLOUDY (SCALE 8-10) 10
DPTR FM NORMAL  -675

[CDD (BASE 65) ]
TOTAL THIS MO.     0
DPTR FM NORMAL     0    [PRESSURE DATA]
TOTAL FM JAN 1     0    HIGHEST SLP 30.50 ON 28
DPTR FM NORMAL     0    LOWEST  SLP 29.36 ON 24

[REMARKS]
#FINAL-02-12#
