000
CXUS53 KGRR 011017
CF6GRR
PRELIMINARY LOCAL CLIMATOLOGICAL DATA (WS FORM: F-6)

                                          STATION:   GRAND RAPIDS MI
                                          MONTH:     MARCH
                                          YEAR:      2012
                                          LATITUDE:   42 52 N
                                          LONGITUDE:  85 31 W

  TEMPERATURE IN F:       :PCPN:    SNOW:  WIND      :SUNSHINE: SKY     :PK WND
================================================================================
1   2   3   4   5  6A  6B    7    8   9   10  11  12  13   14  15   16   17  18
                                     12Z  AVG MX 2MIN
DY MAX MIN AVG DEP HDD CDD  WTR  SNW DPTH SPD SPD DIR MIN PSBL S-S WX    SPD DR
================================================================================

 1  41  34  38   8  27   0 0.03  0.3    0  9.1 18 250  63    9  10 18     22 250
 2  42  34  38   7  27   0 0.47    T    0 11.5 37 270   0    0  10 18     48 270
 3  35  25  30  -1  35   0 0.08  2.0    0 19.8 32 270   0    0  10 1      48 270
 4  34  22  28  -3  37   0    T    T    2   M  12 350 115   17   6         M  M
 5  30  19  25  -7  40   0    T    T    0   M  15 250 244   36   6        21 260
 6  63  29  46  14  19   0 0.00  0.0    0 14.8 24 180 609   88   4        32 180
 7  64  53  59  27   6   0 0.00  0.0    0 19.7 31 200  87   13   7        44 220
 8  64  33  49  16  16   0 0.21  0.0    0 16.2 35 260  81   12   8 18     46 270
 9  37  23  30  -3  35   0 0.03  0.5    T 13.7 24 300 254   36   6 12     32 300
10  54  22  38   5  27   0 0.00  0.0    0 12.3 26 190 637   90   4        32 200
11  65  40  53  19  12   0 0.00  0.0    0 10.0 23 240 629   89   5        28 230
12  65  48  57  23   8   0 0.66  0.0    0 11.7 26 270  72   10   7 13     32 270
13  59  40  50  16  15   0 0.00  0.0    0 10.9 23 270 710  100   2 1      29 270
14  80  38  59  24   6   0 0.00  0.0    0  8.5 20 200 713  100   3        25 210
15  74  53  64  29   1   0 0.00  0.0    0  8.1 18 260 538   75   4 1238   24 260
16  79  51  65  29   0   0 0.11    T    0  3.1 15 220 308   43   7 1238   20 220
17  78  54  66  30   0   1 0.00  0.0    0  9.2 22 190 710   98   2 1      25 170
18  75  54  65  29   0   0 0.00  0.0    0  5.4 12 180 515   71   5 18     15 240
19  81  55  68  31   0   3 0.00  0.0    0  7.6 16 180 625   86   5 1      21 200
20  83  59  71  34   0   6 0.00  0.0    0  8.8 21 190 589   81   5        26 210
21  87  61  74  37   0   9 0.00  0.0    0  6.2 16 200 641   87   4        21 220
22  85  58  72  34   0   7 0.09  0.0    0  6.1 17  90 553   75   5 13     21 100
23  65  56  61  23   4   0 1.09  0.0    0  7.4 14  90   0    0   8 1      17  90
24  63  52  58  19   7   0 0.00  0.0    0  5.2 13  50 150   20   8 18     15  40
25  71  42  57  18   8   0 0.00  0.0    0  8.4 21  10 635   85   5 1      25 360
26  47  31  39  -1  26   0 0.00  0.0    0 11.2 20  20 744   99   2        24 360
27  62  32  47   7  18   0 0.00  0.0    0 15.6 25 220 452   60   6        36 210
28  64  44  54  14  11   0 0.00  0.0    0 17.1 30 280 376   50   6        38 290
29  48  34  41   0  24   0 0.00  0.0    0  8.1 15 110 402   53   6        29 330
30  37  33  35  -6  30   0 0.37    T    0 13.1 23 110   0    0   7 1346   30  80
31  46  35  41  -1  24   0 0.00  0.0    0  6.9 13 110 225   29   9 1      21  80
================================================================================
SM 1878 1264       463  26  3.14     2.8 305.7        11677    182
================================================================================
AV 60.6 40.8                              10.5 FASTST  377  52   6    MAX(MPH)
                                 MISC ---->  # 37 270                 48    M
================================================================================
NOTES:
# LAST OF SEVERAL OCCURRENCES

COLUMN 17 PEAK WIND IN M.P.H.

PRELIMINARY LOCAL CLIMATOLOGICAL DATA (WS FORM: F-6) , PAGE 2

                                          STATION:  GRAND RAPIDS MI
                                          MONTH:    MARCH
                                          YEAR:     2012
                                          LATITUDE:   42 52 N
                                          LONGITUDE:  85 31 W

[TEMPERATURE DATA]      [PRECIPITATION DATA]       SYMBOLS USED IN COLUMN 16

AVERAGE MONTHLY: 50.7   TOTAL FOR MONTH:   3.14    1 = FOG OR MIST
DPTR FM NORMAL:  15.1   DPTR FM NORMAL:    0.77    2 = FOG REDUCING VISIBILITY
HIGHEST:    87 ON 21    GRTST 24HR  1.19 ON 22-23      TO 1/4 MILE OR LESS
LOWEST:     19 ON  5                               3 = THUNDER
                        SNOW, ICE PELLETS, HAIL    4 = ICE PELLETS
                        TOTAL MONTH:   2.8 INCHES  5 = HAIL
                        GRTST 24HR   2.0 ON  3- 3  6 = FREEZING RAIN OR DRIZZLE
                        GRTST DEPTH:   2 ON  4     7 = DUSTSTORM OR SANDSTORM:
                                                       VSBY 1/2 MILE OR LESS
                                                   8 = SMOKE OR HAZE
[NO. OF DAYS WITH]      [WEATHER - DAYS WITH]      9 = BLOWING SNOW
                                                   X = TORNADO
MAX 32 OR BELOW:   1    0.01 INCH OR MORE:  10
MAX 90 OR ABOVE:   0    0.10 INCH OR MORE:   6
MIN 32 OR BELOW:   8    0.50 INCH OR MORE:   2
MIN  0 OR BELOW:   0    1.00 INCH OR MORE:   1

[HDD (BASE 65) ]
TOTAL THIS MO.   463    CLEAR  (SCALE 0-3)   4
DPTR FM NORMAL  -447    PTCLDY (SCALE 4-7)  21
TOTAL FM JUL 1  4600    CLOUDY (SCALE 8-10)  6
DPTR FM NORMAL -1087

[CDD (BASE 65) ]
TOTAL THIS MO.    26
DPTR FM NORMAL    25    [PRESSURE DATA]
TOTAL FM JAN 1    26    HIGHEST SLP 30.56 ON 10
DPTR FM NORMAL    25    LOWEST  SLP 29.12 ON  2

[REMARKS]
#FINAL-03-12#
