000
CXUS53 KGRR 011325
CF6GRR
PRELIMINARY LOCAL CLIMATOLOGICAL DATA (WS FORM: F-6)

                                          STATION:   GRAND RAPIDS MI
                                          MONTH:     JUNE
                                          YEAR:      2014
                                          LATITUDE:   42 52 N
                                          LONGITUDE:  85 31 W

  TEMPERATURE IN F:       :PCPN:    SNOW:  WIND      :SUNSHINE: SKY     :PK WND
================================================================================
1   2   3   4   5  6A  6B    7    8   9   10  11  12  13   14  15   16   17  18
                                     12Z  AVG MX 2MIN
DY MAX MIN AVG DEP HDD CDD  WTR  SNW DPTH SPD SPD DIR MIN PSBL S-S WX    SPD DR
================================================================================

 1  88  57  73   9   0   8    T  0.0    0  9.1 20 180 831   92   4        24 160
 2  82  69  76  12   0  11 0.04  0.0    0 13.9 30 220 493   54   5 13     50 190
 3  73  60  67   2   0   2 0.04  0.0    0 14.8 29 270 910  100   2 13     36 280
 4  70  58  64  -1   1   0 0.21  0.0    0  5.6 13 120 214   23   6 1      25 120
 5  77  49  63  -2   2   0 0.00  0.0    0  5.7 16 270 893   98   2 1      23 270
 6  81  50  66   0   0   1 0.00  0.0    0  3.8 17 300 838   92   3        21 310
 7  84  54  69   3   0   4 0.00  0.0    0  5.5 15 170 748   82   5        19 150
 8  78  62  70   4   0   5 0.21  0.0    0  6.7 14  10 611   67   6 1      19  10
 9  80  57  69   2   0   4 0.00  0.0    0  5.6 12 360 762   83   5 1      14 120
10  77  59  68   1   0   3 0.10  0.0    0  9.3 16 100  53    6   8 1      21  90
11  77  58  68   1   0   3 0.70  0.0    0  7.3 28 280 106   12   9 138    35 270
12  78  59  69   1   0   4 0.00  0.0    0  9.1 22 240 308   34   9 12     25 230
13  65  52  59  -9   6   0 0.00  0.0    0 11.2 23 300 588   64   5        27 300
14  78  44  61  -7   4   0 0.00  0.0    0  3.2 10 120 855   93   5 1      13 110
15  83  54  69   1   0   4 0.00  0.0    0 12.2 26 140 643   70   6        31 140
16  87  68  78   9   0  13 0.00  0.0    0  8.1 16 260 837   91   5        22 230
17  85  68  77   8   0  12 0.02  0.0    0 13.2 35 250 587   64   6        43 220
18  74  66  70   1   0   5 2.08  0.0    0  8.4 32 270   0    0   8 13     42 280
19  78  63  71   1   0   6 0.00  0.0    0 11.2 21  80 465   50   8 1      26  70
20  68  61  65  -5   0   0 0.06  0.0    0  9.7 17 100   2    0  10 1      22  70
21  79  60  70   0   0   5 0.40  0.0    0  4.7 14 270 512   56   9 13     17 260
22  84  63  74   4   0   9 0.01  0.0    0  4.1 13 300 734   80   7 12     17 170
23  78  65  72   1   0   7 0.40  0.0    0  5.8 15 160  11    1   8 13     18 160
24  82  69  76   5   0  11 0.30  0.0    0  5.5 13 250 276   30   9 1      15 240
25  78  65  72   1   0   7 0.08  0.0    0  5.8 12  60 165   18   7 138    14  70
26  80  61  71   0   0   6 0.00  0.0    0  3.0  8 100 549   60   5 1      10  70
27  86  63  75   4   0  10 0.00  0.0    0  7.2 13 160 829   90   4 1      18 170
28  87  67  77   5   0  12 0.04  0.0    0  8.3 38 150 653   71   5 3      46 150
29  85  72  79   7   0  14 0.18  0.0    0 11.8 26 240 654   71   5 1      34 240
30  87  69  78   6   0  13 0.28  0.0    0 10.2 24 270 429   47   9 13     31 170
================================================================================
SM 2389 1822        13 179  5.15     0.0 240.0        15556    185
================================================================================
AV 79.6 60.7                               8.0 FASTST  519  57   6    MAX(MPH)
                                 MISC ---->  # 38 150               # 50  190
================================================================================
NOTES:
# LAST OF SEVERAL OCCURRENCES

COLUMN 17 PEAK WIND IN M.P.H.

PRELIMINARY LOCAL CLIMATOLOGICAL DATA (WS FORM: F-6) , PAGE 2

                                          STATION:  GRAND RAPIDS MI
                                          MONTH:    JUNE
                                          YEAR:     2014
                                          LATITUDE:   42 52 N
                                          LONGITUDE:  85 31 W

[TEMPERATURE DATA]      [PRECIPITATION DATA]       SYMBOLS USED IN COLUMN 16

AVERAGE MONTHLY: 70.2   TOTAL FOR MONTH:   5.15    1 = FOG OR MIST
DPTR FM NORMAL:   1.8   DPTR FM NORMAL:    1.38    2 = FOG REDUCING VISIBILITY
HIGHEST:    88 ON  1    GRTST 24HR  2.08 ON 18-18      TO 1/4 MILE OR LESS
LOWEST:     44 ON 14                               3 = THUNDER
                        SNOW, ICE PELLETS, HAIL    4 = ICE PELLETS
                        TOTAL MONTH:   0.0 INCH    5 = HAIL
                        GRTST 24HR     0.0         6 = FREEZING RAIN OR DRIZZLE
                        GRTST DEPTH:   0           7 = DUSTSTORM OR SANDSTORM:
                                                       VSBY 1/2 MILE OR LESS
                                                   8 = SMOKE OR HAZE
[NO. OF DAYS WITH]      [WEATHER - DAYS WITH]      9 = BLOWING SNOW
                                                   X = TORNADO
MAX 32 OR BELOW:   0    0.01 INCH OR MORE:  17
MAX 90 OR ABOVE:   0    0.10 INCH OR MORE:  10
MIN 32 OR BELOW:   0    0.50 INCH OR MORE:   2
MIN  0 OR BELOW:   0    1.00 INCH OR MORE:   1

[HDD (BASE 65) ]
TOTAL THIS MO.    13    CLEAR  (SCALE 0-3)   2
DPTR FM NORMAL   -32    PTCLDY (SCALE 4-7)  21
TOTAL FM JUL 1  7213    CLOUDY (SCALE 8-10)  7
DPTR FM NORMAL   728

[CDD (BASE 65) ]
TOTAL THIS MO.   179
DPTR FM NORMAL    34    [PRESSURE DATA]
TOTAL FM JAN 1   232    HIGHEST SLP 30.16 ON 19
DPTR FM NORMAL    40    LOWEST  SLP 29.61 ON 30

[REMARKS]
#FINAL-06-14#
