000
CXUS53 KGRR 011017
CF6GRR
PRELIMINARY LOCAL CLIMATOLOGICAL DATA (WS FORM: F-6)

                                          STATION:   GRAND RAPIDS MI
                                          MONTH:     FEBRUARY
                                          YEAR:      2014
                                          LATITUDE:   42 52 N
                                          LONGITUDE:  85 31 W

  TEMPERATURE IN F:       :PCPN:    SNOW:  WIND      :SUNSHINE: SKY     :PK WND
================================================================================
1   2   3   4   5  6A  6B    7    8   9   10  11  12  13   14  15   16   17  18
                                     12Z  AVG MX 2MIN
DY MAX MIN AVG DEP HDD CDD  WTR  SNW DPTH SPD SPD DIR MIN PSBL S-S WX    SPD DR
================================================================================

 1  27  21  24   0  41   0 0.33  3.5   17  6.5 13 320   0    0   9 128    16 320
 2  24   5  15 -10  50   0    T    T   19  7.5 15 300  10    2   8 18     18 270
 3  23  -4  10 -15  55   0    T    T   19  4.1 14 280 307   51   6 18     16 270
 4  25   4  15 -10  50   0 0.01  0.1   18  5.2 14  50   0    0   8 18     17  60
 5  23  14  19  -6  46   0 0.30  4.8   21 12.1 22  30 184   30   9 19     27  40
 6  18  11  15 -10  50   0 0.08  2.4   21 11.7 24 250   0    0  10 19     29 250
 7  15   7  11 -14  54   0 0.01  0.5   23 17.3 30 250  15    2   9 9      34 240
 8  19   6  13 -12  52   0 0.07  1.0   23  6.8 15 220   0    0  10 18     20 220
 9  22  13  18  -8  47   0 0.04  1.0   23  6.7 17 280   6    1   9 18     22 270
10  18   8  13 -13  52   0 0.01  0.1   23  9.1 16 280   8    1   7 18     20 260
11  18   1  10 -16  55   0 0.00  0.0   22  3.6  9 270 169   27   5        12 340
12  22  -6   8 -18  57   0 0.00  0.0   21  5.7 12 180  95   15   6 18     14 180
13  31  18  25  -1  40   0    T    T   21  8.8 22 200 143   23   9        26 210
14  28  17  23  -3  42   0 0.02  0.5   20 12.2 22 280  20    3   9 18     27 280
15  23   7  15 -12  50   0    T    T   20  5.4 12 260 606   95   5        14 350
16  28  10  19  -8  46   0 0.05  2.2   21  5.0 13 110 196   31   8 18     13 100
17  20   8  14 -13  51   0 0.45  5.6   21 12.5 26  90  19    3   7 1289   32  90
18  44  16  30   3  35   0 0.04  0.6   24 10.7 22 170 327   51   8 18     25 160
19  41  26  34   6  31   0 0.02  0.3   21 10.0 20 250 502   78   3 18     23 240
20  43  27  35   7  30   0 0.65  0.5   20 15.0 33 240   0    0   8 138    40 230
21  40  28  34   6  31   0 0.06  1.0   18 27.6 44 230 110   17   8 89     60 240
22  31  22  27  -1  38   0 0.00  0.0   17 17.8 30 250 586   90   4        37 250
23  25  18  22  -7  43   0 0.00  0.0   17 15.5 26 260 626   95   4        33 280
24  22  15  19 -10  46   0    T  0.3   17 14.8 25 260  40    6  10 9      32 260
25  21  11  16 -13  49   0 0.04  0.7   17 11.7 26 270  64   10  10 19     31 280
26  16   3  10 -19  55   0 0.08  1.9   18 16.1 32 250 271   41   7 189    38 250
27  17  -6   6 -24  59   0 0.09  2.0   20 14.4 31 300 482   72   7 1289   42 300
28  20 -12   4 -26  61   0 0.00  0.0   18  7.0 17 150 420   63   5        22 150
================================================================================
SM  704  288      1316   0  2.35    29.0 300.8         5206    208
================================================================================
AV 25.1 10.3                              10.7 FASTST  186  29   7    MAX(MPH)
                                 MISC ---->  # 44 230               # 60  240
================================================================================
NOTES:
# LAST OF SEVERAL OCCURRENCES

COLUMN 17 PEAK WIND IN M.P.H.

PRELIMINARY LOCAL CLIMATOLOGICAL DATA (WS FORM: F-6) , PAGE 2

                                          STATION:  GRAND RAPIDS MI
                                          MONTH:    FEBRUARY
                                          YEAR:     2014
                                          LATITUDE:   42 52 N
                                          LONGITUDE:  85 31 W

[TEMPERATURE DATA]      [PRECIPITATION DATA]       SYMBOLS USED IN COLUMN 16

AVERAGE MONTHLY: 17.7   TOTAL FOR MONTH:   2.35    1 = FOG OR MIST
DPTR FM NORMAL:  -9.1   DPTR FM NORMAL:    0.56    2 = FOG REDUCING VISIBILITY
HIGHEST:    44 ON 18    GRTST 24HR  0.65 ON 20-20      TO 1/4 MILE OR LESS
LOWEST:    -12 ON 28                               3 = THUNDER
                        SNOW, ICE PELLETS, HAIL    4 = ICE PELLETS
                        TOTAL MONTH:  29.0 INCHES  5 = HAIL
                        GRTST 24HR   5.6 ON   M    6 = FREEZING RAIN OR DRIZZLE
                        GRTST DEPTH:  24 ON 18     7 = DUSTSTORM OR SANDSTORM:
                                                       VSBY 1/2 MILE OR LESS
                                                   8 = SMOKE OR HAZE
[NO. OF DAYS WITH]      [WEATHER - DAYS WITH]      9 = BLOWING SNOW
                                                   X = TORNADO
MAX 32 OR BELOW:  24    0.01 INCH OR MORE:  18
MAX 90 OR ABOVE:   0    0.10 INCH OR MORE:   4
MIN 32 OR BELOW:  28    0.50 INCH OR MORE:   1
MIN  0 OR BELOW:   4    1.00 INCH OR MORE:   0

[HDD (BASE 65) ]
TOTAL THIS MO.  1316    CLEAR  (SCALE 0-3)   0
DPTR FM NORMAL   246    PTCLDY (SCALE 4-7)  15
TOTAL FM JUL 1  5281    CLOUDY (SCALE 8-10) 13
DPTR FM NORMAL   504

[CDD (BASE 65) ]
TOTAL THIS MO.     0
DPTR FM NORMAL     0    [PRESSURE DATA]
TOTAL FM JAN 1     0    HIGHEST SLP 30.53 ON 11
DPTR FM NORMAL     0    LOWEST  SLP 29.31 ON 20

[REMARKS]
#FINAL-02-14#
