000
CXUS53 KGRR 011017
CF6GRR
PRELIMINARY LOCAL CLIMATOLOGICAL DATA (WS FORM: F-6)

                                          STATION:   GRAND RAPIDS
                                          MONTH:     DECEMBER
                                          YEAR:      2016
                                          LATITUDE:   42 52 N
                                          LONGITUDE:  85 31 W

  TEMPERATURE IN F:       :PCPN:    SNOW:  WIND      :SUNSHINE: SKY     :PK WND
================================================================================
1   2   3   4   5  6A  6B    7    8   9   10  11  12  13   14  15   16   17  18
                                     12Z  AVG MX 2MIN
DY MAX MIN AVG DEP HDD CDD  WTR  SNW DPTH SPD SPD DIR MIN PSBL S-S WX    SPD DR
================================================================================

 1  42  33  38   4  27   0 0.12    T    0 11.2 20 270  11    2   9 1      26 230
 2  39  35  37   3  28   0    T  0.0    0  9.6 16 320   0    0  10        20 290
 3  36  34  35   2  30   0    T    T    0  5.4 12 280   0    0  10        14 270
 4  36  30  33   0  32   0 0.46  5.6    0  6.2 14 100   0    0  10 128    17 110
 5  39  28  34   2  31   0    T    T    4  9.4 16 250   0    0   8 1      20 250
 6  39  27  33   1  32   0 0.00  0.0    1 10.2 26 270  21    4   6 18     34 280
 7  35  28  32   0  33   0    T    T    T 18.6 28 260  23    4  10        35 270
 8  29  24  27  -4  38   0 0.03  1.1    T 13.8 24 260   0    0   9 1      32 260
 9  29  22  26  -5  39   0 0.10  3.5    2  8.8 16 300   0    0   9 18     21 280
10  24  20  22  -9  43   0 0.14  4.5    3  7.2 15 290   0    0   9 12     19 290
11  30  22  26  -4  39   0 0.76  8.9    5  8.7 14 140   0    0  10 12     18 140
12  34  22  28  -2  37   0 0.03  0.2    9 13.5 23 270   0    0  10 18     31 300
13  26  16  21  -9  44   0 0.05  0.7    8 11.4 21 270  52   10  10 18     27 280
14  22  11  17 -12  48   0 0.10  2.6    7 18.1 33 270   0    0  10 89     42 250
15  16   4  10 -19  55   0 0.08  1.7    8 10.2 24 300  54   10   8 189    30 310
16  17   8  13 -16  52   0 0.30  2.9    7 10.6 16 180   0    0  10 18     22 120
17  25  15  20  -8  45   0 0.13  1.2    9  4.2 13 120   0    0  10 168    15 120
18  21  12  17 -11  48   0 0.04  1.5    8  8.7 15 310   0    0   8 18     19 320
19  14   6  10 -18  55   0 0.01  0.1    9 11.3 21 210 412   76   6 18     26 210
20  30   6  18 -10  47   0 0.00  0.0    8 16.8 37 240 378   70   3 89     45 230
21  36  20  28   0  37   0 0.00  0.0    8  9.7 18 270   0    0   7 18     24 270
22  39  29  34   7  31   0 0.00  0.0    7 11.6 20 290  81   15   7 8      26 290
23  36  28  32   5  33   0 0.24  1.5    6  8.6 14 180   0    0   8 168    18 190
24  37  33  35   8  30   0 0.03  0.2    7  4.8 10 290   0    0  10 18     13 290
25  35  33  34   7  31   0 0.12  0.0    5 15.0 26 110   0    0  10 1      31 110
26  53  31  42  16  23   0 0.16  0.0    3 18.6 33 270 149   27   7 12     43 250
27  31  27  29   3  36   0    T    T    T 16.4 31 270   0    0  10        39 260
28  39  24  32   6  33   0 0.00  0.0    T 10.1 21 170 244   45   9        26 210
29  38  30  34   8  31   0 0.05  0.8    T 15.7 28 270  46    8  10 1      35 270
30  30  26  28   2  37   0    T    T    1 13.4 18 280  35    6  10        30 330
31  39  28  34   8  31   0 0.01    T    T 15.3 23 260  10    2   7 1      31 210
================================================================================
SM  996  712      1156   0  2.96    37.0 353.1         1516    270
================================================================================
AV 32.1 23.0                              11.4 FASTST   49   9   9    MAX(MPH)
                                 MISC ---->  # 37 240               # 45  230
================================================================================
NOTES:
# LAST OF SEVERAL OCCURRENCES

COLUMN 17 PEAK WIND IN M.P.H.

PRELIMINARY LOCAL CLIMATOLOGICAL DATA (WS FORM: F-6) , PAGE 2

                                          STATION:  GRAND RAPIDS
                                          MONTH:    DECEMBER
                                          YEAR:     2016
                                          LATITUDE:   42 52 N
                                          LONGITUDE:  85 31 W

[TEMPERATURE DATA]      [PRECIPITATION DATA]       SYMBOLS USED IN COLUMN 16

AVERAGE MONTHLY: 27.5   TOTAL FOR MONTH:   2.96    1 = FOG OR MIST
DPTR FM NORMAL:  -1.7   DPTR FM NORMAL:    0.46    2 = FOG REDUCING VISIBILITY
HIGHEST:    53 ON 26    GRTST 24HR  0.76 ON 11-11      TO 1/4 MILE OR LESS
LOWEST:      4 ON 15                               3 = THUNDER
                        SNOW, ICE PELLETS, HAIL    4 = ICE PELLETS
                        TOTAL MONTH:  37.0 INCHES  5 = HAIL
                        GRTST 24HR   8.9 ON   M    6 = FREEZING RAIN OR DRIZZLE
                        GRTST DEPTH:   9 ON 19,17  7 = DUSTSTORM OR SANDSTORM:
                                                       VSBY 1/2 MILE OR LESS
                                                   8 = SMOKE OR HAZE
[NO. OF DAYS WITH]      [WEATHER - DAYS WITH]      9 = BLOWING SNOW
                                                   X = TORNADO
MAX 32 OR BELOW:  14    0.01 INCH OR MORE:  20
MAX 90 OR ABOVE:   0    0.10 INCH OR MORE:  11
MIN 32 OR BELOW:  26    0.50 INCH OR MORE:   1
MIN  0 OR BELOW:   0    1.00 INCH OR MORE:   0

[HDD (BASE 65) ]
TOTAL THIS MO.  1156    CLEAR  (SCALE 0-3)   0
DPTR FM NORMAL    45    PTCLDY (SCALE 4-7)  10
TOTAL FM JUL 1  2104    CLOUDY (SCALE 8-10) 21
DPTR FM NORMAL  -345

[CDD (BASE 65) ]
TOTAL THIS MO.     0
DPTR FM NORMAL     0    [PRESSURE DATA]
TOTAL FM JAN 1   936    HIGHEST SLP 30.73 ON 19
DPTR FM NORMAL   237    LOWEST  SLP 29.51 ON 31

[REMARKS]
#FINAL-12-16#
