000
CXUS53 KGRR 011017
CF6GRR
PRELIMINARY LOCAL CLIMATOLOGICAL DATA (WS FORM: F-6)

                                          STATION:   GRAND RAPIDS MI
                                          MONTH:     MAY
                                          YEAR:      2015
                                          LATITUDE:   42 52 N
                                          LONGITUDE:  85 31 W

  TEMPERATURE IN F:       :PCPN:    SNOW:  WIND      :SUNSHINE: SKY     :PK WND
================================================================================
1   2   3   4   5  6A  6B    7    8   9   10  11  12  13   14  15   16   17  18
                                     12Z  AVG MX 2MIN
DY MAX MIN AVG DEP HDD CDD  WTR  SNW DPTH SPD SPD DIR MIN PSBL S-S WX    SPD DR
================================================================================

 1  74  42  58   4   7   0 0.00  0.0    0  6.3 21 260 775   91   3        24 260
 2  73  44  59   5   6   0 0.00  0.0    0  7.8 20 270 774   91   2        24 240
 3  79  49  64  10   1   0 0.00  0.0    0 10.3 23 220 499   59   5        31 250
 4  74  57  66  11   0   1 0.31  0.0    0 11.6 26 250 574   67   8 13     33 220
 5  57  49  53  -2  12   0 0.31  0.0    0 10.3 18  80  28    3   8 1      27  90
 6  75  53  64   9   1   0 0.00  0.0    0  8.1 12 140 424   49   7 18     22 130
 7  85  58  72  16   0   7 0.00  0.0    0  9.2 21 180 605   70   5 18     32 210
 8  82  63  73  17   0   8 0.04  0.0    0  8.2 21 190 257   30   7 13     24 240
 9  69  62  66  10   0   1 0.36  0.0    0  6.0 13  30   0    0  10 18     15  30
10  62  51  57   0   8   0 0.41  0.0    0 11.0 18  90   0    0  10 1      22  80
11  69  50  60   3   5   0 0.30  0.0    0 11.9 26 260  79    9   9 12     34 270
12  52  46  49  -8  16   0    T  0.0    0 17.3 28 250   3    0  10 18     34 250
13  59  38  49  -9  16   0 0.00  0.0    0  6.7 15 320 414   47   6        20 320
14  65  40  53  -5  12   0 0.01  0.0    0  8.0 17 110 501   57   7        22 110
15  70  50  60   2   5   0 0.29  0.0    0  7.6 18 240  61    7   8 18     26 250
16  79  55  67   8   0   2 0.01  0.0    0  3.7 13 120 239   27   8 128    15 200
17  82  63  73  14   0   8 0.00  0.0    0 11.0 24 160 390   44   6 1      34 150
18  82  51  67   8   0   2 0.00  0.0    0 15.5 28 260 803   91   5        34 280
19  54  38  46 -14  19   0 0.01  0.0    0 12.9 24 290 227   26   7 1      31 270
20  60  35  48 -12  17   0 0.00  0.0    0  5.5 15 280 490   55   7        18 270
21  63  42  53  -7  12   0    T  0.0    0 10.4 23 260 611   69   6        28 250
22  68  45  57  -4   8   0    T  0.0    0  6.9 20 270 851   95   3        25 280
23  78  40  59  -2   6   0 0.00  0.0    0  5.9 17 260 872   97   3        21 260
24  73  53  63   2   2   0    T  0.0    0  5.8 15 100 159   18   9        18 100
25  77  64  71   9   0   6 0.25  0.0    0 14.3 31 240 303   34   8 18     39 180
26  80  64  72  10   0   7 0.27  0.0    0 11.5 21 140 298   33   7 138    25 210
27  74  56  65   3   0   0 0.00  0.0    0 14.9 30 250 536   59   6        38 250
28  81  52  67   4   0   2 0.00  0.0    0  5.9 13 170 843   93   3 1      15 170
29  84  62  73  10   0   8 0.33  0.0    0  9.2 22 280 266   29   7 13     28 280
30  70  49  60  -3   5   0 0.51  0.0    0 10.9 22  40   0    0   8 1      36  30
31  59  43  51 -13  14   0 0.06  0.0    0 14.4 29  50 379   42   7        34  40
================================================================================
SM 2209 1564       172  52  3.47     0.0 299.0        12261    205
================================================================================
AV 71.3 50.5                               9.6 FASTST  396  45   7    MAX(MPH)
                                 MISC ---->  # 31 240               # 39  180
================================================================================
NOTES:
# LAST OF SEVERAL OCCURRENCES

COLUMN 17 PEAK WIND IN M.P.H.

PRELIMINARY LOCAL CLIMATOLOGICAL DATA (WS FORM: F-6) , PAGE 2

                                          STATION:  GRAND RAPIDS MI
                                          MONTH:    MAY
                                          YEAR:     2015
                                          LATITUDE:   42 52 N
                                          LONGITUDE:  85 31 W

[TEMPERATURE DATA]      [PRECIPITATION DATA]       SYMBOLS USED IN COLUMN 16

AVERAGE MONTHLY: 60.9   TOTAL FOR MONTH:   3.47    1 = FOG OR MIST
DPTR FM NORMAL:   2.2   DPTR FM NORMAL:   -0.51    2 = FOG REDUCING VISIBILITY
HIGHEST:    85 ON  7    GRTST 24HR  0.51 ON 30-30      TO 1/4 MILE OR LESS
LOWEST:     35 ON 20                               3 = THUNDER
                        SNOW, ICE PELLETS, HAIL    4 = ICE PELLETS
                        TOTAL MONTH:   0.0 INCH    5 = HAIL
                        GRTST 24HR     0.0         6 = FREEZING RAIN OR DRIZZLE
                        GRTST DEPTH:   0           7 = DUSTSTORM OR SANDSTORM:
                                                       VSBY 1/2 MILE OR LESS
                                                   8 = SMOKE OR HAZE
[NO. OF DAYS WITH]      [WEATHER - DAYS WITH]      9 = BLOWING SNOW
                                                   X = TORNADO
MAX 32 OR BELOW:   0    0.01 INCH OR MORE:  15
MAX 90 OR ABOVE:   0    0.10 INCH OR MORE:  10
MIN 32 OR BELOW:   0    0.50 INCH OR MORE:   1
MIN  0 OR BELOW:   0    1.00 INCH OR MORE:   0

[HDD (BASE 65) ]
TOTAL THIS MO.   172    CLEAR  (SCALE 0-3)   4
DPTR FM NORMAL   -63    PTCLDY (SCALE 4-7)  21
TOTAL FM JUL 1  6989    CLOUDY (SCALE 8-10)  6
DPTR FM NORMAL   549

[CDD (BASE 65) ]
TOTAL THIS MO.    52
DPTR FM NORMAL    13    [PRESSURE DATA]
TOTAL FM JAN 1    52    HIGHEST SLP 30.47 ON 13
DPTR FM NORMAL     5    LOWEST  SLP 29.76 ON 11

[REMARKS]
#FINAL-05-15#
