000
CXUS53 KGRR 012300
CF6GRR
PRELIMINARY LOCAL CLIMATOLOGICAL DATA (WS FORM: F-6)

                                          STATION:   GRAND RAPIDS MI (ASOS)
                                          MONTH:     MARCH
                                          YEAR:      2016
                                          LATITUDE:   42 52 N
                                          LONGITUDE:  85 31 W

  TEMPERATURE IN F:       :PCPN:    SNOW:  WIND      :SUNSHINE: SKY     :PK WND
================================================================================
1   2   3   4   5  6A  6B    7    8   9   10  11  12  13   14  15   16   17  18
                                     12Z  AVG MX 2MIN
DY MAX MIN AVG DEP HDD CDD  WTR  SNW DPTH SPD SPD DIR MIN PSBL S-S WX    SPD DR
================================================================================

 1  25  19  22  -8  43   0 0.72  7.4    2 14.2 22 340   0    0  10 14689  30 340
 2  28  11  20 -11  45   0 0.01    T    7  8.7 18 270  91   13   7 19     24 270
 3  28   9  19 -12  46   0 0.02  0.4    6  4.8 10 100   0    0   8 1      11 100
 4  36   6  21 -10  44   0 0.01  0.2    5  2.7  9 190 633   93   5 128    14 180
 5  35  25  30  -2  35   0 0.16  2.1    5  5.7 12  60   0    0   9 168    13  30
 6  44  19  32   0  33   0 0.00  0.0    5 10.4 18 190 186   27   6 18     26 190
 7  60  40  50  18  15   0 0.00  0.0    3  8.8 18 200 501   72   7        24 210
 8  71  49  60  27   5   0 0.00  0.0    0 10.6 23 210 340   49   8        30 200
 9  64  54  59  26   6   0 0.04  0.0    0 11.5 25 250   0    0   9 1      31 230
10  54  39  47  14  18   0 0.00  0.0    0  7.6 15 320   9    1   9 1      17 310
11  58  31  45  11  20   0 0.00  0.0    0  4.0 10 150 704  100   5        13 110
12  58  32  45  11  20   0 0.00  0.0    0  3.1 13 200 288   41   7 128    15 210
13  49  45  47  13  18   0 0.72  0.0    0 12.9 22  90   0    0  10 1      26  90
14  53  40  47  12  18   0 0.10  0.0    0  7.0 15 250 109   15   9 18     17 240
15  58  37  48  13  17   0 0.17  0.0    0 10.7 25  80 393   55   7 123    33 100
16  53  46  50  14  15   0 0.25  0.0    0 25.3 44 240 307   43   8 13     57 240
17  49  34  42   6  23   0    T    T    0 17.5 30 270 486   67   6        39 270
18  49  29  39   3  26   0    T    T    0  6.3 16 260 485   67   6        21 280
19  42  28  35  -2  30   0 0.00  0.0    0 10.7 18 100 413   57   7        22  90
20  45  24  35  -2  30   0 0.00  0.0    0  8.7 21 270 704   96   2        26 270
21  45  29  37   0  28   0 0.00  0.0    0  6.8 17 260 632   86   7        24 330
22  57  33  45   7  20   0 0.00  0.0    0  7.4 20 220 178   24   9        24 220
23  48  33  41   3  24   0 0.20  0.0    0 16.7 26  80   0    0   9 18     35  80
24  37  30  34  -5  31   0 0.94  0.0    0 14.7 23  50   0    0  10 1      30  80
25  46  27  37  -2  28   0 0.00  0.0    0  5.4 16 320 480   64   6        20 340
26  53  27  40   0  25   0 0.00  0.0    0  7.3 15 100 656   88   4 1      19 120
27  68  34  51  11  14   0 0.26  0.0    0  8.8 22 300 505   67   7 1      26 180
28  48  37  43   3  22   0 0.17  0.0    0 12.9 22 310 178   24   7 1      29 300
29  55  30  43   2  22   0 0.00  0.0    0  3.7  9 180 740   98   3        17 340
30  60  36  48   7  17   0 0.39  0.0    0 13.0 23 200 212   28   8 13     30 190
31  66  41  54  12  11   0 0.78  0.0    0 16.5 39 250 191   25   9 138    46 250
================================================================================
SM 1542  974       749   0  4.94    10.1 304.4         9421    224
================================================================================
AV 49.7 31.4                               9.8 FASTST  304  42   7    MAX(MPH)
                                 MISC ---->  # 44 240               # 57  240
================================================================================
NOTES:
# LAST OF SEVERAL OCCURRENCES

COLUMN 17 PEAK WIND IN M.P.H.

PRELIMINARY LOCAL CLIMATOLOGICAL DATA (WS FORM: F-6) , PAGE 2

                                          STATION:  GRAND RAPIDS MI (ASOS)
                                          MONTH:    MARCH
                                          YEAR:     2016
                                          LATITUDE:   42 52 N
                                          LONGITUDE:  85 31 W

[TEMPERATURE DATA]      [PRECIPITATION DATA]       SYMBOLS USED IN COLUMN 16

AVERAGE MONTHLY: 40.6   TOTAL FOR MONTH:   4.94    1 = FOG OR MIST
DPTR FM NORMAL:   5.0   DPTR FM NORMAL:    2.57    2 = FOG REDUCING VISIBILITY
HIGHEST:    71 ON  8    GRTST 24HR  1.16 ON 30-31      TO 1/4 MILE OR LESS
LOWEST:      6 ON  4                               3 = THUNDER
                        SNOW, ICE PELLETS, HAIL    4 = ICE PELLETS
                        TOTAL MONTH:  10.1 INCHES  5 = HAIL
                        GRTST 24HR   7.4 ON   M    6 = FREEZING RAIN OR DRIZZLE
                        GRTST DEPTH:   7 ON  2     7 = DUSTSTORM OR SANDSTORM:
                                                       VSBY 1/2 MILE OR LESS
                                                   8 = SMOKE OR HAZE
[NO. OF DAYS WITH]      [WEATHER - DAYS WITH]      9 = BLOWING SNOW
                                                   X = TORNADO
MAX 32 OR BELOW:   3    0.01 INCH OR MORE:  16
MAX 90 OR ABOVE:   0    0.10 INCH OR MORE:  12
MIN 32 OR BELOW:  16    0.50 INCH OR MORE:   4
MIN  0 OR BELOW:   0    1.00 INCH OR MORE:   0

[HDD (BASE 65) ]
TOTAL THIS MO.   749    CLEAR  (SCALE 0-3)   2
DPTR FM NORMAL  -161    PTCLDY (SCALE 4-7)  18
TOTAL FM JUL 1  4826    CLOUDY (SCALE 8-10) 11
DPTR FM NORMAL  -861

[CDD (BASE 65) ]
TOTAL THIS MO.     0
DPTR FM NORMAL    -1    [PRESSURE DATA]
TOTAL FM JAN 1     0    HIGHEST SLP 30.41 ON 11
DPTR FM NORMAL    -1    LOWEST  SLP 29.25 ON 31

[REMARKS]
#FINAL-03-16#
