000
CXUS53 KGRR 011017
CF6GRR
PRELIMINARY LOCAL CLIMATOLOGICAL DATA (WS FORM: F-6)

                                          STATION:   GRAND RAPIDS MI
                                          MONTH:     NOVEMBER
                                          YEAR:      2011
                                          LATITUDE:   42 52 N
                                          LONGITUDE:  85 31 W

  TEMPERATURE IN F:       :PCPN:    SNOW:  WIND      :SUNSHINE: SKY     :PK WND
================================================================================
1   2   3   4   5  6A  6B    7    8   9   10  11  12  13   14  15   16   17  18
                                     12Z  AVG MX 2MIN
DY MAX MIN AVG DEP HDD CDD  WTR  SNW DPTH SPD SPD DIR MIN PSBL S-S WX    SPD DR
================================================================================

 1  60  32  46   0  19   0 0.00  0.0    0  9.5 15 160 517   84   3 18     21 180
 2  64  46  55  10  10   0    T  0.0    0  9.2 18 220 271   44   6        25 180
 3  51  36  44  -1  21   0 0.02  0.0    0 11.0 21  50   0    0   9 1      28  60
 4  53  31  42  -3  23   0 0.00  0.0    0  5.4 12  70 571   93   2        15  70
 5  56  29  43  -1  22   0 0.00  0.0    0  7.4 16 160 609  100   3 1      20 170
 6  65  35  50   6  15   0    T  0.0    0 13.9 25 200 435   72   6        32 210
 7  58  51  55  11  10   0    T  0.0    0  6.3 17 250   0    0   9 1      23 220
 8  51  46  49   6  16   0 0.71  0.0    0  7.7 18  80   0    0  10 1      23  80
 9  63  39  51   8  14   0 0.46  0.0    0 17.0 33 200  55    9  10 1      45 200
10  42  33  38  -4  27   0 0.18  0.7    0  8.9 25 270  71   12   7 15     31 260
11  43  33  38  -4  27   0    T    T    0  7.7 21 240  48    8   7        25 240
12  59  32  46   4  19   0 0.00  0.0    0 10.5 22 200 475   80   4 8      29 190
13  64  51  58  17   7   0 0.02  0.0    0 17.4 26 260   0    0   9        36 190
14  51  39  45   4  20   0    T  0.0    0  5.6 17 240  10    2   6 1      22 240
15  59  34  47   7  18   0 0.00  0.0    0  6.8 15 180 387   66   4 12     21 210
16  49  28  39  -1  26   0 0.00  0.0    0 10.0 23 300 331   57   4 1      30 290
17  36  26  31  -9  34   0    T    T    0 11.1 23 270   5    1   9        31 280
18  49  24  37  -2  28   0 0.00  0.0    0 14.2 30 190 407   70   4        38 220
19  56  41  49  10  16   0    T  0.0    0 13.9 22 190   4    1   8        31 190
20  57  32  45   7  20   0 0.00  0.0    0 10.4 26 290   0    0   9 8      39 300
21  45  27  36  -2  29   0 0.00  0.0    0  6.7 12  90 518   90   2        15  90
22  37  31  34  -4  31   0 0.16    T    0 13.0 21  50   0    0   8 18     29  40
23  49  29  39   2  26   0 0.00  0.0    0  7.1 16 260 496   87   1 1      20 240
24  48  36  42   5  23   0 0.00  0.0    0 11.1 21 240  32   59   6 18     26 240
25  58  41  50  14  15   0 0.00  0.0    0 10.4 20 220 528   93   4        26 200
26  59  50  55  19  10   0 0.39  0.0    0 10.4 20 180  50    9  10 1      24 190
27  56  35  46  10  19   0 0.46  0.0    0 10.4 17 180   0    0  10 1      22 340
28  36  33  35   0  30   0 0.00  0.0    0  8.1 15 350   0    0  10        21 350
29  39  33  36   1  29   0 0.10    T    0 16.7 31  20   0    0  10 16     39  20
30  44  31  38   4  27   0 0.00  0.0    0  9.8 18 330 588  100   4        24 320
================================================================================
SM 1557 1064       631   0  2.50     0.7 307.6         6408    194
================================================================================
AV 51.9 35.5                              10.3 FASTST  214  38   6    MAX(MPH)
                                 MISC ---->  # 33 200               # 45  200
================================================================================
NOTES:
# LAST OF SEVERAL OCCURRENCES

COLUMN 17 PEAK WIND IN M.P.H.

PRELIMINARY LOCAL CLIMATOLOGICAL DATA (WS FORM: F-6) , PAGE 2

                                          STATION:  GRAND RAPIDS MI
                                          MONTH:    NOVEMBER
                                          YEAR:     2011
                                          LATITUDE:   42 52 N
                                          LONGITUDE:  85 31 W

[TEMPERATURE DATA]      [PRECIPITATION DATA]       SYMBOLS USED IN COLUMN 16

AVERAGE MONTHLY: 43.7   TOTAL FOR MONTH:   2.50    1 = FOG OR MIST
DPTR FM NORMAL:   3.6   DPTR FM NORMAL:   -1.01    2 = FOG REDUCING VISIBILITY
HIGHEST:    65 ON  6    GRTST 24HR  1.07 ON  8- 9      TO 1/4 MILE OR LESS
LOWEST:     24 ON 18                               3 = THUNDER
                        SNOW, ICE PELLETS, HAIL    4 = ICE PELLETS
                        TOTAL MONTH:   0.7 INCH    5 = HAIL
                        GRTST 24HR   0.7 ON   M    6 = FREEZING RAIN OR DRIZZLE
                        GRTST DEPTH:   0           7 = DUSTSTORM OR SANDSTORM:
                                                       VSBY 1/2 MILE OR LESS
                                                   8 = SMOKE OR HAZE
[NO. OF DAYS WITH]      [WEATHER - DAYS WITH]      9 = BLOWING SNOW
                                                   X = TORNADO
MAX 32 OR BELOW:   0    0.01 INCH OR MORE:   9
MAX 90 OR ABOVE:   0    0.10 INCH OR MORE:   7
MIN 32 OR BELOW:  12    0.50 INCH OR MORE:   1
MIN  0 OR BELOW:   0    1.00 INCH OR MORE:   0

[HDD (BASE 65) ]
TOTAL THIS MO.   631    CLEAR  (SCALE 0-3)   5
DPTR FM NORMAL  -115    PTCLDY (SCALE 4-7)  13
TOTAL FM JUL 1  1173    CLOUDY (SCALE 8-10) 12
DPTR FM NORMAL  -165

[CDD (BASE 65) ]
TOTAL THIS MO.     0
DPTR FM NORMAL     0    [PRESSURE DATA]
TOTAL FM JAN 1   894    HIGHEST SLP 30.41 ON 21
DPTR FM NORMAL   195    LOWEST  SLP 29.69 ON 27

[REMARKS]
#FINAL-11-11#
