000
CXUS53 KGRR 011017
CF6GRR
PRELIMINARY LOCAL CLIMATOLOGICAL DATA (WS FORM: F-6)

                                          STATION:   GRAND RAPIDS MI (ASOS)
                                          MONTH:     JANUARY
                                          YEAR:      2016
                                          LATITUDE:   42 52 N
                                          LONGITUDE:  85 31 W

  TEMPERATURE IN F:       :PCPN:    SNOW:  WIND      :SUNSHINE: SKY     :PK WND
================================================================================
1   2   3   4   5  6A  6B    7    8   9   10  11  12  13   14  15   16   17  18
                                     12Z  AVG MX 2MIN
DY MAX MIN AVG DEP HDD CDD  WTR  SNW DPTH SPD SPD DIR MIN PSBL S-S WX    SPD DR
================================================================================

 1  30  24  27   2  38   0 0.04  0.9    2 15.2 25 260   0    0  10 18     33 260
 2  36  29  33   8  32   0 0.00  0.0    2 15.7 28 270 183   34   7        35 260
 3  34  27  31   6  34   0    T    T    2 11.6 20 290 194   35   9        26 280
 4  27  12  20  -5  45   0 0.02  0.3    2  8.5 22  50  86   16   7 18     27  60
 5  30  10  20  -5  45   0 0.00  0.0    2  8.5 16 190 529   96   2        19 190
 6  36  20  28   3  37   0 0.00  0.0    1  8.7 14 210 356   65   6        17 210
 7  42  31  37  12  28   0    T  0.0    1  6.3 12 160  35    6  10        14 160
 8  41  33  37  12  28   0 0.20  0.0    1  7.3 12 100   0    0  10 12     15 120
 9  43  34  39  15  26   0 0.43    T    T  7.7 15 250   0    0  10 12     18 250
10  34  15  25   1  40   0 0.17  2.1    1 17.1 28 290   0    0   9 19     37 310
11  16  13  15  -9  50   0 0.10  2.6    2 11.4 21 280  25    4  10 18     27 270
12  22  13  18  -6  47   0 0.16  4.7    6 15.0 28 290  23    4   9 189    36 290
13  19  13  16  -8  49   0 0.09  1.9    5 12.7 21 190   0    0  10 1      25 210
14  35  19  27   3  38   0    T    T    5  6.9 12  90 190   34   9 18     13  90
15  41  23  32   8  33   0 0.15    T    4  9.8 21 300   0    0   8 1      28 290
16  32  23  28   4  37   0    T  0.1    1 13.5 24 320  23    4  10 1      33 320
17  23  10  17  -7  48   0 0.01  0.3    1 13.9 23 280  16    3   9 189    29 270
18  15   8  12 -12  53   0 0.09  2.6    2 11.5 22 270   0    0  10 189    30 290
19  23   2  13 -11  52   0 0.01  0.3    3  6.4 15 240 269   47   7 18     15 250
20  22  11  17  -7  48   0 0.02  0.6    3  4.8 10 180   5    1   9 18     13 180
21  25  18  22  -2  43   0 0.04  0.6    3  6.3 12 200   0    0  10 18     15 200
22  31  16  24   0  41   0    T    T    3  6.4 17  40  38    7   8 18     20  40
23  34  16  25   1  40   0 0.00  0.0    3  6.7 12  20 367   64   3 1      15  10
24  29  16  23  -1  42   0    T  0.0    3 10.3 21 250   7    1   9 168    25 200
25  38  22  30   6  35   0 0.07  0.0    3  9.3 18 190 115   20   8 18     21 200
26  41  30  36  12  29   0 0.20  2.2    1 15.8 30 240   0    0  10 1      37 230
27  31  25  28   4  37   0 0.04  1.2    3 12.2 21 200   0    0  10 1      27 210
28  35  27  31   7  34   0 0.10  0.4    2 14.9 22 330   0    0  10 1      30 190
29  31  21  26   2  39   0    T    T    2 10.2 24 340 422   72   8        28 350
30  43  29  36  12  29   0 0.00  0.0    1 10.9 17 260 162   27   7        24 210
31  47  36  42  18  23   0 0.21  0.0    T  7.8 20 300   0    0   9 12     25 290
================================================================================
SM  986  626      1200   0  2.15    20.8 323.3         3045    263
================================================================================
AV 31.8 20.2                              10.4 FASTST   98  17   8    MAX(MPH)
                                 MISC ---->  # 30 240               # 37  310
================================================================================
NOTES:
# LAST OF SEVERAL OCCURRENCES

COLUMN 17 PEAK WIND IN M.P.H.

PRELIMINARY LOCAL CLIMATOLOGICAL DATA (WS FORM: F-6) , PAGE 2

                                          STATION:  GRAND RAPIDS MI (ASOS)
                                          MONTH:    JANUARY
                                          YEAR:     2016
                                          LATITUDE:   42 52 N
                                          LONGITUDE:  85 31 W

[TEMPERATURE DATA]      [PRECIPITATION DATA]       SYMBOLS USED IN COLUMN 16

AVERAGE MONTHLY: 26.0   TOTAL FOR MONTH:   2.15    1 = FOG OR MIST
DPTR FM NORMAL:   1.6   DPTR FM NORMAL:    0.06    2 = FOG REDUCING VISIBILITY
HIGHEST:    47 ON 31    GRTST 24HR  0.54 ON  9-10      TO 1/4 MILE OR LESS
LOWEST:      2 ON 19                               3 = THUNDER
                        SNOW, ICE PELLETS, HAIL    4 = ICE PELLETS
                        TOTAL MONTH:  20.8 INCHES  5 = HAIL
                        GRTST 24HR   4.7 ON   M    6 = FREEZING RAIN OR DRIZZLE
                        GRTST DEPTH:   6 ON 12     7 = DUSTSTORM OR SANDSTORM:
                                                       VSBY 1/2 MILE OR LESS
                                                   8 = SMOKE OR HAZE
[NO. OF DAYS WITH]      [WEATHER - DAYS WITH]      9 = BLOWING SNOW
                                                   X = TORNADO
MAX 32 OR BELOW:  16    0.01 INCH OR MORE:  19
MAX 90 OR ABOVE:   0    0.10 INCH OR MORE:   9
MIN 32 OR BELOW:  28    0.50 INCH OR MORE:   0
MIN  0 OR BELOW:   0    1.00 INCH OR MORE:   0

[HDD (BASE 65) ]
TOTAL THIS MO.  1200    CLEAR  (SCALE 0-3)   1
DPTR FM NORMAL   -58    PTCLDY (SCALE 4-7)   9
TOTAL FM JUL 1  3055    CLOUDY (SCALE 8-10) 21
DPTR FM NORMAL  -652

[CDD (BASE 65) ]
TOTAL THIS MO.     0
DPTR FM NORMAL     0    [PRESSURE DATA]
TOTAL FM JAN 1     0    HIGHEST SLP 30.63 ON  5
DPTR FM NORMAL     0    LOWEST  SLP 29.35 ON 15

[REMARKS]
#FINAL-01-16#
