000
CXUS53 KGRR 011017
CF6GRR
PRELIMINARY LOCAL CLIMATOLOGICAL DATA (WS FORM: F-6)

                                          STATION:   GRAND RAPIDS MI
                                          MONTH:     NOVEMBER
                                          YEAR:      2015
                                          LATITUDE:   42 52 N
                                          LONGITUDE:  85 31 W

  TEMPERATURE IN F:       :PCPN:    SNOW:  WIND      :SUNSHINE: SKY     :PK WND
================================================================================
1   2   3   4   5  6A  6B    7    8   9   10  11  12  13   14  15   16   17  18
                                     12Z  AVG MX 2MIN
DY MAX MIN AVG DEP HDD CDD  WTR  SNW DPTH SPD SPD DIR MIN PSBL S-S WX    SPD DR
================================================================================

 1  57  39  48   2  17   0 0.00  0.0    0 14.6 28 270 526   85   5        36 270
 2  73  37  55  10  10   0 0.00  0.0    0 10.1 26 250 527   86   3        33 250
 3  76  44  60  15   5   0 0.00  0.0    0  6.2 12 220 614  100   0        14 200
 4  75  46  61  16   4   0 0.00  0.0    0  6.9 18 240 601   98   1        23 240
 5  72  58  65  21   0   0    T  0.0    0 12.2 24 210 212   35   8        30 200
 6  67  48  58  14   7   0 0.39  0.0    0 15.0 32 280   0    0  10 1      44 280
 7  51  33  42  -2  23   0    T  0.0    0 11.0 25 270 371   61   5        33 270
 8  53  28  41  -2  24   0 0.00  0.0    0  6.2 14 260 601  100   1 1      19 220
 9  58  30  44   1  21   0 0.00  0.0    0  3.5 10 170 599  100   1 18     13 180
10  58  35  47   5  18   0 0.04  0.0    0  3.0  9 270 310   52   7 18     13 280
11  63  30  47   5  18   0 0.04  0.0    0 10.3 29 150 588   99   3 18     38 150
12  53  44  49   7  16   0 0.44  0.0    0 23.1 36 270   0    0   8 13     52 270
13  44  38  41   0  24   0 0.05    T    0 17.9 30 290   5    1  10 14     43 280
14  52  30  41   0  24   0 0.00  0.0    0  9.0 17 230 560   95   4        21 210
15  63  45  54  14  11   0 0.00  0.0    0 10.6 21 250 576   98   1        24 250
16  65  38  52  12  13   0 0.00  0.0    0  7.9 17 140 278   48   6        22 130
17  65  50  58  18   7   0 0.03  0.0    0 13.9 24 160 171   29  10        33 160
18  63  54  59  20   6   0 0.18  0.0    0 21.3 38 210   0    0   8 1      49 200
19  54  39  47   8  18   0    T    T    0 22.9 39 250 220   38   8        47 230
20  43  34  39   1  26   0 0.00  0.0    0 14.4 28 260 460   80   5        37 280
21  38  28  33  -5  32   0 0.33  3.2    T  8.8 17  10   0    0  10 1      22  30
22  32  19  26 -12  39   0 0.01  0.1    3  8.9 16 190 313   55   6 1      20 200
23  36  23  30  -7  35   0 0.01  0.2    2  8.7 16 190  91   16   8 1      20 190
24  45  26  36  -1  29   0 0.00  0.0    2  4.1  9 110  95   17   8 18     27 140
25  54  32  43   7  22   0 0.02  0.0    T 12.0 21 180 463   82   5 18     26 180
26  60  48  54  18  11   0 0.47  0.0    0 13.5 22 190   0    0   9 1      29 190
27  60  34  47  11  18   0 0.60    T    0 11.5 23 220   0    0  10 14     29 230
28  38  25  32  -3  33   0 0.00  0.0    0  5.1 14  40 279   50   7        17  30
29  41  19  30  -5  35   0 0.00  0.0    0  3.4 10  70 477   85   4        12  60
30  42  25  34   0  31   0 0.00  0.0    0 11.6 22  90 134   24   7 1      27  90
================================================================================
SM 1651 1079       577   0  2.61     3.5 327.6         9071    178
================================================================================
AV 55.0 36.0                              10.9 FASTST  302  51   6    MAX(MPH)
                                 MISC ---->  # 39 250               # 52  270
================================================================================
NOTES:
# LAST OF SEVERAL OCCURRENCES

COLUMN 17 PEAK WIND IN M.P.H.

PRELIMINARY LOCAL CLIMATOLOGICAL DATA (WS FORM: F-6) , PAGE 2

                                          STATION:  GRAND RAPIDS MI
                                          MONTH:    NOVEMBER
                                          YEAR:     2015
                                          LATITUDE:   42 52 N
                                          LONGITUDE:  85 31 W

[TEMPERATURE DATA]      [PRECIPITATION DATA]       SYMBOLS USED IN COLUMN 16

AVERAGE MONTHLY: 45.5   TOTAL FOR MONTH:   2.61    1 = FOG OR MIST
DPTR FM NORMAL:   5.4   DPTR FM NORMAL:   -0.90    2 = FOG REDUCING VISIBILITY
HIGHEST:    76 ON  3    GRTST 24HR  0.76 ON 26-27      TO 1/4 MILE OR LESS
LOWEST:     19 ON 29,22                            3 = THUNDER
                        SNOW, ICE PELLETS, HAIL    4 = ICE PELLETS
                        TOTAL MONTH:   3.5 INCHES  5 = HAIL
                        GRTST 24HR   3.2 ON   M    6 = FREEZING RAIN OR DRIZZLE
                        GRTST DEPTH:   3 ON 22     7 = DUSTSTORM OR SANDSTORM:
                                                       VSBY 1/2 MILE OR LESS
                                                   8 = SMOKE OR HAZE
[NO. OF DAYS WITH]      [WEATHER - DAYS WITH]      9 = BLOWING SNOW
                                                   X = TORNADO
MAX 32 OR BELOW:   1    0.01 INCH OR MORE:  13
MAX 90 OR ABOVE:   0    0.10 INCH OR MORE:   6
MIN 32 OR BELOW:  12    0.50 INCH OR MORE:   1
MIN  0 OR BELOW:   0    1.00 INCH OR MORE:   0

[HDD (BASE 65) ]
TOTAL THIS MO.   577    CLEAR  (SCALE 0-3)   6
DPTR FM NORMAL  -169    PTCLDY (SCALE 4-7)  14
TOTAL FM JUL 1  1058    CLOUDY (SCALE 8-10) 10
DPTR FM NORMAL  -280

[CDD (BASE 65) ]
TOTAL THIS MO.     0
DPTR FM NORMAL     0    [PRESSURE DATA]
TOTAL FM JAN 1   642    HIGHEST SLP 30.47 ON  8
DPTR FM NORMAL   -57    LOWEST  SLP 29.22 ON 12

[REMARKS]
#FINAL-11-15#
