000
CXUS53 KGRR 011056
CF6GRR
PRELIMINARY LOCAL CLIMATOLOGICAL DATA (WS FORM: F-6)

                                          STATION:   GRAND RAPIDS
                                          MONTH:     JUNE
                                          YEAR:      2017
                                          LATITUDE:   42 52 N
                                          LONGITUDE:  85 31 W

  TEMPERATURE IN F:       :PCPN:    SNOW:  WIND      :SUNSHINE: SKY     :PK WND
================================================================================
1   2   3   4   5  6A  6B    7    8   9   10  11  12  13   14  15   16   17  18
                                     12Z  AVG MX 2MIN
DY MAX MIN AVG DEP HDD CDD  WTR  SNW DPTH SPD SPD DIR MIN PSBL S-S WX    SPD DR
================================================================================

 1  75  47  61  -3   4   0 0.00  0.0    0  7.0 20 270 908  100   3        27 290
 2  82  46  64   0   1   0 0.00  0.0    0  6.5 17 270 886   97   4        24 250
 3  80  54  67   2   0   2    T  0.0    0  5.0 13 190 400   44   7        17 190
 4  86  62  74   9   0   9 0.23  0.0    0  8.9 22 270 725   79   4 13     27 270
 5  75  52  64  -1   1   0 0.00  0.0    0  8.1 26  50 415   45   5 12     32  50
 6  79  50  65  -1   0   0 0.00  0.0    0 10.2 22  60 845   92   3        30  10
 7  79  49  64  -2   1   0 0.00  0.0    0  6.7 20  60 911  100   2        25  60
 8  82  52  67   1   0   2    T  0.0    0  6.7 17 250 820   90   4        20 270
 9  83  60  72   5   0   7 0.01  0.0    0  7.3 18 240 706   77   6        23 240
10  89  57  73   6   0   8 0.00  0.0    0 13.8 28 230 860   94   4        35 230
11  91  71  81  14   0  16 0.00  0.0    0 14.0 24 250 827   90   4        28 250
12  93  69  81  13   0  16 0.00  0.0    0 12.7 24 230 781   85   4        31 220
13  91  70  81  13   0  16 0.00  0.0    0  7.2 20  70 646   70   5        22  70
14  91  67  79  11   0  14 0.26  0.0    0  9.4 28 230 560   61   7 13     34 230
15  85  67  76   8   0  11 0.00  0.0    0  8.9 20 270 792   86   7 1      24 240
16  83  66  75   6   0  10 0.24  0.0    0  9.1 23 270 707   77   5 13     30 270
17  85  67  76   7   0  11 1.68  0.0    0 11.0 31 180 212   23   7 138    41 180
18  76  63  70   1   0   5 0.55  0.0    0 15.3 28 260 481   52   8 13     36 260
19  75  60  68  -2   0   3 0.00  0.0    0 11.6 29 260 744   81   6        33 250
20  74  56  65  -5   0   0 0.11  0.0    0 12.0 26 320 602   65   4 1      34 300
21  76  51  64  -6   1   0 0.00  0.0    0  3.5 14 220 809   88   4 1      17 230
22  89  61  75   5   0  10 0.12  0.0    0 12.7 23 200 333   36   7 13     38 190
23  80  66  73   2   0   8 0.85  0.0    0 10.7 21 300 349   38   8 13     28 300
24  71  59  65  -6   0   0 0.00  0.0    0 12.6 29 250 737   80   5        33 250
25  69  53  61 -10   4   0 0.00  0.0    0 13.3 25 260 571   62   6        32 270
26  68  52  60 -11   5   0    T  0.0    0 12.5 25 300 645   70   5        32 300
27  72  49  61 -10   4   0 0.00  0.0    0 10.0 21 280 835   91   3        27 250
28  74  53  64  -8   1   0 0.40  0.0    0 10.1 23 170 353   38   7 13     28 170
29  79  63  71  -1   0   6 0.43  0.0    0 15.0 28 220 263   29   9 13     33 230
30  81  64  73   1   0   8 0.00  0.0    0  8.9 17 250 340   37   8 1      21 240
================================================================================
SM 2413 1756        22 162  4.88     0.0 300.7        19063    161
================================================================================
AV 80.4 58.5                              10.0 FASTST  635  69   5    MAX(MPH)
                                 MISC ---->  # 31 180               # 41  180
================================================================================
NOTES:
# LAST OF SEVERAL OCCURRENCES

COLUMN 17 PEAK WIND IN M.P.H.

PRELIMINARY LOCAL CLIMATOLOGICAL DATA (WS FORM: F-6) , PAGE 2

                                          STATION:  GRAND RAPIDS
                                          MONTH:    JUNE
                                          YEAR:     2017
                                          LATITUDE:   42 52 N
                                          LONGITUDE:  85 31 W

[TEMPERATURE DATA]      [PRECIPITATION DATA]       SYMBOLS USED IN COLUMN 16

AVERAGE MONTHLY: 69.5   TOTAL FOR MONTH:   4.88    1 = FOG OR MIST
DPTR FM NORMAL:   1.1   DPTR FM NORMAL:    1.11    2 = FOG REDUCING VISIBILITY
HIGHEST:    93 ON 12    GRTST 24HR  1.68 ON 17-17      TO 1/4 MILE OR LESS
LOWEST:     46 ON  2                               3 = THUNDER
                        SNOW, ICE PELLETS, HAIL    4 = ICE PELLETS
                        TOTAL MONTH:   0.0 INCH    5 = HAIL
                        GRTST 24HR     0.0         6 = FREEZING RAIN OR DRIZZLE
                        GRTST DEPTH:   0           7 = DUSTSTORM OR SANDSTORM:
                                                       VSBY 1/2 MILE OR LESS
                                                   8 = SMOKE OR HAZE
[NO. OF DAYS WITH]      [WEATHER - DAYS WITH]      9 = BLOWING SNOW
                                                   X = TORNADO
MAX 32 OR BELOW:   0    0.01 INCH OR MORE:  11
MAX 90 OR ABOVE:   4    0.10 INCH OR MORE:  10
MIN 32 OR BELOW:   0    0.50 INCH OR MORE:   3
MIN  0 OR BELOW:   0    1.00 INCH OR MORE:   1

[HDD (BASE 65) ]
TOTAL THIS MO.    22    CLEAR  (SCALE 0-3)   3
DPTR FM NORMAL   -23    PTCLDY (SCALE 4-7)  24
TOTAL FM JUL 1  5635    CLOUDY (SCALE 8-10)  3
DPTR FM NORMAL  -850

[CDD (BASE 65) ]
TOTAL THIS MO.   162
DPTR FM NORMAL    17    [PRESSURE DATA]
TOTAL FM JAN 1   192    HIGHEST SLP 30.15 ON  7
DPTR FM NORMAL     0    LOWEST  SLP 29.50 ON 18

[REMARKS]
#FINAL-06-17#
