000
CXUS53 KGRR 011017
CF6GRR
PRELIMINARY LOCAL CLIMATOLOGICAL DATA (WS FORM: F-6)

                                          STATION:   GRAND RAPIDS MI
                                          MONTH:     AUGUST
                                          YEAR:      2010
                                          LATITUDE:   42 52 N
                                          LONGITUDE:  85 31 W

  TEMPERATURE IN F:       :PCPN:    SNOW:  WIND      :SUNSHINE: SKY     :PK WND
================================================================================
1   2   3   4   5  6A  6B    7    8   9   10  11  12  13   14  15   16   17  18
                                     12Z  AVG MX 2MIN
DY MAX MIN AVG DEP HDD CDD  WTR  SNW DPTH SPD SPD DIR MIN PSBL S-S WX    SPD DR
================================================================================

 1  84  64  74   3   0   9 0.00  0.0    0  3.1 13 280 785   90   4 18      M  M
 2  85  65  75   4   0  10 0.00  0.0    0  5.7 15 250 797   92   5 18     18 230
 3  87  71  79   8   0  14 0.00  0.0    0  5.8 13 250 618   71   6 18     21 230
 4  84  71  78   7   0  13    T  0.0    0  6.2 16 230 232   27   7 18     36 150
 5  85  69  77   6   0  12 0.00  0.0    0 11.3 25 270 707   82   2 18     32 300
 6  81  61  71   0   0   6 0.00  0.0    0  9.2 23 280 826   96   3        31 300
 7  85  58  72   1   0   7 0.00  0.0    0  7.9 21 230 728   85   3        26 260
 8  88  71  80   9   0  15 0.15  0.0    0 10.9 21 240 635   74   6 138    28 210
 9  86  72  79   8   0  14 0.32  0.0    0  7.8 35 250 361   42   7 138    41 250
10  89  67  78   7   0  13 0.00  0.0    0  2.4  8 110 685   81   6 12     12  70
11  85  71  78   8   0  13 0.65  0.0    0  7.0 24 270 399   47   5 13     31 270
12  89  71  80  10   0  15 0.00  0.0    0  4.4 10 320 596   71   4 18     13 320
13  88  70  79   9   0  14 0.00  0.0    0  5.8 14 150 732   87   5 18     16 120
14  83  74  79   9   0  14    T  0.0    0  8.2 15 240 540   64   6 18     20 270
15  86  71  79   9   0  14    T  0.0    0 10.3 24 250 775   93   4 1      29 250
16  77  64  71   1   0   6 0.00  0.0    0 12.1 22 250 834  100   2        36 250
17  77  61  69  -1   0   4 0.00  0.0    0  6.5 16 300 665   80   7         0   0
18  82  62  72   3   0   7    T  0.0    0  6.5  9 240 786   96   4         0   0
19  86  63  75   6   0  10 0.00  0.0    0  7.7 16 250 685   83   4 1      21 250
20  91  67  79  10   0  14 0.00  0.0    0  8.7 20 150 544   66   8 18     23 150
21  83  71  77   8   0  12 0.62  0.0    0  7.8 16 300 503   61   7 1       M  M
22  85  65  75   6   0  10 0.00  0.0    0  8.0 14 330 677   83   5        21 320
23  79  62  71   3   0   6 0.00  0.0    0  5.8 13  70 581   71   6        16  80
24  78  63  71   3   0   6 0.00  0.0    0  2.6  8 120 307   38   7 18     10  90
25  78  60  69   1   0   4    T  0.0    0  9.8 21 290 731   90   4 1      28 280
26  76  52  64  -4   1   0 0.00  0.0    0  3.5 12 280 693   86   3        18 350
27  81  51  66  -1   0   1 0.00  0.0    0  6.3 15 240 804  100   1        24 200
28  86  58  72   5   0   7 0.00  0.0    0  7.2 17 180 801  100   0        21 170
29  93  59  76   9   0  11 0.00  0.0    0  5.3 15 210 719   90   2        18 220
30  92  70  81  14   0  16 0.00  0.0    0  7.0 18 210 706   89   3 18     23 200
31  91  71  81  15   0  16 0.00  0.0    0 10.2 22 180 780   98   2        31 170
================================================================================
SM 2620 2025         1 313  1.74     0.0 221.0        20232    138
================================================================================
AV 84.5 65.3                               7.1 FASTST  653  78   4    MAX(MPH)
                                 MISC ---->  # 35 250               # 41  250
================================================================================
NOTES:
# LAST OF SEVERAL OCCURRENCES

COLUMN 17 PEAK WIND IN M.P.H.

PRELIMINARY LOCAL CLIMATOLOGICAL DATA (WS FORM: F-6) , PAGE 2

                                          STATION:  GRAND RAPIDS MI
                                          MONTH:    AUGUST
                                          YEAR:     2010
                                          LATITUDE:   42 52 N
                                          LONGITUDE:  85 31 W

[TEMPERATURE DATA]      [PRECIPITATION DATA]       SYMBOLS USED IN COLUMN 16

AVERAGE MONTHLY: 74.9   TOTAL FOR MONTH:   1.74    1 = FOG OR MIST
DPTR FM NORMAL:   5.5   DPTR FM NORMAL:   -2.04    2 = FOG REDUCING VISIBILITY
HIGHEST:    93 ON 29    GRTST 24HR  0.65 ON 11-11      TO 1/4 MILE OR LESS
LOWEST:     51 ON 27                               3 = THUNDER
                        SNOW, ICE PELLETS, HAIL    4 = ICE PELLETS
                        TOTAL MONTH:   0.0 INCH    5 = HAIL
                        GRTST 24HR     0.0         6 = FREEZING RAIN OR DRIZZLE
                        GRTST DEPTH:   0           7 = DUSTSTORM OR SANDSTORM:
                                                       VSBY 1/2 MILE OR LESS
                                                   8 = SMOKE OR HAZE
[NO. OF DAYS WITH]      [WEATHER - DAYS WITH]      9 = BLOWING SNOW
                                                   X = TORNADO
MAX 32 OR BELOW:   0    0.01 INCH OR MORE:   4
MAX 90 OR ABOVE:   4    0.10 INCH OR MORE:   4
MIN 32 OR BELOW:   0    0.50 INCH OR MORE:   2
MIN  0 OR BELOW:   0    1.00 INCH OR MORE:   0

[HDD (BASE 65) ]
TOTAL THIS MO.     1    CLEAR  (SCALE 0-3)  10
DPTR FM NORMAL   -23    PTCLDY (SCALE 4-7)  21
TOTAL FM JUL 1     2    CLOUDY (SCALE 8-10)  0
DPTR FM NORMAL   -32

[CDD (BASE 65) ]
TOTAL THIS MO.   313
DPTR FM NORMAL   148    [PRESSURE DATA]
TOTAL FM JAN 1   908    HIGHEST SLP 30.26 ON 30
DPTR FM NORMAL   356    LOWEST  SLP 29.76 ON  5

[REMARKS]
#FINAL-08-10#
