000
CXUS53 KGRR 011017
CF6GRR
PRELIMINARY LOCAL CLIMATOLOGICAL DATA (WS FORM: F-6)

                                          STATION:   GRAND RAPIDS MI
                                          MONTH:     JUNE
                                          YEAR:      2010
                                          LATITUDE:   42 52 N
                                          LONGITUDE:  85 31 W

  TEMPERATURE IN F:       :PCPN:    SNOW:  WIND      :SUNSHINE: SKY     :PK WND
================================================================================
1   2   3   4   5  6A  6B    7    8   9   10  11  12  13   14  15   16   17  18
                                     12Z  AVG MX 2MIN
DY MAX MIN AVG DEP HDD CDD  WTR  SNW DPTH SPD SPD DIR MIN PSBL S-S WX    SPD DR
================================================================================

 1  82  61  72   8   0   7 0.00  0.0    0  4.6 12 190 712   78   5 18     17 170
 2  75  62  69   5   0   4 1.01  0.0    0  6.1 18 220 306   34   8 138    31  30
 3  77  61  69   5   0   4 0.00  0.0    0  5.2 13 260 578   64   7 18     21  20
 4  78  52  65   1   0   0 0.01  0.0    0  5.5 17 240 446   49   6 3      30 170
 5  81  61  71   6   0   6 1.08  0.0    0  7.0 16  90 510   56   7 13     20 200
 6  69  53  61  -4   4   0 0.02  0.0    0 12.0 22 310 630   69   6 1      28 320
 7  72  50  61  -4   4   0 0.00  0.0    0  5.8 14 250 867   95   2        18 240
 8  66  50  58  -7   7   0 0.30  0.0    0  8.2 18 140 132   14   8 18     28 130
 9  79  60  70   4   0   5 0.07  0.0    0 11.0 25 240 709   77   6 1      30 240
10  76  57  67   1   0   2    T  0.0    0  6.6 17 250 667   73   6        22 270
11  83  62  73   7   0   8 0.40  0.0    0  8.6 20 150 427   47   8 13     24 140
12  82  62  72   6   0   7    T  0.0    0 10.1 18 270 456   50   7 18     23 250
13  75  60  68   1   0   3 0.01  0.0    0  4.8 16 260 205   22   9 1      18 260
14  76  65  71   4   0   6    T  0.0    0  4.2 18  70 177   20  10        21  70
15  76  62  69   2   0   4 2.51  0.0    0  9.9 16 110  86    9  10 13     20 140
16  72  62  67   0   0   2 0.76  0.0    0 10.6 22 280 295   32   9 18     29 280
17  78  55  67  -1   0   2 0.00  0.0    0  4.2 14 100 832   91   4 1      18 150
18  89  64  77   9   0  12 0.26  0.0    0 10.1 38 250   0    0   5 13     47 250
19  83  65  74   6   0   9 0.00  0.0    0 11.7 23 170 683   74   5        31 270
20  80  62  71   3   0   6 0.00  0.0    0  4.9 12  10 733   80   4        15  10
21  83  61  72   4   0   7 0.02  0.0    0  6.4 14 150 750   81   5 13     17 160
22  83  66  75   6   0  10 0.89  0.0    0 10.6 37 290 723   79   6 13     51 280
23  87  68  78   9   0  13 0.42  0.0    0 11.9 32 250 471   51   7 138    40 250
24  80  65  73   4   0   8 0.00  0.0    0 11.6 22 270 718   78   6        29 230
25  81  56  69   0   0   4 0.00  0.0    0  6.9 15 230 892   97   2 18     22 330
26  83  69  76   7   0  11    T  0.0    0  8.5 16 230 688   75   5        20 230
27  80  66  73   3   0   8 0.28  0.0    0  8.9 26 250 425   46   6 138    38 280
28  80  60  70   0   0   5 0.00  0.0    0 12.5 23 270 679   74   5        31 270
29  72  53  63  -7   2   0 0.00  0.0    0  6.7 17 340 839   91   3        24 340
30  73  51  62  -8   3   0 0.00  0.0    0  5.0 16 290 773   84   4        28 190
================================================================================
SM 2351 1801        20 153  8.04     0.0 240.1        16409    181
================================================================================
AV 78.4 60.0                               8.0 FASTST  547  60   6    MAX(MPH)
                                 MISC ---->  # 38 250               # 51  280
================================================================================
NOTES:
# LAST OF SEVERAL OCCURRENCES

COLUMN 17 PEAK WIND IN M.P.H.

PRELIMINARY LOCAL CLIMATOLOGICAL DATA (WS FORM: F-6) , PAGE 2

                                          STATION:  GRAND RAPIDS MI
                                          MONTH:    JUNE
                                          YEAR:     2010
                                          LATITUDE:   42 52 N
                                          LONGITUDE:  85 31 W

[TEMPERATURE DATA]      [PRECIPITATION DATA]       SYMBOLS USED IN COLUMN 16

AVERAGE MONTHLY: 69.2   TOTAL FOR MONTH:   8.04    1 = FOG OR MIST
DPTR FM NORMAL:   2.1   DPTR FM NORMAL:    4.37    2 = FOG REDUCING VISIBILITY
HIGHEST:    89 ON 18    GRTST 24HR  4.07 ON 15-16      TO 1/4 MILE OR LESS
LOWEST:     50 ON  8, 7                            3 = THUNDER
                        SNOW, ICE PELLETS, HAIL    4 = ICE PELLETS
                        TOTAL MONTH:   0.0 INCH    5 = HAIL
                        GRTST 24HR     0.0         6 = FREEZING RAIN OR DRIZZLE
                        GRTST DEPTH:   0           7 = DUSTSTORM OR SANDSTORM:
                                                       VSBY 1/2 MILE OR LESS
                                                   8 = SMOKE OR HAZE
[NO. OF DAYS WITH]      [WEATHER - DAYS WITH]      9 = BLOWING SNOW
                                                   X = TORNADO
MAX 32 OR BELOW:   0    0.01 INCH OR MORE:  15
MAX 90 OR ABOVE:   0    0.10 INCH OR MORE:  10
MIN 32 OR BELOW:   0    0.50 INCH OR MORE:   5
MIN  0 OR BELOW:   0    1.00 INCH OR MORE:   3

[HDD (BASE 65) ]
TOTAL THIS MO.    20    CLEAR  (SCALE 0-3)   3
DPTR FM NORMAL   -38    PTCLDY (SCALE 4-7)  22
TOTAL FM JUL 1  5982    CLOUDY (SCALE 8-10)  5
DPTR FM NORMAL  -914

[CDD (BASE 65) ]
TOTAL THIS MO.   153
DPTR FM NORMAL    29    [PRESSURE DATA]
TOTAL FM JAN 1   260    HIGHEST SLP M ON M
DPTR FM NORMAL    90    LOWEST  SLP 29.48 ON  5

[REMARKS]
#FINAL-06-10#
