000
CXUS53 KGRR 011017
CF6GRR
PRELIMINARY LOCAL CLIMATOLOGICAL DATA (WS FORM: F-6)
STATION: GRAND RAPIDS
MONTH: APRIL
YEAR: 2020
LATITUDE: 42 52 N
LONGITUDE: 85 31 W
TEMPERATURE IN F: :PCPN: SNOW: WIND :SUNSHINE: SKY :PK WND
================================================================================
1 2 3 4 5 6A 6B 7 8 9 10 11 12 13 14 15 16 17 18
12Z AVG MX 2MIN
DY MAX MIN AVG DEP HDD CDD WTR SNW DPTH SPD SPD DIR MIN PSBL S-S WX SPD DR
================================================================================
1 49 39 44 2 21 0 0.00 0.0 0 6.1 12 40 36 5 9 15 50
2 61 31 46 4 19 0 0.00 0.0 0 5.4 14 280 706 92 2 12 18 270
3 66 33 50 7 15 0 0.00 0.0 0 3.2 12 90 765 99 3 17 50
4 50 37 44 1 21 0 0.06 0.0 0 7.9 14 320 0 0 10 1 17 290
5 58 33 46 2 19 0 0.00 0.0 0 5.5 12 40 625 80 4 18 100
6 63 29 46 2 19 0 T 0.0 0 3.9 14 200 641 82 5 19 170
7 75 48 62 17 3 0 0.78 0.0 0 9.1 25 290 287 37 9 13 42 320
8 64 47 56 11 9 0 0.30 0.0 0 8.7 18 320 274 35 7 12 28 330
9 47 33 40 -5 25 0 0.02 0.1 0 15.8 35 270 539 68 7 158 45 270
10 42 29 36 -10 29 0 T T T 12.2 25 310 246 31 7 34 310
11 58 28 43 -3 22 0 0.01 0.0 0 6.9 16 200 530 67 6 24 220
12 63 45 54 7 11 0 0.07 0.0 0 8.7 20 170 137 17 10 1 24 150
13 54 29 42 -5 23 0 0.09 T 0 17.1 32 270 140 18 8 1 48 290
14 38 27 33 -15 32 0 0.06 1.0 0 14.2 29 250 539 67 6 1 41 260
15 36 25 31 -17 34 0 0.11 0.9 1 7.0 21 260 292 36 6 1 27 280
16 40 25 33 -15 32 0 0.03 0.2 T 11.0 24 270 565 70 8 1 33 240
17 40 29 35 -14 30 0 0.07 T 0 5.8 12 200 45 6 7 18 13 270
18 54 30 42 -7 23 0 0.00 0.0 0 14.1 31 240 791 97 3 1 42 220
19 57 35 46 -4 19 0 T 0.0 0 15.0 28 230 783 96 5 39 240
20 56 31 44 -6 21 0 0.08 0.0 0 13.0 33 280 688 84 4 1 54 300
21 42 30 36 -14 29 0 T T 0 15.1 28 300 672 82 5 38 300
22 41 24 33 -18 32 0 0.09 T 0 9.3 20 90 136 16 8 1 23 90
23 46 35 41 -10 24 0 0.06 0.0 0 12.3 20 100 0 0 10 1 25 110
24 56 39 48 -3 17 0 0.00 0.0 0 4.7 13 100 158 19 9 1 15 90
25 54 38 46 -6 19 0 T 0.0 0 11.1 21 50 48 6 8 26 50
26 66 42 54 2 11 0 0.00 0.0 0 12.1 24 20 761 91 3 31 350
27 60 33 47 -5 18 0 0.15 0.0 0 6.5 21 240 188 22 7 1 26 170
28 71 40 56 3 9 0 1.45 0.0 0 6.7 15 110 619 74 6 13 20 120
29 61 43 52 -1 13 0 0.58 0.0 0 10.9 26 170 105 12 9 1 36 160
30 51 43 47 -7 18 0 0.08 0.0 0 10.1 23 330 82 10 10 1 32 340
================================================================================
SM 1619 1030 617 0 4.09 2.2 289.4 11398 201
================================================================================
AV 54.0 34.3 9.6 FASTST 380 47 7 MAX(MPH)
MISC ----> # 35 270 # 54 300
================================================================================
NOTES:
# LAST OF SEVERAL OCCURRENCES
COLUMN 17 PEAK WIND IN M.P.H.
PRELIMINARY LOCAL CLIMATOLOGICAL DATA (WS FORM: F-6) , PAGE 2
STATION: GRAND RAPIDS
MONTH: APRIL
YEAR: 2020
LATITUDE: 42 52 N
LONGITUDE: 85 31 W
[TEMPERATURE DATA] [PRECIPITATION DATA] SYMBOLS USED IN COLUMN 16
AVERAGE MONTHLY: 44.2 TOTAL FOR MONTH: 4.09 1 = FOG OR MIST
DPTR FM NORMAL: -3.8 DPTR FM NORMAL: 0.74 2 = FOG REDUCING VISIBILITY
HIGHEST: 75 ON 7 GRTST 24HR 1.45 ON 28-28 TO 1/4 MILE OR LESS
LOWEST: 24 ON 22 3 = THUNDER
SNOW, ICE PELLETS, HAIL 4 = ICE PELLETS
TOTAL MONTH: 2.2 INCHES 5 = HAIL
GRTST 24HR 1.0 ON 14-14 6 = FREEZING RAIN OR DRIZZLE
GRTST DEPTH: 1 ON 15 7 = DUSTSTORM OR SANDSTORM:
VSBY 1/2 MILE OR LESS
8 = SMOKE OR HAZE
[NO. OF DAYS WITH] [WEATHER - DAYS WITH] 9 = BLOWING SNOW
X = TORNADO
MAX 32 OR BELOW: 0 0.01 INCH OR MORE: 18
MAX 90 OR ABOVE: 0 0.10 INCH OR MORE: 6
MIN 32 OR BELOW: 13 0.50 INCH OR MORE: 3
MIN 0 OR BELOW: 0 1.00 INCH OR MORE: 1
[HDD (BASE 65) ]
TOTAL THIS MO. 617 CLEAR (SCALE 0-3) 2
DPTR FM NORMAL 99 PTCLDY (SCALE 4-7) 20
TOTAL FM JUL 1 5942 CLOUDY (SCALE 8-10) 8
DPTR FM NORMAL -263
[CDD (BASE 65) ]
TOTAL THIS MO. 0
DPTR FM NORMAL -7 [PRESSURE DATA]
TOTAL FM JAN 1 0 HIGHEST SLP 30.28 ON 16
DPTR FM NORMAL -8 LOWEST SLP 29.27 ON 13
[REMARKS]
#FINAL-04-20#