212
CXUS53 KGRR 011017
CF6GRR
PRELIMINARY LOCAL CLIMATOLOGICAL DATA (WS FORM: F-6)

                                          STATION:   GRAND RAPIDS MI (ASOS)
                                          MONTH:     JUNE
                                          YEAR:      2016
                                          LATITUDE:   42 52 N
                                          LONGITUDE:  85 31 W

  TEMPERATURE IN F:       :PCPN:    SNOW:  WIND      :SUNSHINE: SKY     :PK WND
================================================================================
1   2   3   4   5  6A  6B    7    8   9   10  11  12  13   14  15   16   17  18
                                     12Z  AVG MX 2MIN
DY MAX MIN AVG DEP HDD CDD  WTR  SNW DPTH SPD SPD DIR MIN PSBL S-S WX    SPD DR
================================================================================

 1  77  63  70   6   0   5 0.07  0.0    0  7.5 18 120 369   41   7 1      23 110
 2  78  57  68   4   0   3 0.00  0.0    0  8.7 20 250 910  100   4 18     28 290
 3  83  53  68   3   0   3 0.00  0.0    0  2.5 13 250 874   96   4        17 260
 4  83  60  72   7   0   7 0.16  0.0    0  6.3 22 230 490   54   7 1      27 230
 5  73  60  67   2   0   2 0.27  0.0    0 12.7 28 270 391   43   8 138    35 280
 6  79  56  68   2   0   3    T  0.0    0 12.8 28 300 744   81   4        34 300
 7  63  49  56 -10   9   0    T  0.0    0 10.7 18 320 180   20   8 8      23 300
 8  69  46  58  -8   7   0    T  0.0    0  8.9 20 270 875   96   3 1      25 270
 9  74  45  60  -7   5   0 0.02  0.0    0  4.7 14 270 542   59   7        16 270
10  90  59  75   8   0  10 0.00  0.0    0  8.7 29 300 696   76   7        39 310
11  90  69  80  13   0  15 0.00  0.0    0 11.6 21 270 896   98   6        26 240
12  81  57  69   1   0   4 0.00  0.0    0  7.3 18  10 853   93   4        23  20
13  78  53  66  -2   0   1    T  0.0    0  7.5 14  70 469   51   7        17 100
14  82  60  71   3   0   6 0.05  0.0    0  9.9 15 100 463   50   8        20 120
15  87  62  75   7   0  10 0.28  0.0    0  8.0 25 340 609   66   7 13     30 340
16  76  64  70   1   0   5    T  0.0    0  7.5 16 280 142   15   8 18     20 280
17  90  57  74   5   0   9 0.00  0.0    0  5.0 15  50 920  100   1        21  60
18  93  60  77   8   0  12 0.00  0.0    0  4.1 14 250 854   93   5        19 210
19  92  63  78   8   0  13 0.00  0.0    0  7.9 20 230 898   98   3        24 190
20  89  69  79   9   0  14 0.08  0.0    0 13.5 29 240 672   73   6 3      35 240
21  81  59  70   0   0   5 0.00  0.0    0  9.9 25 290 912   99   2        33 260
22  87  59  73   3   0   8 0.00  0.0    0  4.4 14 230 509   55   7        17 230
23  81  63  72   1   0   7 0.00  0.0    0  9.5 20  50 482   52   8        23  50
24  87  55  71   0   0   6 0.00  0.0    0  5.1 12 130 920  100   2        17 140
25  90  57  74   3   0   9 0.00  0.0    0  8.1 17 160 892   97   2        23 160
26  88  71  80   9   0  15 0.22  0.0    0 10.4 25 300 526   57   6 18     34 300
27  87  66  77   6   0  12 0.00  0.0    0 12.3 25 300 895   97   2        33 270
28  76  57  67  -5   0   2 0.00  0.0    0  9.4 16 330 469   51   7        21 330
29  82  51  67  -5   0   2 0.00  0.0    0  6.4 15 280 901   98   3        20 270
30  83  51  67  -5   0   2 0.00  0.0    0  7.0 20 260 797   87   5        25 240
================================================================================
SM 2469 1751        21 190  1.15     0.0 248.3        20150    158
================================================================================
AV 82.3 58.4                               8.3 FASTST  672  73   5    MAX(MPH)
                                 MISC ---->  # 29 300               # 39  310
================================================================================
NOTES:
# LAST OF SEVERAL OCCURRENCES

COLUMN 17 PEAK WIND IN M.P.H.

PRELIMINARY LOCAL CLIMATOLOGICAL DATA (WS FORM: F-6) , PAGE 2

                                          STATION:  GRAND RAPIDS MI (ASOS)
                                          MONTH:    JUNE
                                          YEAR:     2016
                                          LATITUDE:   42 52 N
                                          LONGITUDE:  85 31 W

[TEMPERATURE DATA]      [PRECIPITATION DATA]       SYMBOLS USED IN COLUMN 16

AVERAGE MONTHLY: 70.3   TOTAL FOR MONTH:   1.15    1 = FOG OR MIST
DPTR FM NORMAL:   1.9   DPTR FM NORMAL:   -2.62    2 = FOG REDUCING VISIBILITY
HIGHEST:    93 ON 18    GRTST 24HR  0.43 ON  4- 5      TO 1/4 MILE OR LESS
LOWEST:     45 ON  9                               3 = THUNDER
                        SNOW, ICE PELLETS, HAIL    4 = ICE PELLETS
                        TOTAL MONTH:   0.0 INCH    5 = HAIL
                        GRTST 24HR     0.0         6 = FREEZING RAIN OR DRIZZLE
                        GRTST DEPTH:   0           7 = DUSTSTORM OR SANDSTORM:
                                                       VSBY 1/2 MILE OR LESS
                                                   8 = SMOKE OR HAZE
[NO. OF DAYS WITH]      [WEATHER - DAYS WITH]      9 = BLOWING SNOW
                                                   X = TORNADO
MAX 32 OR BELOW:   0    0.01 INCH OR MORE:   8
MAX 90 OR ABOVE:   6    0.10 INCH OR MORE:   4
MIN 32 OR BELOW:   0    0.50 INCH OR MORE:   0
MIN  0 OR BELOW:   0    1.00 INCH OR MORE:   0

[HDD (BASE 65) ]
TOTAL THIS MO.    21    CLEAR  (SCALE 0-3)   8
DPTR FM NORMAL   -24    PTCLDY (SCALE 4-7)  21
TOTAL FM JUL 1  5617    CLOUDY (SCALE 8-10)  1
DPTR FM NORMAL  -868

[CDD (BASE 65) ]
TOTAL THIS MO.   190
DPTR FM NORMAL    45    [PRESSURE DATA]
TOTAL FM JAN 1   261    HIGHEST SLP 30.25 ON 19
DPTR FM NORMAL    69    LOWEST  SLP 29.58 ON  6

[REMARKS]
#FINAL-06-16#
