000
CXUS53 KGRR 011017
CF6GRR
PRELIMINARY LOCAL CLIMATOLOGICAL DATA (WS FORM: F-6)

                                          STATION:   GRAND RAPIDS MI
                                          MONTH:     OCTOBER
                                          YEAR:      2013
                                          LATITUDE:   42 52 N
                                          LONGITUDE:  85 31 W

  TEMPERATURE IN F:       :PCPN:    SNOW:  WIND      :SUNSHINE: SKY     :PK WND
================================================================================
1   2   3   4   5  6A  6B    7    8   9   10  11  12  13   14  15   16   17  18
                                     12Z  AVG MX 2MIN
DY MAX MIN AVG DEP HDD CDD  WTR  SNW DPTH SPD SPD DIR MIN PSBL S-S WX    SPD DR
================================================================================

 1  73  52  63   7   2   0 0.00  0.0    0  9.8 20 200 201   29   4 18     25 220
 2  79  51  65   9   0   0 0.00  0.0    0  2.8  8 280 700  100   1 18     10 290
 3  80  52  66  10   0   1 0.03  0.0    0  6.4 20 220 333   48   5 138    24 200
 4  78  65  72  17   0   7 0.06  0.0    0  6.3 14  70 275   40   7 13     17  80
 5  77  65  71  16   0   6 1.72  0.0    0  7.6 16 200  50    7   8 138    21 200
 6  70  50  60   6   5   0 0.20  0.0    0  8.6 17 250  69   10   9 1      21 280
 7  62  46  54   0  11   0 0.14  0.0    0  9.7 21 270 279   41   6 1      28 310
 8  72  43  58   4   7   0 0.00  0.0    0  8.1 20 170 683  100   1        23 160
 9  71  46  59   6   6   0 0.00  0.0    0  4.6 12 130 680  100   1        16 140
10  73  43  58   5   7   0 0.00  0.0    0  3.0 10 160 672   99   1 1      18 130
11  71  42  57   4   8   0 0.00  0.0    0  4.8 12 120 675  100   2        18 110
12  78  49  64  12   1   0 0.13  0.0    0  7.6 17 190 496   74   4 18     22 180
13  64  44  54   2  11   0 0.00  0.0    0  6.2 17 270 585   87   2        22 290
14  62  40  51  -1  14   0 0.00  0.0    0  4.9 14  90 665  100   2        16  80
15  65  43  54   3  11   0 0.29  0.0    0  9.5 20 270  72   11   7 1      25 170
16  59  50  55   4  10   0 0.29  0.0    0  8.5 20 270   0    0   9 1      25 280
17  52  43  48  -3  17   0 0.31  0.0    0  7.2 20 310   1    0   9 1      25 310
18  61  40  51   1  14   0    T  0.0    0 10.4 28 260 282   43   6 18     33 260
19  53  40  47  -3  18   0 0.30  0.0    0  7.1 21 260 141   22   9 135    25 260
20  58  37  48  -2  17   0 0.12  0.0    0  9.0 24 220 253   39   8 1      33 210
21  54  41  48  -1  17   0 0.20  0.0    0 13.2 23 290   0    0  10 1      35 290
22  50  35  43  -6  22   0    T  0.0    0 11.0 21 270  73   11   8        25 280
23  48  34  41  -8  24   0    T    T    0  7.4 17 250 184   29   7        22 250
24  47  34  41  -7  24   0 0.02    T    0  7.7 21 280 229   36   7 15     29 270
25  49  31  40  -8  25   0    T  0.0    0 10.5 22 220 163   26   6        29 230
26  55  41  48   0  17   0 0.10  0.0    0 14.6 32 220  97   15   9        43 240
27  53  37  45  -2  20   0 0.00  0.0    0  8.1 22 250 364   58   7        31 230
28  48  32  40  -7  25   0 0.00  0.0    0  8.0 18  60  92   15   6        21  50
29  51  36  44  -3  21   0 0.00  0.0    0  7.8 14 100  39    6   9        17 100
30  64  34  49   3  16   0 0.34  0.0    0  6.7 24 150 262   42   7 18     30 140
31  63  55  59  13   6   0 1.21  0.0    0 11.7 25 230   0    0  10 1      32 250
================================================================================
SM 1940 1351       376  14  5.46    T    248.8         8615    187
================================================================================
AV 62.6 43.6                               8.0 FASTST  278  42   6    MAX(MPH)
                                 MISC ---->  # 32 220               # 43  240
================================================================================
NOTES:
# LAST OF SEVERAL OCCURRENCES

COLUMN 17 PEAK WIND IN M.P.H.

PRELIMINARY LOCAL CLIMATOLOGICAL DATA (WS FORM: F-6) , PAGE 2

                                          STATION:  GRAND RAPIDS MI
                                          MONTH:    OCTOBER
                                          YEAR:     2013
                                          LATITUDE:   42 52 N
                                          LONGITUDE:  85 31 W

[TEMPERATURE DATA]      [PRECIPITATION DATA]       SYMBOLS USED IN COLUMN 16

AVERAGE MONTHLY: 53.1   TOTAL FOR MONTH:   5.46    1 = FOG OR MIST
DPTR FM NORMAL:   2.1   DPTR FM NORMAL:    2.20    2 = FOG REDUCING VISIBILITY
HIGHEST:    80 ON  3    GRTST 24HR  1.72 ON  5- 5      TO 1/4 MILE OR LESS
LOWEST:     31 ON 25                               3 = THUNDER
                        SNOW, ICE PELLETS, HAIL    4 = ICE PELLETS
                        TOTAL MONTH:    T          5 = HAIL
                        GRTST 24HR    T  ON 24-24  6 = FREEZING RAIN OR DRIZZLE
                        GRTST DEPTH:   0           7 = DUSTSTORM OR SANDSTORM:
                                                       VSBY 1/2 MILE OR LESS
                                                   8 = SMOKE OR HAZE
[NO. OF DAYS WITH]      [WEATHER - DAYS WITH]      9 = BLOWING SNOW
                                                   X = TORNADO
MAX 32 OR BELOW:   0    0.01 INCH OR MORE:  16
MAX 90 OR ABOVE:   0    0.10 INCH OR MORE:  13
MIN 32 OR BELOW:   2    0.50 INCH OR MORE:   2
MIN  0 OR BELOW:   0    1.00 INCH OR MORE:   2

[HDD (BASE 65) ]
TOTAL THIS MO.   376    CLEAR  (SCALE 0-3)   7
DPTR FM NORMAL   -64    PTCLDY (SCALE 4-7)  15
TOTAL FM JUL 1   514    CLOUDY (SCALE 8-10)  9
DPTR FM NORMAL   -78

[CDD (BASE 65) ]
TOTAL THIS MO.    14
DPTR FM NORMAL     7    [PRESSURE DATA]
TOTAL FM JAN 1   767    HIGHEST SLP 30.45 ON 29
DPTR FM NORMAL    68    LOWEST  SLP 29.10 ON 31

[REMARKS]
#FINAL-10-13#
