000
CXUS53 KGRR 041348
CF6GRR
PRELIMINARY LOCAL CLIMATOLOGICAL DATA (WS FORM: F-6)

                                          STATION:   GRAND RAPIDS MI
                                          MONTH:     SEPTEMBER
                                          YEAR:      2013
                                          LATITUDE:   42 52 N
                                          LONGITUDE:  85 31 W

  TEMPERATURE IN F:       :PCPN:    SNOW:  WIND      :SUNSHINE: SKY     :PK WND
================================================================================
1   2   3   4   5  6A  6B    7    8   9   10  11  12  13   14  15   16   17  18
                                     12Z  AVG MX 2MIN
DY MAX MIN AVG DEP HDD CDD  WTR  SNW DPTH SPD SPD DIR MIN PSBL S-S WX    SPD DR
================================================================================

 1  85  64  75   7   0  10    T  0.0    0  4.6 14 250 318   40   7 18     17 250
 2  73  61  67  -1   0   2 0.00  0.0    0 10.0 20 320 419   53   7 1      25 320
 3  76  57  67  -1   0   2 0.00  0.0    0  8.0 16 280 784  100   4        22 280
 4  82  57  70   3   0   5 0.00  0.0    0  9.5 21 260 771   99   3        24 260
 5  73  52  63  -4   2   0 0.00  0.0    0  5.0 14  30 772   99   3        17  40
 6  80  50  65  -2   0   0 0.00  0.0    0  6.2 13 190 759   98   5        16 190
 7  81  64  73   7   0   8 0.01  0.0    0  7.2 20 260 261   34   6        23 270
 8  78  62  70   4   0   5 0.00  0.0    0 10.0 20  60 473   62   6 1      24  80
 9  84  59  72   6   0   7 0.76  0.0    0  7.7 14 170 529   69   5 138    20 170
10  94  77  86  21   0  21    T  0.0    0 12.1 24 240 753   99   1        33 240
11  88  69  79  14   0  14    T  0.0    0  8.8 18 270 372   49   6        25 290
12  78  54  66   2   0   1 0.00  0.0    0  9.9 23 330 645   85   4 1      29 320
13  65  46  56  -8   9   0 0.00  0.0    0  8.3 18  30 632   84   3        24 340
14  70  41  56  -8   9   0 0.00  0.0    0  5.7  M 190 746   99   4         M 210
15  60  51  56  -7   9   0 0.10  0.0    0  4.6 12 210   0    0   8 1      31 120
16  62  44  53 -10  12   0    T  0.0    0  7.3 16 360 309   41   7 1      25 340
17  69  38  54  -8  11   0 0.00  0.0    0  6.0 13 120 714   96   4 1       M  M
18  79  51  65   3   0   0    T  0.0    0  6.7 16 170 623   84   6        21 170
19  76  61  69   7   0   4 0.10  0.0    0  7.5 16 180 196   27   7 138    21 180
20  74  62  68   7   0   3 0.03  0.0    0 11.2 20 240  33    4   8 138    23 230
21  67  54  61   0   4   0 0.00  0.0    0 10.2 20 300 391   53   7        24 320
22  55  43  49 -11  16   0 0.00  0.0    0  4.7 13  10  50    7   8        16  20
23  65  38  52  -8  13   0 0.00  0.0    0  5.1 16 110 726  100   2 1      22 140
24  70  41  56  -3   9   0 0.00  0.0    0  5.7 13  80 723  100   1 1      20  90
25  73  45  59   0   6   0 0.00  0.0    0  5.5 13  70 712   99   3 18     18  90
26  76  44  60   1   5   0 0.00  0.0    0  3.6  9  40 718  100   0 1      14  70
27  80  46  63   5   2   0 0.00  0.0    0  6.0 14 110 715  100   1        18 110
28  81  50  66   8   0   1 0.00  0.0    0  8.9 20 160 690   97   4 1      25 160
29  71  53  62   5   3   0 0.25  0.0    0  5.9 22 240 377   53   7 1      29 240
30  73  52  63   6   2   0 0.00  0.0    0  4.3 14 240 512   73   7 12     15 250
================================================================================
SM 2238 1586       112  83  1.25     0.0 216.2        15723    144
================================================================================
AV 74.6 52.9                               7.2 FASTST  524  70   5    MAX(MPH)
                                 MISC ---->  # 24 240               # 33  240
================================================================================
NOTES:
# LAST OF SEVERAL OCCURRENCES

COLUMN 17 PEAK WIND IN M.P.H.

PRELIMINARY LOCAL CLIMATOLOGICAL DATA (WS FORM: F-6) , PAGE 2

                                          STATION:  GRAND RAPIDS MI
                                          MONTH:    SEPTEMBER
                                          YEAR:     2013
                                          LATITUDE:   42 52 N
                                          LONGITUDE:  85 31 W

[TEMPERATURE DATA]      [PRECIPITATION DATA]       SYMBOLS USED IN COLUMN 16

AVERAGE MONTHLY: 63.7   TOTAL FOR MONTH:   1.25    1 = FOG OR MIST
DPTR FM NORMAL:   0.9   DPTR FM NORMAL:   -3.03    2 = FOG REDUCING VISIBILITY
HIGHEST:    94 ON 10    GRTST 24HR  0.76 ON  9- 9      TO 1/4 MILE OR LESS
LOWEST:     38 ON 23,17                            3 = THUNDER
                        SNOW, ICE PELLETS, HAIL    4 = ICE PELLETS
                        TOTAL MONTH:   0.0 INCH    5 = HAIL
                        GRTST 24HR     0.0         6 = FREEZING RAIN OR DRIZZLE
                        GRTST DEPTH:   0           7 = DUSTSTORM OR SANDSTORM:
                                                       VSBY 1/2 MILE OR LESS
                                                   8 = SMOKE OR HAZE
[NO. OF DAYS WITH]      [WEATHER - DAYS WITH]      9 = BLOWING SNOW
                                                   X = TORNADO
MAX 32 OR BELOW:   0    0.01 INCH OR MORE:   6
MAX 90 OR ABOVE:   1    0.10 INCH OR MORE:   4
MIN 32 OR BELOW:   0    0.50 INCH OR MORE:   1
MIN  0 OR BELOW:   0    1.00 INCH OR MORE:   0

[HDD (BASE 65) ]
TOTAL THIS MO.   112    CLEAR  (SCALE 0-3)   7
DPTR FM NORMAL   -20    PTCLDY (SCALE 4-7)  23
TOTAL FM JUL 1   138    CLOUDY (SCALE 8-10)  0
DPTR FM NORMAL   -14

[CDD (BASE 65) ]
TOTAL THIS MO.    83
DPTR FM NORMAL    16    [PRESSURE DATA]
TOTAL FM JAN 1   753    HIGHEST SLP 30.43 ON 17
DPTR FM NORMAL    61    LOWEST  SLP 29.71 ON  1

[REMARKS]
#FINAL-09-13#
