000
CXUS53 KGRR 011017
CF6GRR
PRELIMINARY LOCAL CLIMATOLOGICAL DATA (WS FORM: F-6)

                                          STATION:   GRAND RAPIDS MI
                                          MONTH:     JULY
                                          YEAR:      2013
                                          LATITUDE:   42 52 N
                                          LONGITUDE:  85 31 W

  TEMPERATURE IN F:       :PCPN:    SNOW:  WIND      :SUNSHINE: SKY     :PK WND
================================================================================
1   2   3   4   5  6A  6B    7    8   9   10  11  12  13   14  15   16   17  18
                                     12Z  AVG MX 2MIN
DY MAX MIN AVG DEP HDD CDD  WTR  SNW DPTH SPD SPD DIR MIN PSBL S-S WX    SPD DR
================================================================================

 1  78  56  67  -5   0   2 0.00  0.0    0 12.3 26  70 540   69   7        36  70
 2  71  57  64  -8   1   0 0.17  0.0    0  7.5  M   M   0    0   9 1       M  M
 3  82  60  71  -1   0   6 0.02  0.0    0  8.0 16 210 417   46   7 18     21 210
 4  80  62  71  -1   0   6 0.00  0.0    0  6.1 13 250 622   68   7 18     17 180
 5  85  64  75   3   0  10 0.00  0.0    0  3.8 12 180 865   95   5 18     17 190
 6  86  67  77   5   0  12 0.00  0.0    0  5.3 13 250 734   80   7 18      M  M
 7  88  71  80   8   0  15    T  0.0    0  7.1 17 260 408   45   8 18     20 250
 8  80  71  76   3   0  11 0.02  0.0    0  8.9 24 120  39    4   8 18      M 210
 9  88  69  79   6   0  14 0.30  0.0    0  5.0 18 220 534   59   7 138    24 220
10  84  63  74   1   0   9 0.00  0.0    0 11.1 23 310 770   85   3 18     29 310
11  82  60  71  -2   0   6 0.00  0.0    0  5.1 18 340 883   97   2        24 350
12  82  57  70  -3   0   5 0.00  0.0    0  4.7 21  40 905  100   1         M  M
13  86  60  73   0   0   8 0.00  0.0    0  5.3 15  80 904  100   2         M  M
14  91  64  78   5   0  13 0.00  0.0    0  4.9 12 100 868   96   2        21 200
15  95  71  83  10   0  18 0.83  0.0    0  3.6 18  30 569   63   4 138    23 310
16  93  74  84  11   0  19 0.00  0.0    0  5.8 15 240 877   97   3        18 250
17  95  75  85  12   0  20 0.00  0.0    0  8.2 18 260 737   82   3 18     22 270
18  95  76  86  13   0  21 0.00  0.0    0  9.4 20 240 884   99   2 8      25 240
19  96  78  87  14   0  22 0.11  0.0    0 15.0 41 250 715   80   4 3      54 250
20  88  66  77   4   0  12 0.00  0.0    0  6.7 17 280 825   92   5        22 300
21  83  59  71  -2   0   6 0.90  0.0    0  6.1 25 250 540   64   6 13     30 250
22  85  66  76   3   0  11 0.01  0.0    0  6.2 13 170 635   71   5        17 170
23  81  56  69  -4   0   4 0.02  0.0    0 11.9 24 320 721   81   4 1       M  M
24  75  51  63  -9   2   0 0.00  0.0    0  5.0 10  50 886  100   4        23  40
25  79  53  66  -6   0   1 0.00  0.0    0  4.2 12 210 685   77   4 8      16 200
26  78  60  69  -3   0   4 0.32  0.0    0  7.5 17 190 211   24   9 1      21 190
27  72  54  63  -9   2   0    T  0.0    0  9.0 21 290 426   48   8 18     26 290
28  67  53  60 -12   5   0 0.29  0.0    0 10.1 21 250 290   33   9 1      25 270
29  71  56  64  -8   1   0 0.06  0.0    0  6.9 14 280 517   59   7 1      18 300
30  79  50  65  -7   0   0    T  0.0    0  4.1 10 280 805   92   5 1      14 170
31  72  64  68  -4   0   3 0.16  0.0    0  5.4 10 270  18    2   9 18     14 330
================================================================================
SM 2567 1943        11 258  3.21     0.0 220.2        18830    166
================================================================================
AV 82.8 62.7                               7.1 FASTST  607  68   5    MAX(MPH)
                                 MISC ---->  # 41 250               # 54  250
================================================================================
NOTES:
# LAST OF SEVERAL OCCURRENCES

COLUMN 17 PEAK WIND IN M.P.H.

PRELIMINARY LOCAL CLIMATOLOGICAL DATA (WS FORM: F-6) , PAGE 2

                                          STATION:  GRAND RAPIDS MI
                                          MONTH:    JULY
                                          YEAR:     2013
                                          LATITUDE:   42 52 N
                                          LONGITUDE:  85 31 W

[TEMPERATURE DATA]      [PRECIPITATION DATA]       SYMBOLS USED IN COLUMN 16

AVERAGE MONTHLY: 72.7   TOTAL FOR MONTH:   3.21    1 = FOG OR MIST
DPTR FM NORMAL:   0.2   DPTR FM NORMAL:   -0.57    2 = FOG REDUCING VISIBILITY
HIGHEST:    96 ON 19    GRTST 24HR  0.90 ON 21-21      TO 1/4 MILE OR LESS
LOWEST:     50 ON 30                               3 = THUNDER
                        SNOW, ICE PELLETS, HAIL    4 = ICE PELLETS
                        TOTAL MONTH:   0.0 INCH    5 = HAIL
                        GRTST 24HR     0.0         6 = FREEZING RAIN OR DRIZZLE
                        GRTST DEPTH:   0           7 = DUSTSTORM OR SANDSTORM:
                                                       VSBY 1/2 MILE OR LESS
                                                   8 = SMOKE OR HAZE
[NO. OF DAYS WITH]      [WEATHER - DAYS WITH]      9 = BLOWING SNOW
                                                   X = TORNADO
MAX 32 OR BELOW:   0    0.01 INCH OR MORE:  13
MAX 90 OR ABOVE:   6    0.10 INCH OR MORE:   8
MIN 32 OR BELOW:   0    0.50 INCH OR MORE:   2
MIN  0 OR BELOW:   0    1.00 INCH OR MORE:   0

[HDD (BASE 65) ]
TOTAL THIS MO.    11    CLEAR  (SCALE 0-3)   8
DPTR FM NORMAL     5    PTCLDY (SCALE 4-7)  17
TOTAL FM JUL 1    11    CLOUDY (SCALE 8-10)  6
DPTR FM NORMAL     5

[CDD (BASE 65) ]
TOTAL THIS MO.   258
DPTR FM NORMAL    19    [PRESSURE DATA]
TOTAL FM JAN 1   489    HIGHEST SLP 30.32 ON 16
DPTR FM NORMAL    58    LOWEST  SLP 29.67 ON 23

[REMARKS]
#FINAL-07-13#
