000
CXUS53 KGRR 011017
CF6GRR
PRELIMINARY LOCAL CLIMATOLOGICAL DATA (WS FORM: F-6)

                                          STATION:   GRAND RAPIDS MI
                                          MONTH:     AUGUST
                                          YEAR:      2013
                                          LATITUDE:   42 52 N
                                          LONGITUDE:  85 31 W

  TEMPERATURE IN F:       :PCPN:    SNOW:  WIND      :SUNSHINE: SKY     :PK WND
================================================================================
1   2   3   4   5  6A  6B    7    8   9   10  11  12  13   14  15   16   17  18
                                     12Z  AVG MX 2MIN
DY MAX MIN AVG DEP HDD CDD  WTR  SNW DPTH SPD SPD DIR MIN PSBL S-S WX    SPD DR
================================================================================

 1  79  61  70  -2   0   5    T  0.0    0  8.3 21 280 520   60   4 18     28 270
 2  75  57  66  -6   0   1 0.01  0.0    0  7.0 17 210  82    9   7 1      22 210
 3  79  58  69  -3   0   4 0.00  0.0    0  6.4 18 320 768   89   4 12     24 290
 4  76  56  66  -6   0   1 0.00  0.0    0  6.5 15 290 782   91   4        21 290
 5  72  49  61 -11   4   0    T  0.0    0  4.1 12 150 176   20   8         M  M
 6  78  65  72   0   0   7    T  0.0    0  7.2 13 230 255   30   7 18     16 210
 7  83  64  74   2   0   9 0.20  0.0    0  9.2 21 330 628   73   4 138    25 330
 8  78  58  68  -4   0   3 0.00  0.0    0  5.6 16  60 814   95   5        18  70
 9  82  56  69  -3   0   4 0.00  0.0    0  5.8 18 260 770   91   3         M  M
10  80  60  70  -2   0   5 0.00  0.0    0  4.3 13 100 730   86   5        15  30
11  79  60  70  -2   0   5 0.00  0.0    0  3.5 13 250 504   60   8        16 260
12  75  64  70  -2   0   5 0.69  0.0    0  4.9 10 230 228   27   8 1      13 330
13  70  54  62  -9   3   0 0.00  0.0    0 11.3 21 320 710   85   4         M  M
14  71  49  60 -11   5   0 0.00  0.0    0  5.9  M   M 697   83   3         M  M
15  76  48  62  -9   3   0 0.00  0.0    0  7.0 15 270 577   69   4        24 240
16  80  52  66  -5   0   1 0.00  0.0    0  2.2  9  70 817   98   2 1      13  60
17  81  52  67  -4   0   2 0.00  0.0    0  2.3 10 160 829  100   2 18     18  40
18  82  55  69  -2   0   4 0.00  0.0    0  2.4 10 140 793   96   2 1       M  M
19  83  54  69  -2   0   4 0.00  0.0    0  4.9 18 250 805   98   2 18     24 280
20  86  61  74   3   0   9 0.00  0.0    0  6.2 17 260 756   92   2 18      M  M
21  89  66  78   8   0  13 0.02  0.0    0  9.4 29 310 788   96   3 138    39 280
22  76  65  71   1   0   6 0.08  0.0    0  4.9 17 360 122   15   6 138     M  M
23  82  55  69  -1   0   4 0.00  0.0    0  3.5 13  10 814  100   1        15  40
24  83  56  70   0   0   5 0.00  0.0    0  4.4 12 220 809  100   2        16 190
25  89  61  75   5   0  10 0.00  0.0    0  9.4 20 240 780   96   5        24 220
26  84  68  76   6   0  11    T  0.0    0  9.3 17 240 470   58   6         M  M
27  92  73  83  14   0  18 0.43  0.0    0 10.2 22 230 403   50   8 138    28 230
28  84  69  77   8   0  12 0.47  0.0    0  5.3 12  30 293   37   6 13     14  40
29  87  65  76   7   0  11 0.00  0.0    0  2.4  8 140 777   97   2 18     13 110
30  89  68  79  10   0  14    T  0.0    0 10.5 21 240 588   74   4 18     29 240
31  80  66  73   5   0   8 0.00  0.0    0  5.1 14  30 471   59   6        16  50
================================================================================
SM 2500 1845        15 181  1.90     0.0 189.4        18556    137
================================================================================
AV 80.6 59.5                               6.1 FASTST  599  72   4    MAX(MPH)
                                 MISC ---->  # 29 310                999999 M
================================================================================
NOTES:
# LAST OF SEVERAL OCCURRENCES

COLUMN 17 PEAK WIND IN M.P.H.

PRELIMINARY LOCAL CLIMATOLOGICAL DATA (WS FORM: F-6) , PAGE 2

                                          STATION:  GRAND RAPIDS MI
                                          MONTH:    AUGUST
                                          YEAR:     2013
                                          LATITUDE:   42 52 N
                                          LONGITUDE:  85 31 W

[TEMPERATURE DATA]      [PRECIPITATION DATA]       SYMBOLS USED IN COLUMN 16

AVERAGE MONTHLY: 70.1   TOTAL FOR MONTH:   1.90    1 = FOG OR MIST
DPTR FM NORMAL:  -0.7   DPTR FM NORMAL:   -1.69    2 = FOG REDUCING VISIBILITY
HIGHEST:    92 ON 27    GRTST 24HR  0.92 ON 11-12      TO 1/4 MILE OR LESS
LOWEST:     48 ON 15                               3 = THUNDER
                        SNOW, ICE PELLETS, HAIL    4 = ICE PELLETS
                        TOTAL MONTH:   0.0 INCH    5 = HAIL
                        GRTST 24HR     0.0         6 = FREEZING RAIN OR DRIZZLE
                        GRTST DEPTH:   0           7 = DUSTSTORM OR SANDSTORM:
                                                       VSBY 1/2 MILE OR LESS
                                                   8 = SMOKE OR HAZE
[NO. OF DAYS WITH]      [WEATHER - DAYS WITH]      9 = BLOWING SNOW
                                                   X = TORNADO
MAX 32 OR BELOW:   0    0.01 INCH OR MORE:   7
MAX 90 OR ABOVE:   1    0.10 INCH OR MORE:   4
MIN 32 OR BELOW:   0    0.50 INCH OR MORE:   1
MIN  0 OR BELOW:   0    1.00 INCH OR MORE:   0

[HDD (BASE 65) ]
TOTAL THIS MO.    15    CLEAR  (SCALE 0-3)  10
DPTR FM NORMAL     1    PTCLDY (SCALE 4-7)  20
TOTAL FM JUL 1    26    CLOUDY (SCALE 8-10)  1
DPTR FM NORMAL     6

[CDD (BASE 65) ]
TOTAL THIS MO.   181
DPTR FM NORMAL   -13    [PRESSURE DATA]
TOTAL FM JAN 1   670    HIGHEST SLP 30.31 ON 24
DPTR FM NORMAL    45    LOWEST  SLP 29.75 ON 30

[REMARKS]
#FINAL-08-13#
