000
CXUS53 KGRR 011017
CF6GRR
PRELIMINARY LOCAL CLIMATOLOGICAL DATA (WS FORM: F-6)

                                          STATION:   GRAND RAPIDS MI
                                          MONTH:     FEBRUARY
                                          YEAR:      2013
                                          LATITUDE:   42 52 N
                                          LONGITUDE:  85 31 W

  TEMPERATURE IN F:       :PCPN:    SNOW:  WIND      :SUNSHINE: SKY     :PK WND
================================================================================
1   2   3   4   5  6A  6B    7    8   9   10  11  12  13   14  15   16   17  18
                                     12Z  AVG MX 2MIN
DY MAX MIN AVG DEP HDD CDD  WTR  SNW DPTH SPD SPD DIR MIN PSBL S-S WX    SPD DR
================================================================================

 1  17  11  14 -10  51   0 0.07  2.3    3 13.8 23 230  14    2  10 18     28 230
 2  18   3  11 -14  54   0 0.24  5.9    7  5.7 14 200   0    0   9 18     18 200
 3  20   3  12 -13  53   0 0.04  1.1    6  7.5 22 290   0    0  10 18     29 300
 4  23  11  17  -8  48   0 0.06  1.5    6  4.0 10 100   0    0   9 18     13  80
 5  30   2  16  -9  49   0 0.03  0.4    5  9.5 18 260   0    0   8 168    24 270
 6  32   8  20  -5  45   0    T    T    4  5.6 13 200 546   89   5 18     15 200
 7  34  27  31   6  34   0 0.53  5.2    3  9.6 15  70   0    0  10 12468  20  70
 8  34  12  23  -2  42   0 0.15  2.0   10  9.8 20 360 437   71   6 1      24 360
 9  33   1  17  -9  48   0 0.00  0.0    8  4.7 13 180 619  100   3 18     16 170
10  42  15  29   3  36   0 0.14  0.0    8 11.8 23 150   0    0   7 168    29 140
11  45  31  38  12  27   0 0.18  1.7    4 21.8 36 240   0    0  10 129    47 220
12  31  27  29   3  36   0    T    T    4 13.0 22 240   0    0  10        28 290
13  39  21  30   4  35   0 0.00  0.0    4  7.8 14 200 283   45   7 18     18 230
14  40  27  34   8  31   0 0.09  0.5    3 13.4 26 270  31    5   8 18     35 230
15  29  21  25  -2  40   0 0.01  0.2    3  7.8 16 310  18    3   9 1      21 280
16  23  13  18  -9  47   0    T  0.2    4  7.6 18 320 161   25   9 18     21 320
17  23   4  14 -13  51   0 0.00  0.0    4  4.0 12 190 227   35   5        14 200
18  45  18  32   5  33   0 0.16  0.0    4 15.0 24 180 183   28   8 1      32 180
19  44  17  31   3  34   0 0.16  1.3    1 19.5 31 250   0    0  10 169    40 250
20  23  16  20  -8  45   0    T    T    2 15.0 20 310   0    0   8        32 300
21  26  21  24  -4  41   0    T    T    1 10.4 26  90  30    5  10        33  90
22  34  21  28   0  37   0 0.26  2.3    2 13.8 26  90   0    0  10 1268   33 100
23  31  25  28  -1  37   0 0.10  2.3    3 11.7 24 250   0    0  10 168    29 240
24  37  22  30   1  35   0 0.01  0.2    4  7.7 14 230  73   11   8 1      17 320
25  43  15  29   0  36   0 0.00  0.0    3  2.5 10  50 590   89   3 128    13  50
26  34  27  31   2  34   0 0.58  4.1    2 18.8 29  60   0    0   8 1469   38  60
27  36  34  35   5  30   0 0.22  1.6    7  7.3 22  60   0    0  10 19     28  60
28  38  31  35   5  30   0 0.02  0.3    4  9.3 15  20   0    0  10 16     20 360
================================================================================
SM  904  484      1119   0  3.05    33.1 288.4         3212    230
================================================================================
AV 32.3 17.3                              10.3 FASTST  115  18   8    MAX(MPH)
                                 MISC ---->  # 36 240               # 47  220
================================================================================
NOTES:
# LAST OF SEVERAL OCCURRENCES

COLUMN 17 PEAK WIND IN M.P.H.

PRELIMINARY LOCAL CLIMATOLOGICAL DATA (WS FORM: F-6) , PAGE 2

                                          STATION:  GRAND RAPIDS MI
                                          MONTH:    FEBRUARY
                                          YEAR:     2013
                                          LATITUDE:   42 52 N
                                          LONGITUDE:  85 31 W

[TEMPERATURE DATA]      [PRECIPITATION DATA]       SYMBOLS USED IN COLUMN 16

AVERAGE MONTHLY: 24.8   TOTAL FOR MONTH:   3.05    1 = FOG OR MIST
DPTR FM NORMAL:  -2.0   DPTR FM NORMAL:    1.26    2 = FOG REDUCING VISIBILITY
HIGHEST:    45 ON 18,11 GRTST 24HR  0.61 ON  7- 8      TO 1/4 MILE OR LESS
LOWEST:      1 ON  9                               3 = THUNDER
                        SNOW, ICE PELLETS, HAIL    4 = ICE PELLETS
                        TOTAL MONTH:  33.1 INCHES  5 = HAIL
                        GRTST 24HR   5.9 ON   M    6 = FREEZING RAIN OR DRIZZLE
                        GRTST DEPTH:  10 ON  8     7 = DUSTSTORM OR SANDSTORM:
                                                       VSBY 1/2 MILE OR LESS
                                                   8 = SMOKE OR HAZE
[NO. OF DAYS WITH]      [WEATHER - DAYS WITH]      9 = BLOWING SNOW
                                                   X = TORNADO
MAX 32 OR BELOW:  13    0.01 INCH OR MORE:  19
MAX 90 OR ABOVE:   0    0.10 INCH OR MORE:  11
MIN 32 OR BELOW:  27    0.50 INCH OR MORE:   2
MIN  0 OR BELOW:   0    1.00 INCH OR MORE:   0

[HDD (BASE 65) ]
TOTAL THIS MO.  1119    CLEAR  (SCALE 0-3)   1
DPTR FM NORMAL    49    PTCLDY (SCALE 4-7)  10
TOTAL FM JUL 1  4485    CLOUDY (SCALE 8-10) 17
DPTR FM NORMAL  -292

[CDD (BASE 65) ]
TOTAL THIS MO.     0
DPTR FM NORMAL     0    [PRESSURE DATA]
TOTAL FM JAN 1     0    HIGHEST SLP 30.46 ON  9
DPTR FM NORMAL     0    LOWEST  SLP 29.37 ON 19

[REMARKS]
#FINAL-02-13#
