000
CXUS53 KGRR 020120
CF6GRR
PRELIMINARY LOCAL CLIMATOLOGICAL DATA (WS FORM: F-6)

                                          STATION:   GRAND RAPIDS MI
                                          MONTH:     NOVEMBER
                                          YEAR:      2012
                                          LATITUDE:   42 52 N
                                          LONGITUDE:  85 31 W

  TEMPERATURE IN F:       :PCPN:    SNOW:  WIND      :SUNSHINE: SKY     :PK WND
================================================================================
1   2   3   4   5  6A  6B    7    8   9   10  11  12  13   14  15   16   17  18
                                     12Z  AVG MX 2MIN
DY MAX MIN AVG DEP HDD CDD  WTR  SNW DPTH SPD SPD DIR MIN PSBL S-S WX    SPD DR
================================================================================

 1  49  38  44  -2  21   0 0.00  0.0    0 11.5 20 270 383   62   8        25 270
 2  46  33  40  -5  25   0    T  0.0    0  9.4 17 320 243   40   6        24 320
 3  42  31  37  -8  28   0    T    T    0  3.9  9  10  48    8   8        13 330
 4  42  26  34 -11  31   0 0.00  0.0    0  2.4  9 360 213   35   7        21 280
 5  40  24  32 -12  33   0 0.00  0.0    0  3.5 10  60 213   35   4        13  40
 6  46  26  36  -8  29   0 0.00  0.0    0  7.2 16 160 123   20   8 18     18 150
 7  48  33  41  -3  24   0 0.00  0.0    0  5.9 13  90 574   95   4 8      16  80
 8  46  26  36  -7  29   0 0.00  0.0    0  4.2 10 210  40    7   6 18     15 210
 9  57  34  46   3  19   0 0.00  0.0    0  6.9 12 160 363   61   7 18     15 180
10  66  49  58  16   7   0    T  0.0    0  9.3 22 200  36    6   9 8      30 200
11  71  57  64  22   1   0 0.03  0.0    0 17.8 33 170 447   75   6        46 170
12  57  32  45   3  20   0 0.30  0.1    0 16.6 29 250   8    1   9 1      37 250
13  38  25  32  -9  33   0    T    T    0  6.2 18 290 169   29   7        25 270
14  44  23  34  -7  31   0 0.00  0.0    0  5.2 10 150 250   43   5        13 130
15  46  25  36  -4  29   0 0.00  0.0    0  2.3  9 110 540   92   4 18     10 220
16  55  26  41   1  24   0 0.00  0.0    0  3.3 10 210 537   92   1 18      M  M
17  54  27  41   1  24   0 0.00  0.0    0  4.5 12 180 579  100   5 128    14 190
18  57  31  44   5  21   0 0.00  0.0    0  5.5 12 150 577  100   3 18     17 140
19  56  31  44   5  21   0 0.00  0.0    0  4.3  9 170  57   10   7 18     16  60
20  54  39  47   9  18   0    T  0.0    0  3.5  9 170   7    1   9 8      10 170
21  53  33  43   5  22   0 0.00  0.0    0  4.5 13 180 372   65   7 128    15 200
22  62  40  51  13  14   0 0.16  0.0    0 13.0 32 240 498   87   6 18      M  M
23  56  32  44   7  21   0    T  0.1    0 20.5 31 260   0    0  10        41 260
24  33  30  32  -5  33   0    T    T    0 10.4 21 300   0    0  10        26 290
25  38  29  34  -2  31   0    T    T    0  9.6 18 200   0    0  10        23 290
26  34  30  32  -4  33   0    T    T    0  7.9 15 330   0    0  10        17 320
27  37  20  29  -7  36   0 0.00  0.0    0  6.7 16 240 337   60   6        22 230
28  41  26  34  -1  31   0    T  0.1    T  9.0 21 260 397   71   6        25 250
29  51  32  42   7  23   0 0.00  0.0    0  8.6 16 230 558  100   5        20 210
30  40  36  38   4  27   0    T    T    0 10.3 17 100   0    0  10 18     21  70
================================================================================
SM 1459  944       739   0  0.49     0.3 233.9         7569    203
================================================================================
AV 48.6 31.5                               7.8 FASTST  252  43   7    MAX(MPH)
                                 MISC ---->  # 33 170               # 46  170
================================================================================
NOTES:
# LAST OF SEVERAL OCCURRENCES

COLUMN 17 PEAK WIND IN M.P.H.

PRELIMINARY LOCAL CLIMATOLOGICAL DATA (WS FORM: F-6) , PAGE 2

                                          STATION:  GRAND RAPIDS MI
                                          MONTH:    NOVEMBER
                                          YEAR:     2012
                                          LATITUDE:   42 52 N
                                          LONGITUDE:  85 31 W

[TEMPERATURE DATA]      [PRECIPITATION DATA]       SYMBOLS USED IN COLUMN 16

AVERAGE MONTHLY: 40.1   TOTAL FOR MONTH:   0.49    1 = FOG OR MIST
DPTR FM NORMAL:  -0.0   DPTR FM NORMAL:   -3.02    2 = FOG REDUCING VISIBILITY
HIGHEST:    71 ON 11    GRTST 24HR  0.30 ON 12-12      TO 1/4 MILE OR LESS
LOWEST:     20 ON 27                               3 = THUNDER
                        SNOW, ICE PELLETS, HAIL    4 = ICE PELLETS
                        TOTAL MONTH:   0.3 INCH    5 = HAIL
                        GRTST 24HR   0.1 ON   M    6 = FREEZING RAIN OR DRIZZLE
                        GRTST DEPTH:   T           7 = DUSTSTORM OR SANDSTORM:
                                                       VSBY 1/2 MILE OR LESS
                                                   8 = SMOKE OR HAZE
[NO. OF DAYS WITH]      [WEATHER - DAYS WITH]      9 = BLOWING SNOW
                                                   X = TORNADO
MAX 32 OR BELOW:   0    0.01 INCH OR MORE:   3
MAX 90 OR ABOVE:   0    0.10 INCH OR MORE:   2
MIN 32 OR BELOW:  20    0.50 INCH OR MORE:   0
MIN  0 OR BELOW:   0    1.00 INCH OR MORE:   0

[HDD (BASE 65) ]
TOTAL THIS MO.   739    CLEAR  (SCALE 0-3)   2
DPTR FM NORMAL    -7    PTCLDY (SCALE 4-7)  19
TOTAL FM JUL 1  1309    CLOUDY (SCALE 8-10)  9
DPTR FM NORMAL   -29

[CDD (BASE 65) ]
TOTAL THIS MO.     0
DPTR FM NORMAL     0    [PRESSURE DATA]
TOTAL FM JAN 1  1039    HIGHEST SLP 30.61 ON 17
DPTR FM NORMAL   340    LOWEST  SLP 29.69 ON 23

[REMARKS]
#FINAL-11-12#
