000
CXUS53 KGRR 011017
CF6GRR
PRELIMINARY LOCAL CLIMATOLOGICAL DATA (WS FORM: F-6)

                                          STATION:   GRAND RAPIDS
                                          MONTH:     NOVEMBER
                                          YEAR:      2016
                                          LATITUDE:   42 52 N
                                          LONGITUDE:  85 31 W

  TEMPERATURE IN F:       :PCPN:    SNOW:  WIND      :SUNSHINE: SKY     :PK WND
================================================================================
1   2   3   4   5  6A  6B    7    8   9   10  11  12  13   14  15   16   17  18
                                     12Z  AVG MX 2MIN
DY MAX MIN AVG DEP HDD CDD  WTR  SNW DPTH SPD SPD DIR MIN PSBL S-S WX    SPD DR
================================================================================

 1  73  51  62  16   3   0    T  0.0    0 10.9 24 250 340   55   6 18     29 250
 2  64  53  59  14   6   0 1.29  0.0    0  6.7 15 110   0    0  10 13     18  50
 3  59  44  52   7  13   0 0.06  0.0    0  5.4 14 350  68   11   8 18     18 340
 4  58  37  48   3  17   0 0.00  0.0    0  5.5 16 270 609  100   1 1      19 260
 5  66  39  53   9  12   0 0.00  0.0    0  6.5 13 250 574   95   3 18     17 250
 6  69  37  53   9  12   0 0.00  0.0    0  3.1 10 150 587   97   1 128    13 180
 7  66  40  53   9  12   0 0.00  0.0    0  6.3 15 180 576   96   1 18     18 170
 8  59  46  53  10  12   0    T  0.0    0 11.6 22 320   9    2   8 8      29 310
 9  57  39  48   5  17   0 0.00  0.0    0  9.4 18 340 957   93   6        24 340
10  61  41  51   9  14   0 0.00  0.0    0 15.7 29 240 589   99   1        37 250
11  53  34  44   2  21   0 0.00  0.0    0  9.9 21 360 450   76   1        26 360
12  49  25  37  -5  28   0 0.00  0.0    0  8.4 22 240 345   58   3        26 240
13  57  36  47   6  18   0 0.00  0.0    0 11.6 25 240 559   95   1        31 250
14  60  41  51  10  14   0 0.00  0.0    0  7.5 14 220 326   56   6        18 190
15  50  36  43   3  22   0    T  0.0    0  4.6 14 260   0    0   6 128    18 270
16  51  34  43   3  22   0 0.00  0.0    0  2.6  9 240   9    2   6 128    12 270
17  67  35  51  11  14   0 0.00  0.0    0 10.3 20 170 255   44   4 128    26 160
18  70  44  57  18   8   0 0.32  0.0    0 14.5 33 250 228   40   6 13     42 230
19  44  31  38  -1  27   0 0.16  0.8    0 19.6 32 240   0    0  10 129    39 250
20  32  30  31  -7  34   0    T    T    T 15.7 25 310   0    0  10        32 310
21  39  27  33  -5  32   0 0.00  0.0    0  8.9 18 320 227   40   6        23 320
22  39  21  30  -8  35   0 0.00  0.0    0  4.0 12  70 288   51   4        14  60
23  38  31  35  -2  30   0 0.50    T    0 10.3 17 110   0    0  10 146    21 100
24  43  38  41   4  24   0 0.16  0.0    0  7.1 15 270   0    0  10 1      20 270
25  40  37  39   3  26   0 0.15  0.0    0  7.9 13 290   0    0  10 1      17 310
26  43  36  40   4  25   0    T  0.0    0  7.7 15 250   0    0   7        18 250
27  41  34  38   2  27   0 0.00  0.0    0  9.0 14 160   0    0   9 18     18 160
28  51  36  44   9  21   0 0.43  0.0    0 15.1 35 160   0    0   9 18     42 150
29  57  46  52  17  13   0 0.16  0.0    0 14.2 30 170 417   75   6 1      39 150
30  50  37  44  10  21   0 0.01  0.0    0 11.0 23 240  93   17   9 18     27 250
================================================================================
SM 1606 1116       580   0  3.24     0.8 281.0         7506    178
================================================================================
AV 53.5 37.2                               9.4 FASTST  250  40   6    MAX(MPH)
                                 MISC ---->  # 35 160               # 42  230
================================================================================
NOTES:
# LAST OF SEVERAL OCCURRENCES

COLUMN 17 PEAK WIND IN M.P.H.

PRELIMINARY LOCAL CLIMATOLOGICAL DATA (WS FORM: F-6) , PAGE 2

                                          STATION:  GRAND RAPIDS
                                          MONTH:    NOVEMBER
                                          YEAR:     2016
                                          LATITUDE:   42 52 N
                                          LONGITUDE:  85 31 W

[TEMPERATURE DATA]      [PRECIPITATION DATA]       SYMBOLS USED IN COLUMN 16

AVERAGE MONTHLY: 45.4   TOTAL FOR MONTH:   3.24    1 = FOG OR MIST
DPTR FM NORMAL:   5.3   DPTR FM NORMAL:   -0.27    2 = FOG REDUCING VISIBILITY
HIGHEST:    73 ON  1    GRTST 24HR  1.35 ON  2- 3      TO 1/4 MILE OR LESS
LOWEST:     21 ON 22                               3 = THUNDER
                        SNOW, ICE PELLETS, HAIL    4 = ICE PELLETS
                        TOTAL MONTH:   0.8 INCH    5 = HAIL
                        GRTST 24HR   0.8 ON   M    6 = FREEZING RAIN OR DRIZZLE
                        GRTST DEPTH:   T           7 = DUSTSTORM OR SANDSTORM:
                                                       VSBY 1/2 MILE OR LESS
                                                   8 = SMOKE OR HAZE
[NO. OF DAYS WITH]      [WEATHER - DAYS WITH]      9 = BLOWING SNOW
                                                   X = TORNADO
MAX 32 OR BELOW:   1    0.01 INCH OR MORE:  10
MAX 90 OR ABOVE:   0    0.10 INCH OR MORE:   8
MIN 32 OR BELOW:   6    0.50 INCH OR MORE:   2
MIN  0 OR BELOW:   0    1.00 INCH OR MORE:   1

[HDD (BASE 65) ]
TOTAL THIS MO.   580    CLEAR  (SCALE 0-3)   8
DPTR FM NORMAL  -166    PTCLDY (SCALE 4-7)  12
TOTAL FM JUL 1   948    CLOUDY (SCALE 8-10) 10
DPTR FM NORMAL  -390

[CDD (BASE 65) ]
TOTAL THIS MO.     0
DPTR FM NORMAL     0    [PRESSURE DATA]
TOTAL FM JAN 1   936    HIGHEST SLP 30.48 ON 12
DPTR FM NORMAL   237    LOWEST  SLP 29.19 ON 28

[REMARKS]
#FINAL-11-16#
