000
CXUS53 KGRR 011017
CF6GRR
PRELIMINARY LOCAL CLIMATOLOGICAL DATA (WS FORM: F-6)

                                          STATION:   GRAND RAPIDS MI (ASOS)
                                          MONTH:     APRIL
                                          YEAR:      2016
                                          LATITUDE:   42 52 N
                                          LONGITUDE:  85 31 W

  TEMPERATURE IN F:       :PCPN:    SNOW:  WIND      :SUNSHINE: SKY     :PK WND
================================================================================
1   2   3   4   5  6A  6B    7    8   9   10  11  12  13   14  15   16   17  18
                                     12Z  AVG MX 2MIN
DY MAX MIN AVG DEP HDD CDD  WTR  SNW DPTH SPD SPD DIR MIN PSBL S-S WX    SPD DR
================================================================================

 1  48  36  42   0  23   0 0.14    T    0 11.7 24 240 454   59   8 14     30 240
 2  37  25  31 -11  34   0 0.24  3.2    0 12.7 29 330 207   27   8 12     38 330
 3  53  23  38  -5  27   0 0.05    T    2 10.0 24  20 294   38   7 3      32  10
 4  34  25  30 -13  35   0    T    T    0 10.1 20  40  21    3  10 1      24  30
 5  43  20  32 -12  33   0 0.02    T    0  7.4 21 130 759   98   3 4      26 140
 6  47  35  41  -3  24   0 0.54    T    0 11.2 22 270   0    0  10 14     27 260
 7  39  31  35 -10  30   0 0.01    T    0 13.8 24 320   0    0  10 1      30 320
 8  37  26  32 -13  33   0 0.42  5.4    0  6.4 23 360   0    0   8 12     29 360
 9  36  21  29 -16  36   0 0.01  0.2    5  9.2 20 350 364   46   7 1      24 350
10  45  29  37  -9  28   0 0.79  0.6    T 11.6 20 140   0    0  10 146    25 130
11  49  35  42  -4  23   0 0.04  0.0    0 13.9 28 280 563   71   8 1      36 270
12  48  30  39  -8  26   0 0.00  0.0    0  7.4 16 330 783   98   2        28 290
13  54  32  43  -4  22   0    T  0.0    0  4.0 17 140 219   27   8        20 130
14  62  33  48   0  17   0 0.00  0.0    0  9.7 18  90 782   97   2        22  90
15  71  35  53   5  12   0 0.00  0.0    0  8.2 16 120 805  100   1        20 100
16  79  42  61  13   4   0 0.00  0.0    0  7.3 16 120 808  100   0        20 110
17  78  48  63  14   2   0 0.00  0.0    0  4.4 10  90 805   99   0         M  M
18  82  47  65  16   0   0 0.00  0.0    0  5.5 14 300 743   91   6        19 280
19  61  47  54   4  11   0    T  0.0    0 11.8 21  80  66    8   8        26 100
20  69  48  59   9   6   0    T  0.0    0 12.3 23 130 508   62  10        28 130
21  65  49  57   7   8   0 0.08  0.0    0  6.1 13 190  50    6   9 1      14 190
22  62  46  54   3  11   0 0.00  0.0    0  8.1 18  40  29    4   8 12     21  40
23  61  38  50  -1  15   0 0.00  0.0    0  6.1 13  60 792   96   4        15  40
24  71  40  56   5   9   0 0.00  0.0    0  9.1 16 100 558   67   5        19 180
25  80  49  65  13   0   0 0.65  0.0    0  9.9 24 280 521   63   8 13     30 320
26  49  39  44  -8  21   0 0.00  0.0    0 10.2 17  70  12    1   9 12     23  70
27  60  35  48  -4  17   0 0.00  0.0    0 12.3 22  60 651   78   6        27  60
28  50  37  44  -9  21   0 0.50  0.0    0 12.8 21  70   0    0  10 1      27  60
29  54  40  47  -6  18   0    T  0.0    0  6.9 15  60 160   19   9        24 170
30  55  38  47  -7  18   0 0.43  0.0    0  9.9 23  60 204   24   7 1      28  60
================================================================================
SM 1679 1079       564   0  3.92     9.4 280.0        11158    201
================================================================================
AV 56.0 36.0                               9.3 FASTST  372  46   7    MAX(MPH)
                                 MISC ---->  # 29 330               # 38  330
================================================================================
NOTES:
# LAST OF SEVERAL OCCURRENCES

COLUMN 17 PEAK WIND IN M.P.H.

PRELIMINARY LOCAL CLIMATOLOGICAL DATA (WS FORM: F-6) , PAGE 2

                                          STATION:  GRAND RAPIDS MI (ASOS)
                                          MONTH:    APRIL
                                          YEAR:     2016
                                          LATITUDE:   42 52 N
                                          LONGITUDE:  85 31 W

[TEMPERATURE DATA]      [PRECIPITATION DATA]       SYMBOLS USED IN COLUMN 16

AVERAGE MONTHLY: 46.0   TOTAL FOR MONTH:   3.92    1 = FOG OR MIST
DPTR FM NORMAL:  -2.0   DPTR FM NORMAL:    0.57    2 = FOG REDUCING VISIBILITY
HIGHEST:    82 ON 18    GRTST 24HR  0.79 ON 10-10      TO 1/4 MILE OR LESS
LOWEST:     20 ON  5                               3 = THUNDER
                        SNOW, ICE PELLETS, HAIL    4 = ICE PELLETS
                        TOTAL MONTH:   9.4 INCHES  5 = HAIL
                        GRTST 24HR   5.4 ON   M    6 = FREEZING RAIN OR DRIZZLE
                        GRTST DEPTH:   5 ON  9     7 = DUSTSTORM OR SANDSTORM:
                                                       VSBY 1/2 MILE OR LESS
                                                   8 = SMOKE OR HAZE
[NO. OF DAYS WITH]      [WEATHER - DAYS WITH]      9 = BLOWING SNOW
                                                   X = TORNADO
MAX 32 OR BELOW:   0    0.01 INCH OR MORE:  14
MAX 90 OR ABOVE:   0    0.10 INCH OR MORE:   8
MIN 32 OR BELOW:  10    0.50 INCH OR MORE:   4
MIN  0 OR BELOW:   0    1.00 INCH OR MORE:   0

[HDD (BASE 65) ]
TOTAL THIS MO.   564    CLEAR  (SCALE 0-3)   6
DPTR FM NORMAL    46    PTCLDY (SCALE 4-7)  12
TOTAL FM JUL 1  5390    CLOUDY (SCALE 8-10) 12
DPTR FM NORMAL  -815

[CDD (BASE 65) ]
TOTAL THIS MO.     0
DPTR FM NORMAL    -7    [PRESSURE DATA]
TOTAL FM JAN 1     0    HIGHEST SLP 30.53 ON  5
DPTR FM NORMAL    -8    LOWEST  SLP 29.44 ON  2

[REMARKS]
#FINAL-04-16#
