000
CXUS53 KGRR 011017
CF6GRR
PRELIMINARY LOCAL CLIMATOLOGICAL DATA (WS FORM: F-6)

                                          STATION:   GRAND RAPIDS MI (ASOS)
                                          MONTH:     FEBRUARY
                                          YEAR:      2016
                                          LATITUDE:   42 52 N
                                          LONGITUDE:  85 31 W

  TEMPERATURE IN F:       :PCPN:    SNOW:  WIND      :SUNSHINE: SKY     :PK WND
================================================================================
1   2   3   4   5  6A  6B    7    8   9   10  11  12  13   14  15   16   17  18
                                     12Z  AVG MX 2MIN
DY MAX MIN AVG DEP HDD CDD  WTR  SNW DPTH SPD SPD DIR MIN PSBL S-S WX    SPD DR
================================================================================

 1  42  27  35  11  30   0    T  0.0    T  6.7 15 250 201   34   7 18     20 290
 2  36  24  30   5  35   0 1.55    T    T 14.0 30  80   0    0   7 1345   39  70
 3  40  32  36  11  29   0 0.02    T    0 12.2 30 240   2    0   9 12     40 230
 4  32  20  26   1  39   0 0.04  0.8    T  9.1 17 260   0    0   9 1      20 260
 5  32  21  27   2  38   0 0.02  0.2    T  6.6 14 250   7    1   9 18     16 250
 6  35  19  27   2  38   0    T    T    T 10.1 22 230 137   22   8 18     26 230
 7  45  31  38  13  27   0 0.00  0.0    T 11.1 21 230 100   16   8        25 230
 8  41  26  34   9  31   0    T    T    0  7.4 14 260  81   13   6 1      16 260
 9  33  21  27   1  38   0    T    T    0 14.8 21 300   0    0  10 1      26 300
10  22  14  18  -8  47   0    T  0.1    T 14.2 24 310 117   19   8        29 320
11  25  14  20  -6  45   0    T    T    T 10.1 16 270 173   28   7        24 290
12  22   7  15 -11  50   0 0.04  1.0    T 14.4 26 320  83   14   8 189    33 300
13  17   3  10 -16  55   0    T    T    T 10.0 21 300 185   29   7 1      25 290
14  20   1  11 -15  54   0    T    T    T  9.6 20 140 298   47   5        25 110
15  27  16  22  -5  43   0 0.05  0.6    1  8.2 15 130   0    0   9 16     17 130
16  31  26  29   2  36   0 0.03  0.5    1  4.0 12 300   0    0  10 168    15 300
17  32  17  25  -2  40   0    T    T    1  7.3 16 330 509   80   6 1      20 320
18  37  11  24  -3  41   0 0.01    T    T 10.6 22 140 256   40   6 4      28 140
19  61  37  49  21  16   0 0.00  0.0    T 24.7 53 250 219   34   8        70 240
20  52  37  45  17  20   0 0.00  0.0    0 15.5 35 250 647  100   3        43 250
21  46  30  38  10  27   0 0.00  0.0    0  6.4 15  50 156   24   8        17  50
22  41  29  35   7  30   0    T    T    0  8.0 16 140  50    8   9        20 130
23  45  26  36   7  29   0 0.00  0.0    0  7.8 13  70 517   79   7        17 100
24  34  30  32   3  33   0 0.65  7.3    0 17.2 28 360   0    0   8 12     35  10
25  35  26  31   2  34   0 0.16  3.9   10 17.1 26 310  14    2  10 1      33 330
26  32  23  28  -1  37   0    T    T    7  8.6 16 260   0    0   9        21 270
27  47  27  37   7  28   0 0.00  0.0    6 14.2 24 240 401   60   M        30 230
28  57  32  45  15  20   0 0.21  0.4    3 15.0 26 220 287   43   6 1      39 210
29  40  25  33   3  32   0 0.00  0.0    T 16.8 32 240  84   13   9        43 250
================================================================================
SM 1059  652      1022   0  2.78    14.8 331.7         4524    216
================================================================================
AV 36.5 22.5                              11.4 FASTST  156  24   8    MAX(MPH)
                                 MISC ---->  # 53 250               # 70  240
================================================================================
NOTES:
# LAST OF SEVERAL OCCURRENCES

COLUMN 17 PEAK WIND IN M.P.H.

PRELIMINARY LOCAL CLIMATOLOGICAL DATA (WS FORM: F-6) , PAGE 2

                                          STATION:  GRAND RAPIDS MI (ASOS)
                                          MONTH:    FEBRUARY
                                          YEAR:     2016
                                          LATITUDE:   42 52 N
                                          LONGITUDE:  85 31 W

[TEMPERATURE DATA]      [PRECIPITATION DATA]       SYMBOLS USED IN COLUMN 16

AVERAGE MONTHLY: 29.5   TOTAL FOR MONTH:   2.78    1 = FOG OR MIST
DPTR FM NORMAL:   2.7   DPTR FM NORMAL:    0.99    2 = FOG REDUCING VISIBILITY
HIGHEST:    61 ON 19    GRTST 24HR  1.55 ON  2- 2      TO 1/4 MILE OR LESS
LOWEST:      1 ON 14                               3 = THUNDER
                        SNOW, ICE PELLETS, HAIL    4 = ICE PELLETS
                        TOTAL MONTH:  14.8 INCHES  5 = HAIL
                        GRTST 24HR   7.3 ON   M    6 = FREEZING RAIN OR DRIZZLE
                        GRTST DEPTH:  10 ON 25     7 = DUSTSTORM OR SANDSTORM:
                                                       VSBY 1/2 MILE OR LESS
                                                   8 = SMOKE OR HAZE
[NO. OF DAYS WITH]      [WEATHER - DAYS WITH]      9 = BLOWING SNOW
                                                   X = TORNADO
MAX 32 OR BELOW:  11    0.01 INCH OR MORE:  11
MAX 90 OR ABOVE:   0    0.10 INCH OR MORE:   4
MIN 32 OR BELOW:  27    0.50 INCH OR MORE:   2
MIN  0 OR BELOW:   0    1.00 INCH OR MORE:   1

[HDD (BASE 65) ]
TOTAL THIS MO.  1022    CLEAR  (SCALE 0-3)   1
DPTR FM NORMAL   -48    PTCLDY (SCALE 4-7)  16
TOTAL FM JUL 1  4077    CLOUDY (SCALE 8-10) 11
DPTR FM NORMAL  -735

[CDD (BASE 65) ]
TOTAL THIS MO.     0
DPTR FM NORMAL     0    [PRESSURE DATA]
TOTAL FM JAN 1     0    HIGHEST SLP 30.53 ON 13
DPTR FM NORMAL     0    LOWEST  SLP 29.40 ON 19

[REMARKS]
#FINAL-02-16#
