000
CXUS53 KGRR 222254
CF6GRR
PRELIMINARY LOCAL CLIMATOLOGICAL DATA (WS FORM: F-6)

                                          STATION:   GRAND RAPIDS MI
                                          MONTH:     JANUARY
                                          YEAR:      2014
                                          LATITUDE:   42 52 N
                                          LONGITUDE:  85 31 W

  TEMPERATURE IN F:       :PCPN:    SNOW:  WIND      :SUNSHINE: SKY     :PK WND
================================================================================
1   2   3   4   5  6A  6B    7    8   9   10  11  12  13   14  15   16   17  18
                                     12Z  AVG MX 2MIN
DY MAX MIN AVG DEP HDD CDD  WTR  SNW DPTH SPD SPD DIR MIN PSBL S-S WX    SPD DR
================================================================================

 1  14  11  13 -12  52   0 0.07  1.2    5 10.9 18  50   0    0  10 8      23  40
 2  14   4   9 -16  56   0    T    T    6 12.5 23  50  53   10   8 8      28  60
 3  16  -9   4 -21  61   0 0.00  0.0    5  9.8 24 170 312   57   6        32 170
 4  31  16  24  -1  41   0 0.14  1.7    5 13.8 23 230 229   42   6 1      30 230
 5  30  17  24  -1  41   0 0.50  6.1    8 10.7 23  10   0    0  10 1289   31 360
 6  17  -1   8 -17  57   0 0.37  4.3   12 16.6 30 300   0    0  10 129    36 310
 7   9  -1   4 -21  61   0 0.10  1.9   14 15.4 26 240  55   10  10 9      32 260
 8  18   4  11 -14  54   0 0.02  0.8   13  6.9 15 270 299   54   9 18     21 270
 9  23   5  14 -10  51   0    T  0.1   13  5.8 10 110 146   26  10 18     14 170
10  42  23  33   9  32   0 0.66    T   12 10.4 22 160   0    0  10 18     26 160
11  42  33  38  14  27   0 0.20    T    8 13.5 24 270   0    0  10 126    33 270
12  39  32  36  12  29   0 0.00  0.0    6 14.0 24 190 278   50   8        30 190
13  43  31  37  13  28   0    T  0.0    6 10.9 18 250 100   18   5        23 250
14  37  23  30   6  35   0 0.01  0.1    5 13.1 30 230  55   10   7 168    38 230
15  30  19  25   1  40   0 0.05  1.1    6 14.5 29 210   0    0  10 18     37 210
16  32  17  25   1  40   0 0.11  1.5    5 13.8 22 170   0    0  10 18     29 180
17  32  17  25   1  40   0 0.01  0.1    7 13.4 25 250   0    0  10 1      31 250
18  23  12  18  -6  47   0 0.03  0.6    7  8.4 17 220   0    0  10 18     22 230
19  33  12  23  -1  42   0    T    T    7 15.9 29 240   0    0  10 18     37 240
20  34  11  23  -1  42   0 0.01  0.7    7  9.4 21  50   0    0  10        26 360
21  13   3   8 -16  57   0 0.00  0.0    8  5.7 14 350 399   69   6        17 360
22  12   6   9 -15  56   0 0.06  0.7    7 10.7 21 190   0    0  10        24 190
23  18   7  13 -11  52   0 0.02  0.5    7  8.5 15  20 471   81   6 1      18  20
24  23   0  12 -12  53   0 0.21  4.2    8 19.1 28 210 100   17  10 189    39 220
25  30   8  19  -5  46   0 0.30  4.9   14 14.7 26 320  45    8   9 1289   32 300
26  25   6  16  -8  49   0 0.23  5.0   14 10.9 17 260   0    0  10 19     25 310
27  16  -2   7 -17  58   0 0.15  2.6   18 14.1 26 280   2    0   9 9      35 300
28   9  -9   0 -24  65   0 0.12  2.2   18 12.6 24 250  30    5   9 189    30 230
29  19   5  12 -12  53   0    T  0.1   17 17.3 30 250 449   76   6 89     38 250
30  32  13  23  -1  42   0 0.08  1.5   17 17.2 25 220   0    0   7 169    32 210
31  33  20  27   3  38   0    T    T   18  8.1 15 250   0    0   9        17 270
================================================================================
SM  789  333      1445   0  3.45    41.9 378.6         3023    270
================================================================================
AV 25.5 10.7                              12.2 FASTST   98  17   9    MAX(MPH)
                                 MISC ---->  # 30 300               # 39  220
================================================================================
NOTES:
# LAST OF SEVERAL OCCURRENCES

COLUMN 17 PEAK WIND IN M.P.H.

PRELIMINARY LOCAL CLIMATOLOGICAL DATA (WS FORM: F-6) , PAGE 2

                                          STATION:  GRAND RAPIDS MI
                                          MONTH:    JANUARY
                                          YEAR:     2014
                                          LATITUDE:   42 52 N
                                          LONGITUDE:  85 31 W

[TEMPERATURE DATA]      [PRECIPITATION DATA]       SYMBOLS USED IN COLUMN 16

AVERAGE MONTHLY: 18.1   TOTAL FOR MONTH:   3.45    1 = FOG OR MIST
DPTR FM NORMAL:  -6.3   DPTR FM NORMAL:    1.36    2 = FOG REDUCING VISIBILITY
HIGHEST:    43 ON 13    GRTST 24HR  0.89 ON 10-11      TO 1/4 MILE OR LESS
LOWEST:     -9 ON 28, 3                            3 = THUNDER
                        SNOW, ICE PELLETS, HAIL    4 = ICE PELLETS
                        TOTAL MONTH:  41.9 INCHES  5 = HAIL
                        GRTST 24HR   6.1 ON   M    6 = FREEZING RAIN OR DRIZZLE
                        GRTST DEPTH:  18 ON 28,27  7 = DUSTSTORM OR SANDSTORM:
                                                       VSBY 1/2 MILE OR LESS
                                                   8 = SMOKE OR HAZE
[NO. OF DAYS WITH]      [WEATHER - DAYS WITH]      9 = BLOWING SNOW
                                                   X = TORNADO
MAX 32 OR BELOW:  23    0.01 INCH OR MORE:  22
MAX 90 OR ABOVE:   0    0.10 INCH OR MORE:  12
MIN 32 OR BELOW:  30    0.50 INCH OR MORE:   2
MIN  0 OR BELOW:   6    1.00 INCH OR MORE:   0

[HDD (BASE 65) ]
TOTAL THIS MO.  1445    CLEAR  (SCALE 0-3)   0
DPTR FM NORMAL   187    PTCLDY (SCALE 4-7)  10
TOTAL FM JUL 1  3965    CLOUDY (SCALE 8-10) 21
DPTR FM NORMAL   258

[CDD (BASE 65) ]
TOTAL THIS MO.     0
DPTR FM NORMAL     0    [PRESSURE DATA]
TOTAL FM JAN 1     0    HIGHEST SLP M ON M
DPTR FM NORMAL     0    LOWEST  SLP 28.60 ON 25

[REMARKS]
#FINAL-01-14#
