000
CXUS53 KGRR 011017
CF6GRR
PRELIMINARY LOCAL CLIMATOLOGICAL DATA (WS FORM: F-6)

                                          STATION:   GRAND RAPIDS MI
                                          MONTH:     JULY
                                          YEAR:      2010
                                          LATITUDE:   42 52 N
                                          LONGITUDE:  85 31 W

  TEMPERATURE IN F:       :PCPN:    SNOW:  WIND      :SUNSHINE: SKY     :PK WND
================================================================================
1   2   3   4   5  6A  6B    7    8   9   10  11  12  13   14  15   16   17  18
                                     12Z  AVG MX 2MIN
DY MAX MIN AVG DEP HDD CDD  WTR  SNW DPTH SPD SPD DIR MIN PSBL S-S WX    SPD DR
================================================================================

 1  77  50  64  -6   1   0 0.00  0.0    0  4.2  M   M 917  100   4         M  M
 2  82  57  70   0   0   5 0.00  0.0    0  5.9 14 170 916  100   1        21 210
 3  86  57  72   2   0   7 0.00  0.0    0  8.1 15 200 915  100   0        25 210
 4  92  62  77   6   0  12 0.00  0.0    0 10.6 25 250 803   88   2 8      31 260
 5  92  75  84  13   0  19 0.00  0.0    0 11.8 24 240 707   77   6        33 250
 6  92  71  82  11   0  17 0.12  0.0    0  9.1 17 220 838   92   3 8      22 210
 7  92  73  83  12   0  18 0.00  0.0    0  5.8 17 280 806   88   3 1      26 280
 8  83  73  78   7   0  13 1.22  0.0    0  4.8 18 230 304   73   8 18     22 210
 9  85  67  76   5   0  11    T  0.0    0  5.8 15 320 634   70   5 1      20 330
10  87  62  75   4   0  10 0.00  0.0    0  6.4 17 250 760   84   3        23 240
11  86  66  76   5   0  11 0.05  0.0    0  6.6 20 170 606   67   5 13     25 160
12  81  68  75   4   0  10 0.27  0.0    0  4.6 16 280 437   48   7 1      20 280
13  83  68  76   5   0  11 0.00  0.0    0  4.3 10  60 369   41   6 1      12  40
14  87  66  77   6   0  12 0.00  0.0    0  5.7 13 170 778   86   5 18     16 160
15  89  69  79   7   0  14 0.06  0.0    0 10.3 25 250 695   77   5 138    31 250
16  88  66  77   5   0  12 0.00  0.0    0 11.5 22 240 874   97   2        41 230
17  88  71  80   8   0  15 0.00  0.0    0 10.6 23 300 832   93   3        29 300
18  82  67  75   3   0  10 0.24  0.0    0  6.9 29 230 236   26   6 13     36 230
19  83  67  75   3   0  10 0.13  0.0    0  5.8 12  30 481   54   9        15 300
20  83  64  74   2   0   9 0.46  0.0    0  5.2  M   M 577   65   7 18      M  M
21  86  67  77   5   0  12 0.00  0.0    0  8.5 21 260 867   97   3 1      32 220
22  79  63  71  -1   0   6 1.55  0.0    0  7.4 26 250  60   14   8 13     33 360
23  87  74  81   9   0  16 0.15  0.0    0 11.8 23 250 559   63   7 13     31 250
24  82  72  77   5   0  12 0.38  0.0    0  7.5 16 230 255   29   7 13     22 240
25  83  67  75   3   0  10 0.00  0.0    0  6.1 15  40 840   95   3        21  10
26  85  63  74   2   0   9 0.00  0.0    0  2.7 12 200 882  100   3        13 180
27  86  62  74   2   0   9 0.00  0.0    0  5.4 13 220 880  100   2        18 220
28  85  70  78   6   0  13 0.03  0.0    0 11.1 20 270 612   70   6 18     26 280
29  82  61  72   0   0   7 0.00  0.0    0  6.1 15 280 823   94   4        22 300
30  82  60  71   0   0   6 0.00  0.0    0  3.3 13 220 740   85   5        16 210
31  80  68  74   3   0   9    T  0.0    0  4.4 12 250 410   47   8         M  M
================================================================================
SM 2635 2046         1 335  4.66     0.0 218.3        20413    146
================================================================================
AV 85.0 66.0                               7.0 FASTST  658  75   5    MAX(MPH)
                                 MISC ---->  # 29 230               # 41  230
================================================================================
NOTES:
# LAST OF SEVERAL OCCURRENCES

COLUMN 17 PEAK WIND IN M.P.H.

PRELIMINARY LOCAL CLIMATOLOGICAL DATA (WS FORM: F-6) , PAGE 2

                                          STATION:  GRAND RAPIDS MI
                                          MONTH:    JULY
                                          YEAR:     2010
                                          LATITUDE:   42 52 N
                                          LONGITUDE:  85 31 W

[TEMPERATURE DATA]      [PRECIPITATION DATA]       SYMBOLS USED IN COLUMN 16

AVERAGE MONTHLY: 75.5   TOTAL FOR MONTH:   4.66    1 = FOG OR MIST
DPTR FM NORMAL:   4.1   DPTR FM NORMAL:    1.10    2 = FOG REDUCING VISIBILITY
HIGHEST:    92 ON  7, 6 GRTST 24HR  1.55 ON 22-22      TO 1/4 MILE OR LESS
LOWEST:     50 ON  1                               3 = THUNDER
                        SNOW, ICE PELLETS, HAIL    4 = ICE PELLETS
                        TOTAL MONTH:   0.0 INCH    5 = HAIL
                        GRTST 24HR     0.0         6 = FREEZING RAIN OR DRIZZLE
                        GRTST DEPTH:   0           7 = DUSTSTORM OR SANDSTORM:
                                                       VSBY 1/2 MILE OR LESS
                                                   8 = SMOKE OR HAZE
[NO. OF DAYS WITH]      [WEATHER - DAYS WITH]      9 = BLOWING SNOW
                                                   X = TORNADO
MAX 32 OR BELOW:   0    0.01 INCH OR MORE:  12
MAX 90 OR ABOVE:   4    0.10 INCH OR MORE:   9
MIN 32 OR BELOW:   0    0.50 INCH OR MORE:   2
MIN  0 OR BELOW:   0    1.00 INCH OR MORE:   2

[HDD (BASE 65) ]
TOTAL THIS MO.     1    CLEAR  (SCALE 0-3)  11
DPTR FM NORMAL    -9    PTCLDY (SCALE 4-7)  19
TOTAL FM JUL 1     1    CLOUDY (SCALE 8-10)  1
DPTR FM NORMAL    -9

[CDD (BASE 65) ]
TOTAL THIS MO.   335
DPTR FM NORMAL   118    [PRESSURE DATA]
TOTAL FM JAN 1   595    HIGHEST SLP 30.41 ON  1
DPTR FM NORMAL   208    LOWEST  SLP 29.69 ON 12

[REMARKS]
#FINAL-07-10#
