000
CXUS53 KGRR 020534
CF6GRR
PRELIMINARY LOCAL CLIMATOLOGICAL DATA (WS FORM: F-6)

                                          STATION:   GRAND RAPIDS MI
                                          MONTH:     NOVEMBER
                                          YEAR:      2013
                                          LATITUDE:   42 52 N
                                          LONGITUDE:  85 31 W

  TEMPERATURE IN F:       :PCPN:    SNOW:  WIND      :SUNSHINE: SKY     :PK WND
================================================================================
1   2   3   4   5  6A  6B    7    8   9   10  11  12  13   14  15   16   17  18
                                     12Z  AVG MX 2MIN
DY MAX MIN AVG DEP HDD CDD  WTR  SNW DPTH SPD SPD DIR MIN PSBL S-S WX    SPD DR
================================================================================

 1  55  45  50   4  15   0 0.26  0.0    0 14.6 33 260   0    0  10 18     44 260
 2  48  40  44  -1  21   0 0.14  0.0    0  6.1 15 100 129   21   9 1      18 110
 3  49  32  41  -4  24   0 0.00  0.0    0  6.8 14 110 429   70   5        18 140
 4  54  37  46   1  19   0    T  0.0    0 13.5 26 150 134   22   7        32 150
 5  59  50  55  11  10   0    T  0.0    0  9.8 20 170 119   20   9        23 170
 6  57  42  50   6  15   0 1.19  0.0    0 13.9 24 190   0    0  10 1      31 250
 7  45  34  40  -4  25   0    T    T    0 11.8 21 300 302   50   7        29 310
 8  45  33  39  -4  26   0 0.00  0.0    0  6.9 14 260 472   79   8        20 230
 9  51  39  45   2  20   0 0.02    T    0 17.9 32 270  76   13   8        39 270
10  48  33  41  -1  24   0 0.00  0.0    0 13.8 32 270 215   36   7        43 290
11  44  27  36  -6  29   0 0.24  0.1    0 10.1 20 310   0    0  10 1      25 340
12  36  22  29 -13  36   0    T    T    0  8.9 22 320 475   74   3        30 320
13  43  19  31 -10  34   0 0.00  0.0    0 13.4 26 240 532   90   4        33 240
14  47  32  40  -1  25   0 0.00  0.0    0 13.6 22 230 507   87   4        31 220
15  50  36  43   3  22   0 0.00  0.0    0  9.0 17 190 117   20   5         M  M
16  57  36  47   7  18   0 0.46  0.0    0 13.7 26 160  11    2   7 18     33 160
17  64  43  54  14  11   0 1.21  0.0    0 19.1 46 260  19    3  10 138    63 280
18  46  35  41   2  24   0    T    T    0 18.2 32 280   0    0  10        41 270
19  44  29  37  -2  28   0 0.00  0.0    0  5.8 18 330 561   97   4        24 310
20  45  26  36  -2  29   0    T    T    0  9.6 18 140 406   71   7        23 140
21  51  37  44   6  21   0 0.13  0.0    0  6.2 14 200   0    0  10 1      17 190
22  46  27  37  -1  28   0 0.01    T    0  9.6 20 330  53    9   7 18     26 330
23  31  18  25 -12  40   0 0.01  0.3    0 14.0 24 330 202   36   4        33 320
24  26  17  22 -15  43   0    T    T    T  9.5 20 210 112   20   6 8      25 210
25  32  22  27  -9  38   0 0.05  0.4    0 14.5 24 210   7    1   7 168    31 200
26  34  26  30  -6  35   0    T    T    T 10.5 20 330   0    0   9 18     24 330
27  32  20  26 -10  39   0    T    T    T  9.7 20 320 515   92   5        28 330
28  28  21  25 -10  40   0 0.03  1.4    1  5.2 16 200   0    0  10 1      21 210
29  33  15  24 -11  41   0    T    T    1  4.8 10 100 135   24   7 128    13 100
30  47  27  37   3  28   0 0.00  0.0    T  9.9 17 200 462   83   6        23 210
================================================================================
SM 1347  920       808   0  3.75     2.2 330.4         5990    215
================================================================================
AV 44.9 30.7                              11.0 FASTST  200  34   7    MAX(MPH)
                                 MISC ---->  # 46 260               # 63  280
================================================================================
NOTES:
# LAST OF SEVERAL OCCURRENCES

COLUMN 17 PEAK WIND IN M.P.H.

PRELIMINARY LOCAL CLIMATOLOGICAL DATA (WS FORM: F-6) , PAGE 2

                                          STATION:  GRAND RAPIDS MI
                                          MONTH:    NOVEMBER
                                          YEAR:     2013
                                          LATITUDE:   42 52 N
                                          LONGITUDE:  85 31 W

[TEMPERATURE DATA]      [PRECIPITATION DATA]       SYMBOLS USED IN COLUMN 16

AVERAGE MONTHLY: 37.8   TOTAL FOR MONTH:   3.75    1 = FOG OR MIST
DPTR FM NORMAL:  -2.3   DPTR FM NORMAL:    0.24    2 = FOG REDUCING VISIBILITY
HIGHEST:    64 ON 17    GRTST 24HR  1.50 ON 16-17      TO 1/4 MILE OR LESS
LOWEST:     15 ON 29                               3 = THUNDER
                        SNOW, ICE PELLETS, HAIL    4 = ICE PELLETS
                        TOTAL MONTH:   2.2 INCHES  5 = HAIL
                        GRTST 24HR   1.4 ON   M    6 = FREEZING RAIN OR DRIZZLE
                        GRTST DEPTH:   1 ON 29,28  7 = DUSTSTORM OR SANDSTORM:
                                                       VSBY 1/2 MILE OR LESS
                                                   8 = SMOKE OR HAZE
[NO. OF DAYS WITH]      [WEATHER - DAYS WITH]      9 = BLOWING SNOW
                                                   X = TORNADO
MAX 32 OR BELOW:   5    0.01 INCH OR MORE:  12
MAX 90 OR ABOVE:   0    0.10 INCH OR MORE:   7
MIN 32 OR BELOW:  16    0.50 INCH OR MORE:   2
MIN  0 OR BELOW:   0    1.00 INCH OR MORE:   2

[HDD (BASE 65) ]
TOTAL THIS MO.   808    CLEAR  (SCALE 0-3)   1
DPTR FM NORMAL    62    PTCLDY (SCALE 4-7)  18
TOTAL FM JUL 1  1322    CLOUDY (SCALE 8-10) 11
DPTR FM NORMAL   -16

[CDD (BASE 65) ]
TOTAL THIS MO.     0
DPTR FM NORMAL     0    [PRESSURE DATA]
TOTAL FM JAN 1   767    HIGHEST SLP 30.67 ON 29
DPTR FM NORMAL    68    LOWEST  SLP 29.16 ON 17

[REMARKS]
#FINAL-11-13#
