000
CXUS53 KGRR 011017
CF6GRR
PRELIMINARY LOCAL CLIMATOLOGICAL DATA (WS FORM: F-6)

                                          STATION:   GRAND RAPIDS MI
                                          MONTH:     OCTOBER
                                          YEAR:      2015
                                          LATITUDE:   42 52 N
                                          LONGITUDE:  85 31 W

  TEMPERATURE IN F:       :PCPN:    SNOW:  WIND      :SUNSHINE: SKY     :PK WND
================================================================================
1   2   3   4   5  6A  6B    7    8   9   10  11  12  13   14  15   16   17  18
                                     12Z  AVG MX 2MIN
DY MAX MIN AVG DEP HDD CDD  WTR  SNW DPTH SPD SPD DIR MIN PSBL S-S WX    SPD DR
================================================================================

 1  61  40  51  -5  14   0 0.00  0.0    0 13.6 26  60 573   81   3        33  50
 2  61  42  52  -4  13   0 0.00  0.0    0 17.5 29  60 484   69   M        37  50
 3  52  44  48  -8  17   0 0.22  0.0    0 17.5 25  80  73   10   9 1      32  70
 4  56  46  51  -4  14   0 0.01  0.0    0 10.0 17  60   0    0   9 1      21  60
 5  61  54  58   3   7   0 0.00  0.0    0  5.1 10  90   0    0  10 1      12  80
 6  65  53  59   5   6   0    T  0.0    0  3.5  9 240 160   23   9 1      16  30
 7  71  48  60   6   5   0    T  0.0    0  5.8 16 320 390   57   5 128    19 320
 8  74  43  59   5   6   0 0.40  0.0    0  8.3 18 230 223   33   8 123    24 220
 9  61  45  53   0  12   0    T  0.0    0 10.1 22 250 153   22   7 1      40 270
10  63  39  51  -2  14   0 0.00  0.0    0  6.3 16 250 660   97   5 1      19 260
11  76  50  63  10   2   0 0.00  0.0    0 13.2 26 230 676  100   1        32 230
12  69  51  60   8   5   0    T  0.0    0 13.5 28 300 343   51   6 1      37 290
13  55  50  53   1  12   0 0.01  0.0    0 12.7 23 280   0    0   9 1      29 280
14  59  43  51  -1  14   0    T  0.0    0  8.1 16 260 258   39   7        22 260
15  61  42  52   1  13   0    T  0.0    0 11.5 31 330  91   14   5        41 330
16  50  39  45  -6  20   0    T  0.0    0  9.7 25 320 171   26   5        32 320
17  47  30  39 -12  26   0    T    T    0  8.4 21 300 164   25   7        27 330
18  53  29  41  -9  24   0 0.00  0.0    0  4.6 13 320 633   96   4        17 320
19  71  33  52   2  13   0 0.00  0.0    0 16.1 29 210 495   76   4        37 200
20  72  55  64  14   1   0 0.23  0.0    0 10.4 23 250 360   55   7 1      27 250
21  72  52  62  13   3   0 0.26  0.0    0  9.0 18 220 116   18   8 13     23 220
22  64  43  54   5  11   0 0.00  0.0    0  8.4 14 280 528   82   4        20 330
23  58  40  49   0  16   0 0.08  0.0    0 12.2 20 120 216   34   6 1      26  90
24  69  50  60  12   5   0 0.49  0.0    0 15.0 28 250  12    2  10 1      39 250
25  61  39  50   2  15   0 0.00  0.0    0  7.7 18 270 617   97   3        24 260
26  60  34  47  -1  18   0 0.00  0.0    0  5.9 13 100 590   93   5        17 100
27  61  42  52   5  13   0 0.05  0.0    0 14.3 26 100 141   22   8 1      33 100
28  59  43  51   4  14   0 0.68  0.0    0 15.5 35 260   0    0  10 1      42 250
29  46  37  42  -5  23   0 0.18    T    0 16.0 28 240   0    0   9 1      37 260
30  53  38  46   0  19   0    T  0.0    0  5.5 13 240   7    1   7        15 240
31  52  43  48   2  17   0 0.66  0.0    0 11.2 20 160   0    0   8 1      24 160
================================================================================
SM 1893 1337       392   0  3.27    T    326.6         8134    198
================================================================================
AV 61.1 43.1                              10.5 FASTST  262  39   7    MAX(MPH)
                                 MISC ---->  # 35 260               # 42  250
================================================================================
NOTES:
# LAST OF SEVERAL OCCURRENCES

COLUMN 17 PEAK WIND IN M.P.H.

PRELIMINARY LOCAL CLIMATOLOGICAL DATA (WS FORM: F-6) , PAGE 2

                                          STATION:  GRAND RAPIDS MI
                                          MONTH:    OCTOBER
                                          YEAR:     2015
                                          LATITUDE:   42 52 N
                                          LONGITUDE:  85 31 W

[TEMPERATURE DATA]      [PRECIPITATION DATA]       SYMBOLS USED IN COLUMN 16

AVERAGE MONTHLY: 52.1   TOTAL FOR MONTH:   3.27    1 = FOG OR MIST
DPTR FM NORMAL:   1.1   DPTR FM NORMAL:    0.01    2 = FOG REDUCING VISIBILITY
HIGHEST:    76 ON 11    GRTST 24HR  0.70 ON 27-28      TO 1/4 MILE OR LESS
LOWEST:     29 ON 18                               3 = THUNDER
                        SNOW, ICE PELLETS, HAIL    4 = ICE PELLETS
                        TOTAL MONTH:    T          5 = HAIL
                        GRTST 24HR    T  ON 29-29  6 = FREEZING RAIN OR DRIZZLE
                        GRTST DEPTH:   0           7 = DUSTSTORM OR SANDSTORM:
                                                       VSBY 1/2 MILE OR LESS
                                                   8 = SMOKE OR HAZE
[NO. OF DAYS WITH]      [WEATHER - DAYS WITH]      9 = BLOWING SNOW
                                                   X = TORNADO
MAX 32 OR BELOW:   0    0.01 INCH OR MORE:  12
MAX 90 OR ABOVE:   0    0.10 INCH OR MORE:   8
MIN 32 OR BELOW:   2    0.50 INCH OR MORE:   2
MIN  0 OR BELOW:   0    1.00 INCH OR MORE:   0

[HDD (BASE 65) ]
TOTAL THIS MO.   392    CLEAR  (SCALE 0-3)   2
DPTR FM NORMAL   -48    PTCLDY (SCALE 4-7)  19
TOTAL FM JUL 1   481    CLOUDY (SCALE 8-10)  9
DPTR FM NORMAL  -111

[CDD (BASE 65) ]
TOTAL THIS MO.     0
DPTR FM NORMAL    -7    [PRESSURE DATA]
TOTAL FM JAN 1   642    HIGHEST SLP 30.50 ON 18
DPTR FM NORMAL   -57    LOWEST  SLP 29.34 ON 28

[REMARKS]
#FINAL-10-15#
