000
CDUS43 KGRR 020517
CLIGRR


CLIMATE REPORT
NATIONAL WEATHER SERVICE GRAND RAPIDS, MI
117 AM EDT WED SEP 2 2015


...................................

...THE GRAND RAPIDS MI CLIMATE SUMMARY FOR SEPTEMBER 1 2015...

CLIMATE NORMAL PERIOD 1981 TO 2010
CLIMATE RECORD PERIOD 1892 TO 2015


WEATHER ITEM   OBSERVED TIME   RECORD YEAR NORMAL DEPARTURE LAST
                VALUE   (LST)  VALUE       VALUE  FROM      YEAR
                                                  NORMAL
..................................................................
TEMPERATURE (F)
 YESTERDAY
  MAXIMUM         88    323 PM  97    1953  78     10       81
  MINIMUM         63    233 AM  40    1896  58      5       67
  AVERAGE         76                        68      8       74

PRECIPITATION (IN)
  YESTERDAY        0.00          1.06 1905   0.13  -0.13     0.26
  MONTH TO DATE    0.00                      0.13  -0.13     0.26
  SINCE SEP 1      0.00                      0.13  -0.13     0.26
  SINCE JAN 1     21.64                     24.85  -3.21    26.78

SNOWFALL (IN)
  YESTERDAY        0.0           0.0    MM   0.0    0.0      0.0
  MONTH TO DATE    0.0                       0.0    0.0      0.0
  SINCE SEP 1      0.0                       0.0    0.0      0.0
  SINCE JUL 1      0.0                       0.0    0.0      0.0
  SNOW DEPTH       0

DEGREE DAYS
 HEATING
  YESTERDAY        0                         1     -1        0
  MONTH TO DATE    0                         1     -1        0
  SINCE SEP 1      0                         1     -1        0
  SINCE JUL 1     29                        21      8       19

 COOLING
  YESTERDAY       11                         4      7        9
  MONTH TO DATE   11                         4      7        9
  SINCE SEP 1     11                         4      7        9
  SINCE JAN 1    518                       629   -111      569
..................................................................


WIND (MPH)
  RESULTANT WIND SPEED   5   RESULTANT WIND DIRECTION  SW (210)
  HIGHEST WIND SPEED    14   HIGHEST WIND DIRECTION     S (200)
  HIGHEST GUST SPEED    18   HIGHEST GUST DIRECTION     S (200)
  AVERAGE WIND SPEED     5.4


SKY COVER
  POSSIBLE SUNSHINE  73 PERCENT
  AVERAGE SKY COVER 0.2


WEATHER CONDITIONS
 THE FOLLOWING WEATHER WAS RECORDED YESTERDAY.
  FOG
  HAZE


RELATIVE HUMIDITY (PERCENT)
 HIGHEST   100           200 AM
 LOWEST     55           300 PM
 AVERAGE    78

..........................................................


THE GRAND RAPIDS MI CLIMATE NORMALS FOR TODAY
                         NORMAL    RECORD    YEAR
 MAXIMUM TEMPERATURE (F)   78        98      1913
 MINIMUM TEMPERATURE (F)   58        37      1946


SUNRISE AND SUNSET
SEPTEMBER  2 2015.....SUNRISE   707 AM EDT   SUNSET   815 PM EDT
SEPTEMBER  3 2015.....SUNRISE   708 AM EDT   SUNSET   814 PM EDT


-  INDICATES NEGATIVE NUMBERS.
R  INDICATES RECORD WAS SET OR TIED.
MM INDICATES DATA IS MISSING.
T  INDICATES TRACE AMOUNT.




$$
