000
CDUS43 KGRR 292136
CLIGRR


CLIMATE REPORT
NATIONAL WEATHER SERVICE GRAND RAPIDS, MI
535 PM EDT MON SEP 29 2014


...................................

...THE GRAND RAPIDS MI CLIMATE SUMMARY FOR SEPTEMBER 29 2014...
VALID TODAY AS OF 0500 PM LOCAL TIME.

CLIMATE NORMAL PERIOD 1981 TO 2010
CLIMATE RECORD PERIOD 1892 TO 2014


WEATHER ITEM   OBSERVED TIME   RECORD YEAR NORMAL DEPARTURE LAST
                VALUE   (LST)  VALUE       VALUE  FROM      YEAR
                                                  NORMAL
..................................................................
TEMPERATURE (F)
 TODAY
  MAXIMUM         79    254 PM  93    1953  67     12       71
  MINIMUM         50    656 AM  29    1942  47      3       53
  AVERAGE         65                        57      8

PRECIPITATION (IN)
  TODAY            0.00          2.22 1906   0.13  -0.13     0.25
  MONTH TO DATE    3.08                      4.15  -1.07     1.25
  SINCE SEP 1      3.08                      4.15  -1.07     1.25
  SINCE JAN 1     29.60                     28.87   0.73    33.57

SNOWFALL (IN)
  TODAY            0.0           T    1967   0.0    0.0
  MONTH TO DATE    0.0                       0.0    0.0
  SINCE SEP 1      0.0                       0.0    0.0
  SINCE JUL 1      0.0                       0.0    0.0
  SNOW DEPTH       0

DEGREE DAYS
 HEATING
  TODAY            0                         9     -9        3
  MONTH TO DATE  120                       123     -3      110
  SINCE SEP 1    120                       123     -3      110
  SINCE JUL 1    139                       143     -4      136

 COOLING
  TODAY            0                         1     -1        0
  MONTH TO DATE   51                        66    -15       83
  SINCE SEP 1     51                        66    -15       83
  SINCE JAN 1    611                       691    -80      753
..................................................................


WIND (MPH)
  RESULTANT WIND SPEED   4   RESULTANT WIND DIRECTION   W (250)
  HIGHEST WIND SPEED    15   HIGHEST WIND DIRECTION     W (250)
  HIGHEST GUST SPEED    18   HIGHEST GUST DIRECTION     W (270)
  AVERAGE WIND SPEED     4.8


SKY COVER
  AVERAGE SKY COVER 0.2


WEATHER CONDITIONS
 THE FOLLOWING WEATHER WAS RECORDED TODAY.
  FOG


RELATIVE HUMIDITY (PERCENT)
 HIGHEST   100           400 AM
 LOWEST     52           200 PM
 AVERAGE    76

..........................................................


THE GRAND RAPIDS MI CLIMATE NORMALS FOR TOMORROW
                         NORMAL    RECORD    YEAR
 MAXIMUM TEMPERATURE (F)   67        85      1971
                                             1922
 MINIMUM TEMPERATURE (F)   47        30      1993


SUNRISE AND SUNSET
SEPTEMBER 29 2014.....SUNRISE   737 AM EDT   SUNSET   727 PM EDT
SEPTEMBER 30 2014.....SUNRISE   738 AM EDT   SUNSET   725 PM EDT


-  INDICATES NEGATIVE NUMBERS.
R  INDICATES RECORD WAS SET OR TIED.
MM INDICATES DATA IS MISSING.
T  INDICATES TRACE AMOUNT.




$$

CAS
