000
CDUS43 KGRR 012127
CLIGRR


CLIMATE REPORT
NATIONAL WEATHER SERVICE GRAND RAPIDS, MI
527 PM EDT WED JUL 1 2015


...................................

...THE GRAND RAPIDS MI CLIMATE SUMMARY FOR JULY 1 2015...
VALID TODAY AS OF 0500 PM LOCAL TIME.

CLIMATE NORMAL PERIOD 1981 TO 2010
CLIMATE RECORD PERIOD 1892 TO 2015


WEATHER ITEM   OBSERVED TIME   RECORD YEAR NORMAL DEPARTURE LAST
                VALUE   (LST)  VALUE       VALUE  FROM      YEAR
                                                  NORMAL
..................................................................
TEMPERATURE (F)
 TODAY
  MAXIMUM         70    217 PM 101    1931  83    -13       81
  MINIMUM         55    722 AM  44    1982  61     -6       66
  AVERAGE         63                        72     -9       74

PRECIPITATION (IN)
  TODAY            0.00          1.43 1915   0.12  -0.12     0.16
  MONTH TO DATE    0.00                      0.12  -0.12     0.16
  SINCE JUN 1      4.03                      3.89   0.14     5.31
  SINCE JAN 1     15.66                     17.47  -1.81    18.58

SNOWFALL (IN)
  TODAY            0.0           0.0  2007   0.0    0.0      0.0
                                      2006
                                      2005
  MONTH TO DATE    0.0                       0.0    0.0      0.0
  SINCE JUN 1      0.0                       0.0    0.0      0.0
  SINCE JUL 1      0.0                       0.0    0.0      0.0
  SNOW DEPTH       0

DEGREE DAYS
 HEATING
  TODAY            2                         0      2        0
  MONTH TO DATE    2                         0      2        0
  SINCE JUN 1     32                        45    -13       13
  SINCE JUL 1      2                         0      2        0

 COOLING
  TODAY            0                         7     -7        9
  MONTH TO DATE    0                         7     -7        9
  SINCE JUN 1     89                       152    -63      188
  SINCE JAN 1    141                       199    -58      241
..................................................................


WIND (MPH)
  RESULTANT WIND SPEED   7   RESULTANT WIND DIRECTION  NW (300)
  HIGHEST WIND SPEED    15   HIGHEST WIND DIRECTION    NW (300)
  HIGHEST GUST SPEED    22   HIGHEST GUST DIRECTION    NW (300)
  AVERAGE WIND SPEED     8.2


SKY COVER
  AVERAGE SKY COVER 0.9


WEATHER CONDITIONS
 THE FOLLOWING WEATHER WAS RECORDED TODAY.
  NO SIGNIFICANT WEATHER WAS OBSERVED.


RELATIVE HUMIDITY (PERCENT)
 HIGHEST    93           300 AM
 LOWEST     55           200 PM
 AVERAGE    74

..........................................................


THE GRAND RAPIDS MI CLIMATE NORMALS FOR TOMORROW
                         NORMAL    RECORD    YEAR
 MAXIMUM TEMPERATURE (F)   83        98      1910
 MINIMUM TEMPERATURE (F)   61        43      2001


SUNRISE AND SUNSET
JULY  1 2015..........SUNRISE   607 AM EDT   SUNSET   925 PM EDT
JULY  2 2015..........SUNRISE   608 AM EDT   SUNSET   924 PM EDT


-  INDICATES NEGATIVE NUMBERS.
R  INDICATES RECORD WAS SET OR TIED.
MM INDICATES DATA IS MISSING.
T  INDICATES TRACE AMOUNT.




$$
