000
CDUS43 KGRR 250523
CLIGRR


CLIMATE REPORT
NATIONAL WEATHER SERVICE GRAND RAPIDS, MI
122 AM EDT WED MAY 25 2016


...................................

...THE GRAND RAPIDS MI CLIMATE SUMMARY FOR MAY 24 2016...

CLIMATE NORMAL PERIOD 1981 TO 2010
CLIMATE RECORD PERIOD 1892 TO 2016


WEATHER ITEM   OBSERVED TIME   RECORD YEAR NORMAL DEPARTURE LAST
                VALUE   (LST)  VALUE       VALUE  FROM      YEAR
                                                  NORMAL
..................................................................
TEMPERATURE (F)
 YESTERDAY
  MAXIMUM         87    349 PM  89    2010  72     15       73
                                      2007
                                      1977
  MINIMUM         52    504 AM  33    1963  50      2       53
                                      1925
  AVERAGE         70                        61      9       63

PRECIPITATION (IN)
  YESTERDAY        T             1.25 1981   0.13  -0.13      T
  MONTH TO DATE    2.63                      3.09  -0.46     2.05
  SINCE MAR 1     11.49                      8.81   2.68     7.17
  SINCE JAN 1     16.42                     12.69   3.73    10.21

SNOWFALL (IN)
  YESTERDAY        0.0           T    1925   0.0    0.0      0.0
  MONTH TO DATE    T                         0.0    0.0      0.0
  SINCE MAR 1     19.5                      10.1    9.4      3.3
  SINCE JUL 1     61.1                      74.9  -13.8     78.1
  SNOW DEPTH       0

DEGREE DAYS
 HEATING
  YESTERDAY        0                         6     -6        2
  MONTH TO DATE  206                       203      3      153
  SINCE MAR 1   1519                      1631   -112     1668
  SINCE JUL 1   5596                      6408   -812     6970

 COOLING
  YESTERDAY        5                         2      3        0
  MONTH TO DATE    7                        23    -16       29
  SINCE MAR 1      7                        31    -24       29
  SINCE JAN 1      7                        31    -24       29
..................................................................


WIND (MPH)
  RESULTANT WIND SPEED   6   RESULTANT WIND DIRECTION  SW (220)
  HIGHEST WIND SPEED    20   HIGHEST WIND DIRECTION     W (250)
  HIGHEST GUST SPEED    26   HIGHEST GUST DIRECTION    SW (240)
  AVERAGE WIND SPEED     8.6


SKY COVER
  POSSIBLE SUNSHINE  95 PERCENT
  AVERAGE SKY COVER 0.5


WEATHER CONDITIONS
 THE FOLLOWING WEATHER WAS RECORDED YESTERDAY.
  NO SIGNIFICANT WEATHER WAS OBSERVED.


RELATIVE HUMIDITY (PERCENT)
 HIGHEST    68           400 AM
 LOWEST     27           200 PM
 AVERAGE    48

..........................................................


THE GRAND RAPIDS MI CLIMATE NORMALS FOR TODAY
                         NORMAL    RECORD    YEAR
 MAXIMUM TEMPERATURE (F)   72        91      1977
 MINIMUM TEMPERATURE (F)   51        31      1992


SUNRISE AND SUNSET
MAY 25 2016...........SUNRISE   610 AM EDT   SUNSET   909 PM EDT
MAY 26 2016...........SUNRISE   609 AM EDT   SUNSET   910 PM EDT


-  INDICATES NEGATIVE NUMBERS.
R  INDICATES RECORD WAS SET OR TIED.
MM INDICATES DATA IS MISSING.
T  INDICATES TRACE AMOUNT.




$$
