000
CDUS43 KGRR 250528
CLIGRR


CLIMATE REPORT
NATIONAL WEATHER SERVICE GRAND RAPIDS, MI
127 AM EDT TUE JUL 25 2017


...................................

...THE GRAND RAPIDS MI CLIMATE SUMMARY FOR JULY 24 2017...

CLIMATE NORMAL PERIOD 1981 TO 2010
CLIMATE RECORD PERIOD 1892 TO 2017


WEATHER ITEM   OBSERVED TIME   RECORD YEAR NORMAL DEPARTURE LAST
                VALUE   (LST)  VALUE       VALUE  FROM      YEAR
                                                  NORMAL
..................................................................
TEMPERATURE (F)
 YESTERDAY
  MAXIMUM         79    438 PM 103    1934  83     -4       88
  MINIMUM         60   1155 PM  47    1953  63     -3       69
  AVERAGE         70                        72     -2       79

PRECIPITATION (IN)
  YESTERDAY        0.00          1.53 2016   0.12  -0.12     1.53
  MONTH TO DATE    1.12                      2.93  -1.81     4.02
  SINCE JUN 1      6.00                      6.70  -0.70     5.17
  SINCE JAN 1     22.60                     20.28   2.32    21.97

SNOWFALL (IN)
  YESTERDAY        0.0           0.0  2006   0.0    0.0      0.0
                                      2005
                                      2004
  MONTH TO DATE    0.0                       0.0    0.0      0.0
  SINCE JUN 1      0.0                       0.0    0.0      0.0
  SINCE JUL 1      0.0                       0.0    0.0      0.0
  SNOW DEPTH       0

DEGREE DAYS
 HEATING
  YESTERDAY        0                         0      0        0
  MONTH TO DATE    0                         0      0        0
  SINCE JUN 1     22                        45    -23       21
  SINCE JUL 1      0                         0      0        0

 COOLING
  YESTERDAY        5                         8     -3       14
  MONTH TO DATE  194                       189      5      237
  SINCE JUN 1    356                       334     22      427
  SINCE JAN 1    386                       381      5      498
..................................................................


WIND (MPH)
  RESULTANT WIND SPEED   6   RESULTANT WIND DIRECTION  NE (30)
  HIGHEST WIND SPEED    20   HIGHEST WIND DIRECTION    NE (30)
  HIGHEST GUST SPEED    25   HIGHEST GUST DIRECTION     E (100)
  AVERAGE WIND SPEED     6.6


SKY COVER
  POSSIBLE SUNSHINE  69 PERCENT
  AVERAGE SKY COVER 0.5


WEATHER CONDITIONS
 THE FOLLOWING WEATHER WAS RECORDED YESTERDAY.
  NO SIGNIFICANT WEATHER WAS OBSERVED.


RELATIVE HUMIDITY (PERCENT)
 HIGHEST   100           500 AM
 LOWEST     43           600 PM
 AVERAGE    72

..........................................................


THE GRAND RAPIDS MI CLIMATE NORMALS FOR TODAY
                         NORMAL    RECORD    YEAR
 MAXIMUM TEMPERATURE (F)   83       100      1934
 MINIMUM TEMPERATURE (F)   63        48      1920


SUNRISE AND SUNSET
JULY 25 2017..........SUNRISE   626 AM EDT   SUNSET   910 PM EDT
JULY 26 2017..........SUNRISE   627 AM EDT   SUNSET   909 PM EDT


-  INDICATES NEGATIVE NUMBERS.
R  INDICATES RECORD WAS SET OR TIED.
MM INDICATES DATA IS MISSING.
T  INDICATES TRACE AMOUNT.




$$
