000
CDUS43 KGRR 230513
CLIGRR


CLIMATE REPORT
NATIONAL WEATHER SERVICE GRAND RAPIDS, MI
112 AM EDT WED APR 23 2014


...................................

...THE GRAND RAPIDS MI CLIMATE SUMMARY FOR APRIL 22 2014...

CLIMATE NORMAL PERIOD 1981 TO 2010
CLIMATE RECORD PERIOD 1892 TO 2014


WEATHER ITEM   OBSERVED TIME   RECORD YEAR NORMAL DEPARTURE LAST
                VALUE   (LST)  VALUE       VALUE  FROM      YEAR
                                                  NORMAL
..................................................................
TEMPERATURE (F)
 YESTERDAY
  MAXIMUM         56    220 AM  86    1980  61     -5       65
  MINIMUM         37   1159 PM  24    1986  40     -3       33
                                      1950
  AVERAGE         47                        51     -4       49

PRECIPITATION (IN)
  YESTERDAY        0.00          1.72 1999   0.11  -0.11     0.00
  MONTH TO DATE    1.81                      2.45  -0.64     9.84
  SINCE MAR 1      3.35                      4.82  -1.47    10.78
  SINCE JAN 1      9.15                      8.70   0.45    17.84

SNOWFALL (IN)
  YESTERDAY        0.0           0.1  2002   0.0    0.0      0.0
                                      1984
  MONTH TO DATE    1.8                       1.7    0.1      0.5
  SINCE MAR 1      8.2                      10.0   -1.8      8.2
  SINCE JUL 1    116.0                      74.8   41.2     65.8
  SNOW DEPTH       0

DEGREE DAYS
 HEATING
  YESTERDAY       18                        15      3       16
  MONTH TO DATE  404                       413     -9      515
  SINCE MAR 1   1587                      1323    264     1543
  SINCE JUL 1   6868                      6100    768     6028

 COOLING
  YESTERDAY        0                         0      0        0
  MONTH TO DATE    2                         0      2        0
  SINCE MAR 1      2                         1      1        0
  SINCE JAN 1      2                         1      1        0
..................................................................


WIND (MPH)
  RESULTANT WIND SPEED  14   RESULTANT WIND DIRECTION  NW (320)
  HIGHEST WIND SPEED    25   HIGHEST WIND DIRECTION    NW (320)
  HIGHEST GUST SPEED    31   HIGHEST GUST DIRECTION    NW (320)
  AVERAGE WIND SPEED    15.4


SKY COVER
  POSSIBLE SUNSHINE  75 PERCENT
  AVERAGE SKY COVER 0.7


WEATHER CONDITIONS
 THE FOLLOWING WEATHER WAS RECORDED YESTERDAY.
  FOG
  HAZE


RELATIVE HUMIDITY (PERCENT)
 HIGHEST    93          1200 AM
 LOWEST     49           500 PM
 AVERAGE    71

..........................................................


THE GRAND RAPIDS MI CLIMATE NORMALS FOR TODAY
                         NORMAL    RECORD    YEAR
 MAXIMUM TEMPERATURE (F)   62        84      1925
                                             1915
 MINIMUM TEMPERATURE (F)   40        20      1986


SUNRISE AND SUNSET
APRIL 23 2014.........SUNRISE   648 AM EDT   SUNSET   834 PM EDT
APRIL 24 2014.........SUNRISE   646 AM EDT   SUNSET   835 PM EDT


-  INDICATES NEGATIVE NUMBERS.
R  INDICATES RECORD WAS SET OR TIED.
MM INDICATES DATA IS MISSING.
T  INDICATES TRACE AMOUNT.




$$
