000
CDUS43 KGRR 240512
CLIGRR


CLIMATE REPORT
NATIONAL WEATHER SERVICE GRAND RAPIDS, MI
1212 AM EST SAT JAN 24 2015


...................................

...THE GRAND RAPIDS MI CLIMATE SUMMARY FOR JANUARY 23 2015...

CLIMATE NORMAL PERIOD 1981 TO 2010
CLIMATE RECORD PERIOD 1892 TO 2015


WEATHER ITEM   OBSERVED TIME   RECORD YEAR NORMAL DEPARTURE LAST
                VALUE   (LST)  VALUE       VALUE  FROM      YEAR
                                                  NORMAL
..................................................................
TEMPERATURE (F)
 YESTERDAY
  MAXIMUM         32    410 PM  56    1909  31      1       18
  MINIMUM         26   1228 AM -19    1948  18      8        7
  AVERAGE         29                        24      5       13

PRECIPITATION (IN)
  YESTERDAY        0.00          0.81 2012   0.06  -0.06     0.02
  MONTH TO DATE    1.79                      1.63   0.16     2.36
  SINCE DEC 1      3.36                      4.13  -0.77     5.06
  SINCE JAN 1      1.79                      1.63   0.16     2.36

SNOWFALL (IN)
  YESTERDAY        0.0           8.0  1894   0.6   -0.6      0.5
  MONTH TO DATE   22.7                      15.8    6.9     21.4
  SINCE DEC 1     23.7                      37.7  -14.0     56.1
  SINCE JUL 1     54.7                      45.0    9.7     58.3
  SNOW DEPTH       4

DEGREE DAYS
 HEATING
  YESTERDAY       36                        41     -5       52
  MONTH TO DATE 1021                       934     87     1041
  SINCE DEC 1   2040                      2045     -5     2239
  SINCE JUL 1   3536                      3383    153     3561

 COOLING
  YESTERDAY        0                         0      0        0
  MONTH TO DATE    0                         0      0        0
  SINCE DEC 1      0                         0      0        0
  SINCE JAN 1      0                         0      0        0
..................................................................


WIND (MPH)
  RESULTANT WIND SPEED  14   RESULTANT WIND DIRECTION  SW (230)
  HIGHEST WIND SPEED    22   HIGHEST WIND DIRECTION    SW (230)
  HIGHEST GUST SPEED    28   HIGHEST GUST DIRECTION    SW (220)
  AVERAGE WIND SPEED    14.0


SKY COVER
  POSSIBLE SUNSHINE   0 PERCENT
  AVERAGE SKY COVER 1.0


WEATHER CONDITIONS
 THE FOLLOWING WEATHER WAS RECORDED YESTERDAY.
  HAZE


RELATIVE HUMIDITY (PERCENT)
 HIGHEST    78           400 AM
 LOWEST     72           700 AM
 AVERAGE    75

..........................................................


THE GRAND RAPIDS MI CLIMATE NORMALS FOR TODAY
                         NORMAL    RECORD    YEAR
 MAXIMUM TEMPERATURE (F)   31        62      1967
 MINIMUM TEMPERATURE (F)   18       -19      1948


SUNRISE AND SUNSET
JANUARY 24 2015.......SUNRISE   804 AM EST   SUNSET   544 PM EST
JANUARY 25 2015.......SUNRISE   804 AM EST   SUNSET   545 PM EST


-  INDICATES NEGATIVE NUMBERS.
R  INDICATES RECORD WAS SET OR TIED.
MM INDICATES DATA IS MISSING.
T  INDICATES TRACE AMOUNT.




$$
