000
CDUS43 KGRR 250518
CLIGRR


CLIMATE REPORT
NATIONAL WEATHER SERVICE GRAND RAPIDS, MI
118 AM EDT THU JUN 25 2015


...................................

...THE GRAND RAPIDS MI CLIMATE SUMMARY FOR JUNE 24 2015...

CLIMATE NORMAL PERIOD 1981 TO 2010
CLIMATE RECORD PERIOD 1892 TO 2015


WEATHER ITEM   OBSERVED TIME   RECORD YEAR NORMAL DEPARTURE LAST
                VALUE   (LST)  VALUE       VALUE  FROM      YEAR
                                                  NORMAL
..................................................................
TEMPERATURE (F)
 YESTERDAY
  MAXIMUM         80    332 PM  96    2009  81     -1       82
                                      1901
  MINIMUM         53    537 AM  41    1961  60     -7       69
  AVERAGE         67                        71     -4       76

PRECIPITATION (IN)
  YESTERDAY        0.00          2.88 1994   0.13  -0.13     0.30
  MONTH TO DATE    3.60                      3.04   0.56     4.57
  SINCE JUN 1      3.60                      3.04   0.56     4.57
  SINCE JAN 1     15.23                     16.62  -1.39    17.84

SNOWFALL (IN)
  YESTERDAY        0.0           0.0  2007   0.0    0.0      0.0
                                      2006
                                      2005
  MONTH TO DATE    0.0                       0.0    0.0      0.0
  SINCE JUN 1      0.0                       0.0    0.0      0.0
  SINCE JUL 1     78.1                      74.9    3.2    116.0
  SNOW DEPTH       0

DEGREE DAYS
 HEATING
  YESTERDAY        0                         1     -1        0
  MONTH TO DATE   30                        43    -13       13
  SINCE JUN 1     30                        43    -13       13
  SINCE JUL 1   7019                      6483    536     7213

 COOLING
  YESTERDAY        2                         6     -4       11
  MONTH TO DATE   75                       105    -30      117
  SINCE JUN 1     75                       105    -30      117
  SINCE JAN 1    127                       152    -25      170
..................................................................


WIND (MPH)
  RESULTANT WIND SPEED   5   RESULTANT WIND DIRECTION  SW (240)
  HIGHEST WIND SPEED    15   HIGHEST WIND DIRECTION    SW (240)
  HIGHEST GUST SPEED    19   HIGHEST GUST DIRECTION    SW (230)
  AVERAGE WIND SPEED     5.6


SKY COVER
  POSSIBLE SUNSHINE  78 PERCENT
  AVERAGE SKY COVER 0.6


WEATHER CONDITIONS
 THE FOLLOWING WEATHER WAS RECORDED YESTERDAY.
  NO SIGNIFICANT WEATHER WAS OBSERVED.


RELATIVE HUMIDITY (PERCENT)
 HIGHEST    93           400 AM
 LOWEST     39           300 PM
 AVERAGE    66

..........................................................


THE GRAND RAPIDS MI CLIMATE NORMALS FOR TODAY
                         NORMAL    RECORD    YEAR
 MAXIMUM TEMPERATURE (F)   82        97      1988
 MINIMUM TEMPERATURE (F)   60        41      1986


SUNRISE AND SUNSET
JUNE 25 2015..........SUNRISE   604 AM EDT   SUNSET   925 PM EDT
JUNE 26 2015..........SUNRISE   605 AM EDT   SUNSET   925 PM EDT


-  INDICATES NEGATIVE NUMBERS.
R  INDICATES RECORD WAS SET OR TIED.
MM INDICATES DATA IS MISSING.
T  INDICATES TRACE AMOUNT.




$$
