000
CDUS43 KGRR 192139
CLIGRR


CLIMATE REPORT
NATIONAL WEATHER SERVICE GRAND RAPIDS, MI
537 PM EDT FRI AUG 19 2016


...................................

...THE GRAND RAPIDS MI CLIMATE SUMMARY FOR AUGUST 19 2016...
VALID TODAY AS OF 0500 PM LOCAL TIME.

CLIMATE NORMAL PERIOD 1981 TO 2010
CLIMATE RECORD PERIOD 1892 TO 2016


WEATHER ITEM   OBSERVED TIME   RECORD YEAR NORMAL DEPARTURE LAST
                VALUE   (LST)  VALUE       VALUE  FROM      YEAR
                                                  NORMAL
..................................................................
TEMPERATURE (F)
 TODAY
  MAXIMUM         82   1216 PM  98    1955  81      1       83
  MINIMUM         67    558 AM  43    1977  61      6       66
  AVERAGE         75                        71      4       75

PRECIPITATION (IN)
  TODAY            T             4.22 1939   0.11  -0.11     0.24
  MONTH TO DATE    5.89                      2.21   3.68     2.76
  SINCE JUN 1     12.66                      9.76   2.90     9.02
  SINCE JAN 1     29.46                     23.34   6.12    20.65

SNOWFALL (IN)
  TODAY            0.0           0.0    MM   0.0    0.0      0.0
  MONTH TO DATE    0.0                       0.0    0.0      0.0
  SINCE JUN 1      0.0                       0.0    0.0      0.0
  SINCE JUL 1      0.0                       0.0    0.0      0.0
  SNOW DEPTH       0

DEGREE DAYS
 HEATING
  TODAY            0                         0      0        0
  MONTH TO DATE    0                         0      0        0
  SINCE JUN 1     21                        51    -30       43
  SINCE JUL 1      0                         6     -6       13

 COOLING
  TODAY           10                         6      4       10
  MONTH TO DATE  194                       129     65      146
  SINCE JUN 1    680                       513    167      433
  SINCE JAN 1    751                       560    191      485
..................................................................


WIND (MPH)
  RESULTANT WIND SPEED   7   RESULTANT WIND DIRECTION  SW (220)
  HIGHEST WIND SPEED    23   HIGHEST WIND DIRECTION     W (260)
  HIGHEST GUST SPEED    27   HIGHEST GUST DIRECTION     W (270)
  AVERAGE WIND SPEED     8.1


SKY COVER
  AVERAGE SKY COVER 0.5


WEATHER CONDITIONS
 THE FOLLOWING WEATHER WAS RECORDED TODAY.
  LIGHT RAIN
  FOG


RELATIVE HUMIDITY (PERCENT)
 HIGHEST    93           600 AM
 LOWEST     58          1200 PM
 AVERAGE    76

..........................................................


THE GRAND RAPIDS MI CLIMATE NORMALS FOR TOMORROW
                         NORMAL    RECORD    YEAR
 MAXIMUM TEMPERATURE (F)   80        97      1947
 MINIMUM TEMPERATURE (F)   61        43      1992


SUNRISE AND SUNSET
AUGUST 19 2016........SUNRISE   653 AM EDT   SUNSET   837 PM EDT
AUGUST 20 2016........SUNRISE   654 AM EDT   SUNSET   836 PM EDT


-  INDICATES NEGATIVE NUMBERS.
R  INDICATES RECORD WAS SET OR TIED.
MM INDICATES DATA IS MISSING.
T  INDICATES TRACE AMOUNT.




$$

63
