000
CDUS43 KGRR 140558
CLIGRR


CLIMATE REPORT
NATIONAL WEATHER SERVICE GRAND RAPIDS, MI
1257 AM EST WED FEB 14 2018


...................................

...THE GRAND RAPIDS MI CLIMATE SUMMARY FOR FEBRUARY 13 2018...

CLIMATE NORMAL PERIOD 1981 TO 2010
CLIMATE RECORD PERIOD 1892 TO 2018


WEATHER ITEM   OBSERVED TIME   RECORD YEAR NORMAL DEPARTURE LAST
                VALUE   (LST)  VALUE       VALUE  FROM      YEAR
                                                  NORMAL
..................................................................
TEMPERATURE (F)
 YESTERDAY
  MAXIMUM         30    532 PM  58    1938  33     -3       42
  MINIMUM          7    353 AM -24    1899  20    -13       27
  AVERAGE         19                        26     -7       35

PRECIPITATION (IN)
  YESTERDAY        0.00          0.68 1938   0.06  -0.06     0.00
  MONTH TO DATE    1.40                      0.76   0.64     0.63
  SINCE DEC 1      5.48                      5.35   0.13     7.10
  SINCE JAN 1      3.52                      2.85   0.67     4.14

SNOWFALL (IN)
  YESTERDAY        0.0           5.0  1900   0.6   -0.6      0.0
  MONTH TO DATE   20.4                       7.4   13.0      1.9
  SINCE DEC 1     65.9                      50.1   15.8     53.7
  SINCE JUL 1     66.5                      57.4    9.1     54.5
  SNOW DEPTH       9

DEGREE DAYS
 HEATING
  YESTERDAY       46                        39      7       30
  MONTH TO DATE  595                       515     80      487
  SINCE DEC 1   3082                      2884    198     2751
  SINCE JUL 1   4273                      4222     51     3699

 COOLING
  YESTERDAY        0                         0      0        0
  MONTH TO DATE    0                         0      0        0
  SINCE DEC 1      0                         0      0        0
  SINCE JAN 1      0                         0      0        0
..................................................................


WIND (MPH)
  RESULTANT WIND SPEED   4   RESULTANT WIND DIRECTION  SE (130)
  HIGHEST WIND SPEED    13   HIGHEST WIND DIRECTION     S (190)
  HIGHEST GUST SPEED    15   HIGHEST GUST DIRECTION    SE (150)
  AVERAGE WIND SPEED     4.9


SKY COVER
  POSSIBLE SUNSHINE  13 PERCENT
  AVERAGE SKY COVER 0.6


WEATHER CONDITIONS
 THE FOLLOWING WEATHER WAS RECORDED YESTERDAY.
  NO SIGNIFICANT WEATHER WAS OBSERVED.


RELATIVE HUMIDITY (PERCENT)
 HIGHEST    88           400 AM
 LOWEST     49           400 PM
 AVERAGE    69

..........................................................


THE GRAND RAPIDS MI CLIMATE NORMALS FOR TODAY
                         NORMAL    RECORD    YEAR
 MAXIMUM TEMPERATURE (F)   33        53      1918
 MINIMUM TEMPERATURE (F)   20       -24      1899


SUNRISE AND SUNSET
FEBRUARY 14 2018......SUNRISE   741 AM EST   SUNSET   612 PM EST
FEBRUARY 15 2018......SUNRISE   739 AM EST   SUNSET   614 PM EST


-  INDICATES NEGATIVE NUMBERS.
R  INDICATES RECORD WAS SET OR TIED.
MM INDICATES DATA IS MISSING.
T  INDICATES TRACE AMOUNT.




$$
