000
CDUS43 KGRR 280519
CLIGRR


CLIMATE REPORT
NATIONAL WEATHER SERVICE GRAND RAPIDS, MI
119 AM EDT SAT MAY 28 2016


...................................

...THE GRAND RAPIDS MI CLIMATE SUMMARY FOR MAY 27 2016...

CLIMATE NORMAL PERIOD 1981 TO 2010
CLIMATE RECORD PERIOD 1892 TO 2016


WEATHER ITEM   OBSERVED TIME   RECORD YEAR NORMAL DEPARTURE LAST
                VALUE   (LST)  VALUE       VALUE  FROM      YEAR
                                                  NORMAL
..................................................................
TEMPERATURE (F)
 YESTERDAY
  MAXIMUM         85    328 PM  92    1911  73     12       74
  MINIMUM         63    443 AM  30    1961  51     12       56
  AVERAGE         74                        62     12       65

PRECIPITATION (IN)
  YESTERDAY        0.12          1.12 1982   0.12   0.00     0.00
  MONTH TO DATE    3.22                      3.47  -0.25     2.57
  SINCE MAR 1     12.08                      9.19   2.89     7.69
  SINCE JAN 1     17.01                     13.07   3.94    10.73

SNOWFALL (IN)
  YESTERDAY        0.0           T    1907   0.0    0.0      0.0
  MONTH TO DATE    T                         0.0    0.0      0.0
  SINCE MAR 1     19.5                      10.1    9.4      3.3
  SINCE JUL 1     61.1                      74.9  -13.8     78.1
  SNOW DEPTH       0

DEGREE DAYS
 HEATING
  YESTERDAY        0                         5     -5        0
  MONTH TO DATE  206                       218    -12      153
  SINCE MAR 1   1519                      1646   -127     1668
  SINCE JUL 1   5596                      6423   -827     6970

 COOLING
  YESTERDAY        9                         2      7        0
  MONTH TO DATE   37                        29      8       42
  SINCE MAR 1     37                        37      0       42
  SINCE JAN 1     37                        37      0       42
..................................................................


WIND (MPH)
  RESULTANT WIND SPEED   5   RESULTANT WIND DIRECTION   S (160)
  HIGHEST WIND SPEED    22   HIGHEST WIND DIRECTION     S (180)
  HIGHEST GUST SPEED    30   HIGHEST GUST DIRECTION     S (170)
  AVERAGE WIND SPEED     7.4


SKY COVER
  POSSIBLE SUNSHINE  70 PERCENT
  AVERAGE SKY COVER 0.6


WEATHER CONDITIONS
 THE FOLLOWING WEATHER WAS RECORDED YESTERDAY.
  LIGHT RAIN
  FOG


RELATIVE HUMIDITY (PERCENT)
 HIGHEST    93           500 AM
 LOWEST     51          1200 PM
 AVERAGE    72

..........................................................


THE GRAND RAPIDS MI CLIMATE NORMALS FOR TODAY
                         NORMAL    RECORD    YEAR
 MAXIMUM TEMPERATURE (F)   73        92      1978
                                             1977
 MINIMUM TEMPERATURE (F)   52        33      1949
                                             1894


SUNRISE AND SUNSET
MAY 28 2016...........SUNRISE   608 AM EDT   SUNSET   911 PM EDT
MAY 29 2016...........SUNRISE   607 AM EDT   SUNSET   912 PM EDT


-  INDICATES NEGATIVE NUMBERS.
R  INDICATES RECORD WAS SET OR TIED.
MM INDICATES DATA IS MISSING.
T  INDICATES TRACE AMOUNT.




$$
