000
CDUS43 KGRR 270534
CLIGRR


CLIMATE REPORT
NATIONAL WEATHER SERVICE GRAND RAPIDS, MI
132 AM EDT SAT SEP 27 2014


...................................

...THE GRAND RAPIDS MI CLIMATE SUMMARY FOR SEPTEMBER 26 2014...

CLIMATE NORMAL PERIOD 1981 TO 2010
CLIMATE RECORD PERIOD 1892 TO 2014


WEATHER ITEM   OBSERVED TIME   RECORD YEAR NORMAL DEPARTURE LAST
                VALUE   (LST)  VALUE       VALUE  FROM      YEAR
                                                  NORMAL
..................................................................
TEMPERATURE (F)
 YESTERDAY
  MAXIMUM         77    420 PM  89    1998  69      8       76
  MINIMUM         49    643 AM  30    1947  49      0       44
  AVERAGE         63                        59      4       60

PRECIPITATION (IN)
  YESTERDAY        0.00          2.27 1915   0.14  -0.14     0.00
  MONTH TO DATE    3.08                      3.74  -0.66     1.00
  SINCE SEP 1      3.08                      3.74  -0.66     1.00
  SINCE JAN 1     29.60                     28.46   1.14    33.32

SNOWFALL (IN)
  YESTERDAY        0.0           T    1965   0.0    0.0      0.0
                                      1953
  MONTH TO DATE    0.0                       0.0    0.0      0.0
  SINCE SEP 1      0.0                       0.0    0.0      0.0
  SINCE JUL 1      0.0                       0.0    0.0      0.0
  SNOW DEPTH      MM

DEGREE DAYS
 HEATING
  YESTERDAY        2                         7     -5        5
  MONTH TO DATE  119                        98     21      105
  SINCE SEP 1    119                        98     21      105
  SINCE JUL 1    138                       118     20      131

 COOLING
  YESTERDAY        0                         1     -1        0
  MONTH TO DATE   50                        63    -13       82
  SINCE SEP 1     50                        63    -13       82
  SINCE JAN 1    610                       688    -78      752
..................................................................


WIND (MPH)
  RESULTANT WIND SPEED   3   RESULTANT WIND DIRECTION   E (90)
  HIGHEST WIND SPEED    10   HIGHEST WIND DIRECTION    SE (120)
  HIGHEST GUST SPEED    13   HIGHEST GUST DIRECTION     E (100)
  AVERAGE WIND SPEED     4.0


SKY COVER
  POSSIBLE SUNSHINE  97 PERCENT
  AVERAGE SKY COVER 0.1


WEATHER CONDITIONS
 THE FOLLOWING WEATHER WAS RECORDED YESTERDAY.
  FOG


RELATIVE HUMIDITY (PERCENT)
 HIGHEST    96           400 AM
 LOWEST     43           300 PM
 AVERAGE    70

..........................................................


THE GRAND RAPIDS MI CLIMATE NORMALS FOR TODAY
                         NORMAL    RECORD    YEAR
 MAXIMUM TEMPERATURE (F)   68        86      1946
 MINIMUM TEMPERATURE (F)   48        29      1989


SUNRISE AND SUNSET
SEPTEMBER 27 2014.....SUNRISE   735 AM EDT   SUNSET   730 PM EDT
SEPTEMBER 28 2014.....SUNRISE   736 AM EDT   SUNSET   729 PM EDT


-  INDICATES NEGATIVE NUMBERS.
R  INDICATES RECORD WAS SET OR TIED.
MM INDICATES DATA IS MISSING.
T  INDICATES TRACE AMOUNT.




$$
