000
CDUS43 KGRR 190513
CLIGRR


CLIMATE REPORT
NATIONAL WEATHER SERVICE GRAND RAPIDS, MI
113 AM EDT SUN OCT 19 2014


...................................

...THE GRAND RAPIDS MI CLIMATE SUMMARY FOR OCTOBER 18 2014...

CLIMATE NORMAL PERIOD 1981 TO 2010
CLIMATE RECORD PERIOD 1892 TO 2014


WEATHER ITEM   OBSERVED TIME   RECORD YEAR NORMAL DEPARTURE LAST
                VALUE   (LST)  VALUE       VALUE  FROM      YEAR
                                                  NORMAL
..................................................................
TEMPERATURE (F)
 YESTERDAY
  MAXIMUM         50    209 PM  82    1950  60    -10       61
                                      1938
                                      1910
  MINIMUM         36   1128 PM  19    1976  41     -5       40
  AVERAGE         43                        50     -7       51

PRECIPITATION (IN)
  YESTERDAY        0.03          1.32 1923   0.10  -0.07      T
  MONTH TO DATE    4.31                      1.90   2.41     3.17
  SINCE SEP 1      7.41                      6.18   1.23     4.42
  SINCE JAN 1     33.93                     30.90   3.03    36.74

SNOWFALL (IN)
  YESTERDAY        0.0           0.9  1972   0.0    0.0      0.0
  MONTH TO DATE    0.0                       0.1   -0.1      0.0
  SINCE SEP 1      0.0                       0.1   -0.1      0.0
  SINCE JUL 1      0.0                       0.1   -0.1      0.0
  SNOW DEPTH       0

DEGREE DAYS
 HEATING
  YESTERDAY       22                        15      7       14
  MONTH TO DATE  209                       218     -9      124
  SINCE SEP 1    340                       350    -10      236
  SINCE JUL 1    359                       370    -11      262

 COOLING
  YESTERDAY        0                         0      0        0
  MONTH TO DATE    0                         4     -4       14
  SINCE SEP 1     51                        71    -20       97
  SINCE JAN 1    611                       696    -85      767
..................................................................


WIND (MPH)
  RESULTANT WIND SPEED  11   RESULTANT WIND DIRECTION  NW (320)
  HIGHEST WIND SPEED    20   HIGHEST WIND DIRECTION     N (350)
  HIGHEST GUST SPEED    27   HIGHEST GUST DIRECTION    NW (330)
  AVERAGE WIND SPEED    11.0


SKY COVER
  POSSIBLE SUNSHINE   7 PERCENT
  AVERAGE SKY COVER 0.7


WEATHER CONDITIONS
 THE FOLLOWING WEATHER WAS RECORDED YESTERDAY.
  LIGHT RAIN
  FOG
  HAZE


RELATIVE HUMIDITY (PERCENT)
 HIGHEST   100           700 AM
 LOWEST     70           600 PM
 AVERAGE    85

..........................................................


THE GRAND RAPIDS MI CLIMATE NORMALS FOR TODAY
                         NORMAL    RECORD    YEAR
 MAXIMUM TEMPERATURE (F)   59        80      1920
                                             1910
 MINIMUM TEMPERATURE (F)   41        19      1974


SUNRISE AND SUNSET
OCTOBER 19 2014.......SUNRISE   800 AM EDT   SUNSET   653 PM EDT
OCTOBER 20 2014.......SUNRISE   801 AM EDT   SUNSET   652 PM EDT


-  INDICATES NEGATIVE NUMBERS.
R  INDICATES RECORD WAS SET OR TIED.
MM INDICATES DATA IS MISSING.
T  INDICATES TRACE AMOUNT.




$$
