000
CDUS43 KGRR 300524
CLIGRR


CLIMATE REPORT
NATIONAL WEATHER SERVICE GRAND RAPIDS, MI
1224 AM EST WED NOV 30 2016


...................................

...THE GRAND RAPIDS MI CLIMATE SUMMARY FOR NOVEMBER 29 2016...

CLIMATE NORMAL PERIOD 1981 TO 2010
CLIMATE RECORD PERIOD 1892 TO 2016


WEATHER ITEM   OBSERVED TIME   RECORD YEAR NORMAL DEPARTURE LAST
                VALUE   (LST)  VALUE       VALUE  FROM      YEAR
                                                  NORMAL
..................................................................
TEMPERATURE (F)
 YESTERDAY
  MAXIMUM         57    410 PM  65    1998  41     16       41
  MINIMUM         46    911 AM   6    1929  29     17       19
  AVERAGE         52                        35     17       30

PRECIPITATION (IN)
  YESTERDAY        0.16          1.13 1919   0.11   0.05     0.00
  MONTH TO DATE    3.23                      3.41  -0.18     2.61
  SINCE SEP 1     11.78                     10.95   0.83     8.14
  SINCE JAN 1     43.32                     35.67   7.65    29.78

SNOWFALL (IN)
  YESTERDAY        0.0           4.5  1960   0.4   -0.4      0.0
  MONTH TO DATE    0.8                       6.4   -5.6      3.5
  SINCE SEP 1      0.8                       6.9   -6.1      3.5
  SINCE JUL 1      0.8                       6.9   -6.1      3.5
  SNOW DEPTH       0

DEGREE DAYS
 HEATING
  YESTERDAY       13                        30    -17       35
  MONTH TO DATE  559                       714   -155      546
  SINCE SEP 1    927                      1286   -359      998
  SINCE JUL 1    927                      1306   -379     1027

 COOLING
  YESTERDAY        0                         0      0        0
  MONTH TO DATE    0                         0      0        0
  SINCE SEP 1    105                        74     31      135
  SINCE JAN 1    936                       699    237      642
..................................................................


WIND (MPH)
  RESULTANT WIND SPEED  13   RESULTANT WIND DIRECTION   S (200)
  HIGHEST WIND SPEED    30   HIGHEST WIND DIRECTION     S (170)
  HIGHEST GUST SPEED    39   HIGHEST GUST DIRECTION    SE (150)
  AVERAGE WIND SPEED    14.2


SKY COVER
  POSSIBLE SUNSHINE  75 PERCENT
  AVERAGE SKY COVER 0.6


WEATHER CONDITIONS
 THE FOLLOWING WEATHER WAS RECORDED YESTERDAY.
  HEAVY RAIN
  RAIN
  LIGHT RAIN
  FOG


RELATIVE HUMIDITY (PERCENT)
 HIGHEST    86           100 AM
 LOWEST     47           300 PM
 AVERAGE    67

..........................................................


THE GRAND RAPIDS MI CLIMATE NORMALS FOR TODAY
                         NORMAL    RECORD    YEAR
 MAXIMUM TEMPERATURE (F)   40        64      1998
 MINIMUM TEMPERATURE (F)   28         6      1958


SUNRISE AND SUNSET
NOVEMBER 30 2016......SUNRISE   753 AM EST   SUNSET   509 PM EST
DECEMBER  1 2016......SUNRISE   754 AM EST   SUNSET   509 PM EST


-  INDICATES NEGATIVE NUMBERS.
R  INDICATES RECORD WAS SET OR TIED.
MM INDICATES DATA IS MISSING.
T  INDICATES TRACE AMOUNT.




$$
